026
CDUS43 KSGF 040627
CLISGF


CLIMATE REPORT
NATIONAL WEATHER SERVICE SPRINGFIELD MO
1227 AM CST THU FEB 4 2016


...................................

...THE SPRINGFIELD MO CLIMATE SUMMARY FOR FEBRUARY 3 2016...

CLIMATE NORMAL PERIOD 1981 TO 2010
CLIMATE RECORD PERIOD 1888 TO 2016


WEATHER ITEM   OBSERVED TIME   RECORD YEAR NORMAL DEPARTURE LAST
                VALUE   (LST)  VALUE       VALUE  FROM      YEAR
                                                  NORMAL
..................................................................
TEMPERATURE (F)
 YESTERDAY
  MAXIMUM         37    333 PM  76    1962  45     -8       53
  MINIMUM         26   1159 PM  -9    2011  23      3       20
  AVERAGE         32                        34     -2       37

PRECIPITATION (IN)
  YESTERDAY        T             0.95 2012   0.08  -0.08     0.00
  MONTH TO DATE    0.05                      0.23  -0.18     0.35
  SINCE DEC 1     12.40                      5.74   6.66     2.93
  SINCE JAN 1      0.97                      2.70  -1.73     1.16

SNOWFALL (IN)
  YESTERDAY        T
  MONTH TO DATE    T
  SINCE DEC 1      3.0
  SINCE JUL 1      3.0
  SNOW DEPTH       0

DEGREE DAYS
 HEATING
  YESTERDAY       33                        31      2       28
  MONTH TO DATE   68                        93    -25      105
  SINCE DEC 1   1662                      2027   -365     1863
  SINCE JUL 1   2307                      2906   -599     2813

 COOLING
  YESTERDAY        0                         0      0        0
  MONTH TO DATE    0                         0      0        0
  SINCE DEC 1      0                         0      0        0
  SINCE JAN 1      0                         0      0        0
..................................................................


WIND (MPH)
  HIGHEST WIND SPEED    30   HIGHEST WIND DIRECTION     W (260)
  HIGHEST GUST SPEED    39   HIGHEST GUST DIRECTION     W (270)
  AVERAGE WIND SPEED    14.4


SKY COVER
  AVERAGE SKY COVER 0.9


WEATHER CONDITIONS
 THE FOLLOWING WEATHER WAS RECORDED YESTERDAY.
  LIGHT SNOW


RELATIVE HUMIDITY (PERCENT)
 HIGHEST    75          1100 PM
 LOWEST     52           100 PM
 AVERAGE    64

..........................................................


THE SPRINGFIELD MO CLIMATE NORMALS FOR TODAY
                         NORMAL    RECORD    YEAR
 MAXIMUM TEMPERATURE (F)   45        76      2008
                                             1890
 MINIMUM TEMPERATURE (F)   23        -8      1996


SUNRISE AND SUNSET
FEBRUARY  4 2016......SUNRISE   714 AM CST   SUNSET   541 PM CST
FEBRUARY  5 2016......SUNRISE   713 AM CST   SUNSET   542 PM CST


-  INDICATES NEGATIVE NUMBERS.
R  INDICATES RECORD WAS SET OR TIED.
MM INDICATES DATA IS MISSING.
T  INDICATES TRACE AMOUNT.




$$
