000
CDUS43 KSGF 280707
CLISGF


CLIMATE REPORT
NATIONAL WEATHER SERVICE SPRINGFIELD MO
206 AM CDT FRI AUG 28 2015


...................................

...THE SPRINGFIELD MO CLIMATE SUMMARY FOR AUGUST 27 2015...

CLIMATE NORMAL PERIOD 1981 TO 2010
CLIMATE RECORD PERIOD 1888 TO 2015


WEATHER ITEM   OBSERVED TIME   RECORD YEAR NORMAL DEPARTURE LAST
                VALUE   (LST)  VALUE       VALUE  FROM      YEAR
                                                  NORMAL
..................................................................
TEMPERATURE (F)
 YESTERDAY
  MAXIMUM         81    339 PM 101    1954  88     -7       98
  MINIMUM         61    519 AM  47    1967  65     -4       71
  AVERAGE         71                        76     -5       85

PRECIPITATION (IN)
  YESTERDAY        0.00          2.74 1950   0.13  -0.13      T
  MONTH TO DATE    6.13                      3.02   3.11     1.18
  SINCE JUN 1     20.12                     11.55   8.57     9.71
  SINCE JAN 1     35.52                     29.58   5.94    21.19

SNOWFALL (IN)
  YESTERDAY        0.0
  MONTH TO DATE    0.0
  SINCE JUN 1      0.0
  SINCE JUL 1      0.0
  SNOW DEPTH       0

DEGREE DAYS
 HEATING
  YESTERDAY        0                         0      0        0
  MONTH TO DATE    3                         0      3        0
  SINCE JUN 1      4                         9     -5        0
  SINCE JUL 1      3                         0      3        0

 COOLING
  YESTERDAY        6                        11     -5       20
  MONTH TO DATE  270                       357    -87      402
  SINCE JUN 1   1083                      1030     53      988
  SINCE JAN 1   1225                      1145     80     1181
..................................................................


WIND (MPH)
  HIGHEST WIND SPEED    16   HIGHEST WIND DIRECTION    SE (150)
  HIGHEST GUST SPEED    21   HIGHEST GUST DIRECTION     S (160)
  AVERAGE WIND SPEED     9.5


SKY COVER
  AVERAGE SKY COVER 0.0


WEATHER CONDITIONS
 THE FOLLOWING WEATHER WAS RECORDED YESTERDAY.
  NO SIGNIFICANT WEATHER WAS OBSERVED.


RELATIVE HUMIDITY (PERCENT)
 HIGHEST    78           100 AM
 LOWEST     54           400 PM
 AVERAGE    66

..........................................................


THE SPRINGFIELD MO CLIMATE NORMALS FOR TODAY
                         NORMAL    RECORD    YEAR
 MAXIMUM TEMPERATURE (F)   87       102      1984
 MINIMUM TEMPERATURE (F)   65        47      1967


SUNRISE AND SUNSET
AUGUST 28 2015........SUNRISE   641 AM CDT   SUNSET   748 PM CDT
AUGUST 29 2015........SUNRISE   641 AM CDT   SUNSET   747 PM CDT


-  INDICATES NEGATIVE NUMBERS.
R  INDICATES RECORD WAS SET OR TIED.
MM INDICATES DATA IS MISSING.
T  INDICATES TRACE AMOUNT.




$$
