134
CDUS43 KSGF 010633
CLISGF


CLIMATE REPORT
NATIONAL WEATHER SERVICE SPRINGFIELD MO
1233 AM CST THU DEC 1 2016


...................................

...THE SPRINGFIELD MO CLIMATE SUMMARY FOR NOVEMBER 30 2016...

CLIMATE NORMAL PERIOD 1981 TO 2010
CLIMATE RECORD PERIOD 1888 TO 2016


WEATHER ITEM   OBSERVED TIME   RECORD YEAR NORMAL DEPARTURE LAST
                VALUE   (LST)  VALUE       VALUE  FROM      YEAR
                                                  NORMAL
..................................................................
TEMPERATURE (F)
 YESTERDAY
  MAXIMUM         44    333 PM  72    2014  50     -6       50
  MINIMUM         30    710 AM   6    1976  29      1       36
  AVERAGE         37                        39     -2       43

PRECIPITATION (IN)
  YESTERDAY        0.00          2.83 2006   0.13  -0.13     0.06
  MONTH TO DATE    2.32                      4.22  -1.90     7.23
  SINCE SEP 1     10.01                     12.42  -2.41    12.79
  SINCE JAN 1     35.63                     42.53  -6.90    48.31

SNOWFALL (IN)
  YESTERDAY        0.0
  MONTH TO DATE    0.0
  SINCE SEP 1      0.0
  SINCE JUL 1      0.0
  SNOW DEPTH       0

DEGREE DAYS
 HEATING
  YESTERDAY       28                        26      2       22
  MONTH TO DATE  414                       572   -158      444
  SINCE SEP 1    516                       877   -361      642
  SINCE JUL 1    516                       879   -363      645

 COOLING
  YESTERDAY        0                         0      0        0
  MONTH TO DATE   17                         2     15        0
  SINCE SEP 1    376                       203    173      286
  SINCE JAN 1   1808                      1389    419     1555
..................................................................


WIND (MPH)
  HIGHEST WIND SPEED    24   HIGHEST WIND DIRECTION     W (260)
  HIGHEST GUST SPEED    33   HIGHEST GUST DIRECTION     W (250)
  AVERAGE WIND SPEED    10.3


SKY COVER
  AVERAGE SKY COVER 0.0


WEATHER CONDITIONS
 THE FOLLOWING WEATHER WAS RECORDED YESTERDAY.
  NO SIGNIFICANT WEATHER WAS OBSERVED.


RELATIVE HUMIDITY (PERCENT)
 HIGHEST    78           700 AM
 LOWEST     49           200 PM
 AVERAGE    64

..........................................................


THE SPRINGFIELD MO CLIMATE NORMALS FOR TODAY
                         NORMAL    RECORD    YEAR
 MAXIMUM TEMPERATURE (F)   49        74      1982
 MINIMUM TEMPERATURE (F)   29        10      1893


SUNRISE AND SUNSET
DECEMBER  1 2016......SUNRISE   709 AM CST   SUNSET   456 PM CST
DECEMBER  2 2016......SUNRISE   710 AM CST   SUNSET   456 PM CST


-  INDICATES NEGATIVE NUMBERS.
R  INDICATES RECORD WAS SET OR TIED.
MM INDICATES DATA IS MISSING.
T  INDICATES TRACE AMOUNT.




$$
