822
CDUS43 KSGF 232227
CLISGF


CLIMATE REPORT
NATIONAL WEATHER SERVICE SPRINGFIELD MO
426 PM CST THU FEB 23 2017


...................................

...THE SPRINGFIELD MO CLIMATE SUMMARY FOR FEBRUARY 23 2017...
VALID AS OF 0400 PM LOCAL TIME.

CLIMATE NORMAL PERIOD 1981 TO 2010
CLIMATE RECORD PERIOD 1888 TO 2017


WEATHER ITEM   OBSERVED TIME   RECORD YEAR NORMAL DEPARTURE LAST
                VALUE   (LST)  VALUE       VALUE  FROM      YEAR
                                                  NORMAL
..................................................................
TEMPERATURE (F)
 TODAY
  MAXIMUM         84R   329 PM  79    1982  51     33       46
  MINIMUM         53    739 AM   3    1899  29     24       36
                                      1889
  AVERAGE         69                        40     29       41

PRECIPITATION (IN)
  TODAY            0.00          2.17 1985   0.11  -0.11     0.18
  MONTH TO DATE    0.29                      2.02  -1.73     0.33
  SINCE DEC 1      4.98                      7.53  -2.55    12.68
  SINCE JAN 1      4.36                      4.49  -0.13     1.25

SNOWFALL (IN)
  TODAY            0.0
  MONTH TO DATE    0.0
  SINCE DEC 1      1.7
  SINCE JUL 1      1.7
  SNOW DEPTH       0

DEGREE DAYS
 HEATING
  TODAY            0                        25    -25       24
  MONTH TO DATE  387                       657   -270      548
  SINCE DEC 1   2081                      2591   -510     2142
  SINCE JUL 1   2597                      3470   -873     2787

 COOLING
  TODAY            4                         0      4        0
  MONTH TO DATE    7                         0      7        0
  SINCE DEC 1      7                         0      7        0
  SINCE JAN 1      7                         0      7        0
..................................................................


WIND (MPH)
  HIGHEST WIND SPEED    28   HIGHEST WIND DIRECTION     S (170)
  HIGHEST GUST SPEED    35   HIGHEST GUST DIRECTION     S (170)


SKY COVER
  AVERAGE SKY COVER 0.3


WEATHER CONDITIONS
 THE FOLLOWING WEATHER WAS RECORDED TODAY.
  FOG


RELATIVE HUMIDITY (PERCENT)
 HIGHEST   100           400 AM
 LOWEST     28           400 PM
 AVERAGE    64

..........................................................


THE SPRINGFIELD MO CLIMATE NORMALS FOR TOMORROW
                         NORMAL    RECORD    YEAR
 MAXIMUM TEMPERATURE (F)   51        79      1956
 MINIMUM TEMPERATURE (F)   29         4      1910


SUNRISE AND SUNSET
FEBRUARY 23 2017......SUNRISE   652 AM CST   SUNSET   602 PM CST
FEBRUARY 24 2017......SUNRISE   651 AM CST   SUNSET   603 PM CST


-  INDICATES NEGATIVE NUMBERS.
R  INDICATES RECORD WAS SET OR TIED.
MM INDICATES DATA IS MISSING.
T  INDICATES TRACE AMOUNT.




$$
