000
CDUS43 KSGF 250741
CLISGF


CLIMATE REPORT
NATIONAL WEATHER SERVICE SPRINGFIELD MO
240 AM CDT THU MAY 25 2017


...................................

...THE SPRINGFIELD MO CLIMATE SUMMARY FOR MAY 24 2017...

CLIMATE NORMAL PERIOD 1981 TO 2010
CLIMATE RECORD PERIOD 1888 TO 2017


WEATHER ITEM   OBSERVED TIME   RECORD YEAR NORMAL DEPARTURE LAST
                VALUE   (LST)  VALUE       VALUE  FROM      YEAR
                                                  NORMAL
..................................................................
TEMPERATURE (F)
 YESTERDAY
  MAXIMUM         61    305 PM  90    1939  77    -16       76
  MINIMUM         50   1156 PM  40    1925  57     -7       61
  AVERAGE         56                        67    -11       69

PRECIPITATION (IN)
  YESTERDAY        0.08          2.52 1888   0.15  -0.07     0.12
  MONTH TO DATE    5.74                      4.06   1.68     4.10
  SINCE MAR 1     22.56                     12.00  10.56     9.54
  SINCE JAN 1     27.02                     16.99  10.03    10.82

SNOWFALL (IN)
  YESTERDAY        0.0
  MONTH TO DATE    0.0
  SINCE MAR 1      0.1
  SINCE JUL 1      1.8
  SNOW DEPTH       0

DEGREE DAYS
 HEATING
  YESTERDAY        9                         2      7        0
  MONTH TO DATE   71                        85    -14      129
  SINCE MAR 1    662                       966   -304      716
  SINCE JUL 1   3351                      4559  -1208     3629

 COOLING
  YESTERDAY        0                         4     -4        4
  MONTH TO DATE   63                        57      6       36
  SINCE MAR 1    104                        82     22       63
  SINCE JAN 1    113                        82     31       63
..................................................................


WIND (MPH)
  HIGHEST WIND SPEED    16   HIGHEST WIND DIRECTION     W (280)
  HIGHEST GUST SPEED    21   HIGHEST GUST DIRECTION    NW (310)
  AVERAGE WIND SPEED     7.5


SKY COVER
  AVERAGE SKY COVER 0.8


WEATHER CONDITIONS
 THE FOLLOWING WEATHER WAS RECORDED YESTERDAY.
  RAIN
  LIGHT RAIN
  FOG


RELATIVE HUMIDITY (PERCENT)
 HIGHEST    96           500 AM
 LOWEST     66          1000 AM
 AVERAGE    81

..........................................................


THE SPRINGFIELD MO CLIMATE NORMALS FOR TODAY
                         NORMAL    RECORD    YEAR
 MAXIMUM TEMPERATURE (F)   78        90      2012
                                             2006
                                             1962
 MINIMUM TEMPERATURE (F)   57        35      1925


SUNRISE AND SUNSET
MAY 25 2017...........SUNRISE   558 AM CDT   SUNSET   824 PM CDT
MAY 26 2017...........SUNRISE   557 AM CDT   SUNSET   824 PM CDT


-  INDICATES NEGATIVE NUMBERS.
R  INDICATES RECORD WAS SET OR TIED.
MM INDICATES DATA IS MISSING.
T  INDICATES TRACE AMOUNT.




$$
