000
CDUS43 KSGF 082226
CLISGF


CLIMATE REPORT
NATIONAL WEATHER SERVICE SPRINGFIELD MO
526 PM CDT TUE APR 8 2014


...................................

...THE SPRINGFIELD MO CLIMATE SUMMARY FOR APRIL 8 2014...
VALID TODAY AS OF 0500 PM LOCAL TIME.

CLIMATE NORMAL PERIOD 1981 TO 2010
CLIMATE RECORD PERIOD 1888 TO 2014


WEATHER ITEM   OBSERVED TIME   RECORD YEAR NORMAL DEPARTURE LAST
                VALUE   (LST)  VALUE       VALUE  FROM      YEAR
                                                  NORMAL
..................................................................
TEMPERATURE (F)
 TODAY
  MAXIMUM         60    338 PM  88    1890  65     -5       75
  MINIMUM         43    630 AM  20    2007  42      1       59
  AVERAGE         52                        53     -1       67

PRECIPITATION (IN)
  TODAY            T             1.30 1929   0.13  -0.13      T
  MONTH TO DATE    0.45                      1.01  -0.56     0.09
  SINCE MAR 1      2.78                      4.63  -1.85     4.86
  SINCE JAN 1      4.57                      9.62  -5.05    10.20

SNOWFALL (IN)
  TODAY            0.0
  MONTH TO DATE    0.0
  SINCE MAR 1      4.8
  SINCE JUL 1     32.2
  SNOW DEPTH       0

DEGREE DAYS
 HEATING
  TODAY           13                        12      1        0
  MONTH TO DATE  103                       105     -2      104
  SINCE MAR 1    784                       686     98      821
  SINCE JUL 1   4739                      4279    460     4119

 COOLING
  TODAY            0                         1     -1        2
  MONTH TO DATE    0                         1     -1        2
  SINCE MAR 1      0                         4     -4        2
  SINCE JAN 1      0                         4     -4        2
..................................................................


WIND (MPH)
  HIGHEST WIND SPEED    37   HIGHEST WIND DIRECTION     N (340)
  HIGHEST GUST SPEED    43   HIGHEST GUST DIRECTION     N (340)


SKY COVER
  AVERAGE SKY COVER 0.4


WEATHER CONDITIONS
 THE FOLLOWING WEATHER WAS RECORDED TODAY.
  LIGHT RAIN


RELATIVE HUMIDITY (PERCENT)
 HIGHEST    83           700 AM
 LOWEST     40           300 PM
 AVERAGE    62

..........................................................


THE SPRINGFIELD MO CLIMATE NORMALS FOR TOMORROW
                         NORMAL    RECORD    YEAR
 MAXIMUM TEMPERATURE (F)   65        87      1905
 MINIMUM TEMPERATURE (F)   42        25      1914


SUNRISE AND SUNSET
APRIL  8 2014.........SUNRISE   649 AM CDT   SUNSET   742 PM CDT
APRIL  9 2014.........SUNRISE   647 AM CDT   SUNSET   743 PM CDT


-  INDICATES NEGATIVE NUMBERS.
R  INDICATES RECORD WAS SET OR TIED.
MM INDICATES DATA IS MISSING.
T  INDICATES TRACE AMOUNT.




$$
