000
CDUS43 KSGF 232245
CLISGF


CLIMATE REPORT
NATIONAL WEATHER SERVICE SPRINGFIELD MO
445 PM CST TUE DEC 23 2014


...................................

...THE SPRINGFIELD MO CLIMATE SUMMARY FOR DECEMBER 23 2014...
VALID AS OF 0400 PM LOCAL TIME.

CLIMATE NORMAL PERIOD 1981 TO 2010
CLIMATE RECORD PERIOD 1888 TO 2014


WEATHER ITEM   OBSERVED TIME   RECORD YEAR NORMAL DEPARTURE LAST
                VALUE   (LST)  VALUE       VALUE  FROM      YEAR
                                                  NORMAL
..................................................................
TEMPERATURE (F)
 TODAY
  MAXIMUM         45    359 PM  72    1982  43      2       24
                                      1964
  MINIMUM         35    548 AM -16    1989  24     11       15
  AVERAGE         40                        33      7       20

PRECIPITATION (IN)
  TODAY            0.00          2.86 1932   0.09  -0.09     0.01
  MONTH TO DATE    1.61                      2.36  -0.75     2.56
  SINCE DEC 1      1.61                      2.36  -0.75     2.56
  SINCE JAN 1     38.43                     44.89  -6.46    51.84

SNOWFALL (IN)
  TODAY            0.0
  MONTH TO DATE    0.5
  SINCE DEC 1      0.5
  SINCE JUL 1      2.2
  SNOW DEPTH       0

DEGREE DAYS
 HEATING
  TODAY           25                        32     -7       45
  MONTH TO DATE  573                       676   -103      726
  SINCE DEC 1    573                       676   -103      726
  SINCE JUL 1   1523                      1555    -32     1663

 COOLING
  TODAY            0                         0      0        0
  MONTH TO DATE    0                         0      0        0
  SINCE DEC 1      0                         0      0        0
  SINCE JAN 1   1470                      1389     81     1417
..................................................................


WIND (MPH)
  HIGHEST WIND SPEED    12   HIGHEST WIND DIRECTION     W (280)
  HIGHEST GUST SPEED    14   HIGHEST GUST DIRECTION     W (260)


SKY COVER
  AVERAGE SKY COVER 0.0


WEATHER CONDITIONS
 THE FOLLOWING WEATHER WAS RECORDED TODAY.
  NO SIGNIFICANT WEATHER WAS OBSERVED.


RELATIVE HUMIDITY (PERCENT)
 HIGHEST   100           300 AM
 LOWEST     70           100 PM
 AVERAGE    85

..........................................................


THE SPRINGFIELD MO CLIMATE NORMALS FOR TOMORROW
                         NORMAL    RECORD    YEAR
 MAXIMUM TEMPERATURE (F)   43        74      1955
 MINIMUM TEMPERATURE (F)   24       -10      1983


SUNRISE AND SUNSET
DECEMBER 23 2014......SUNRISE   725 AM CST   SUNSET   501 PM CST
DECEMBER 24 2014......SUNRISE   725 AM CST   SUNSET   501 PM CST


-  INDICATES NEGATIVE NUMBERS.
R  INDICATES RECORD WAS SET OR TIED.
MM INDICATES DATA IS MISSING.
T  INDICATES TRACE AMOUNT.




$$
