000
CDUS43 KSGF 300626
CLISGF


CLIMATE REPORT
NATIONAL WEATHER SERVICE SPRINGFIELD MO
126 AM CDT SAT MAY 30 2015


...................................

...THE SPRINGFIELD MO CLIMATE SUMMARY FOR MAY 29 2015...

CLIMATE NORMAL PERIOD 1981 TO 2010
CLIMATE RECORD PERIOD 1888 TO 2015


WEATHER ITEM   OBSERVED TIME   RECORD YEAR NORMAL DEPARTURE LAST
                VALUE   (LST)  VALUE       VALUE  FROM      YEAR
                                                  NORMAL
..................................................................
TEMPERATURE (F)
 YESTERDAY
  MAXIMUM         77    152 PM  90    2012  79     -2       81
                                      1926
                                      1913
  MINIMUM         65    458 AM  38    1947  58      7       63
  AVERAGE         71                        69      2       72

PRECIPITATION (IN)
  YESTERDAY        1.51          2.07 1950   0.14   1.37     0.05
  MONTH TO DATE    6.19                      4.80   1.39     5.19
  SINCE MAR 1     12.76                     12.74   0.02     9.60
  SINCE JAN 1     15.36                     17.73  -2.37    11.39

SNOWFALL (IN)
  YESTERDAY        0.0
  MONTH TO DATE    0.0
  SINCE MAR 1      1.2
  SINCE JUL 1     15.8
  SNOW DEPTH       0

DEGREE DAYS
 HEATING
  YESTERDAY        0                         1     -1        0
  MONTH TO DATE   60                        92    -32      112
  SINCE MAR 1    825                       973   -148     1065
  SINCE JUL 1   4532                      4566    -34     5020

 COOLING
  YESTERDAY        6                         5      1        7
  MONTH TO DATE  118                        79     39      161
  SINCE MAR 1    140                       104     36      175
  SINCE JAN 1    140                       104     36      175
..................................................................


WIND (MPH)
  HIGHEST WIND SPEED    21   HIGHEST WIND DIRECTION    SW (230)
  HIGHEST GUST SPEED    28   HIGHEST GUST DIRECTION    SW (220)
  AVERAGE WIND SPEED     6.8


SKY COVER
  AVERAGE SKY COVER 0.7


WEATHER CONDITIONS
 THE FOLLOWING WEATHER WAS RECORDED YESTERDAY.
  THUNDERSTORM
  HEAVY RAIN
  RAIN
  LIGHT RAIN
  FOG


RELATIVE HUMIDITY (PERCENT)
 HIGHEST   100           900 PM
 LOWEST     69           200 PM
 AVERAGE    85

..........................................................


THE SPRINGFIELD MO CLIMATE NORMALS FOR TODAY
                         NORMAL    RECORD    YEAR
 MAXIMUM TEMPERATURE (F)   79        94      1934
 MINIMUM TEMPERATURE (F)   59        38      1984
                                             1889


SUNRISE AND SUNSET
MAY 30 2015...........SUNRISE   556 AM CDT   SUNSET   827 PM CDT
MAY 31 2015...........SUNRISE   555 AM CDT   SUNSET   827 PM CDT


-  INDICATES NEGATIVE NUMBERS.
R  INDICATES RECORD WAS SET OR TIED.
MM INDICATES DATA IS MISSING.
T  INDICATES TRACE AMOUNT.




$$
