000
CDUS43 KSGF 180626
CLISGF


CLIMATE REPORT
NATIONAL WEATHER SERVICE SPRINGFIELD MO
125 AM CDT THU MAY 18 2017


...................................

...THE SPRINGFIELD MO CLIMATE SUMMARY FOR MAY 17 2017...

CLIMATE NORMAL PERIOD 1981 TO 2010
CLIMATE RECORD PERIOD 1888 TO 2017


WEATHER ITEM   OBSERVED TIME   RECORD YEAR NORMAL DEPARTURE LAST
                VALUE   (LST)  VALUE       VALUE  FROM      YEAR
                                                  NORMAL
..................................................................
TEMPERATURE (F)
 YESTERDAY
  MAXIMUM         82    406 PM  88    2001  76      6       56
                                      1972
  MINIMUM         65    740 AM  37    2011  55     10       51
  AVERAGE         74                        65      9       54

PRECIPITATION (IN)
  YESTERDAY        0.03          2.96 1943   0.16  -0.13     1.73
  MONTH TO DATE    3.13                      2.97   0.16     3.63
  SINCE MAR 1     19.95                     10.91   9.04     9.07
  SINCE JAN 1     24.41                     15.90   8.51    10.35

SNOWFALL (IN)
  YESTERDAY        0.0
  MONTH TO DATE    0.0
  SINCE MAR 1      0.1
  SINCE JUL 1      1.8
  SNOW DEPTH       0

DEGREE DAYS
 HEATING
  YESTERDAY        0                         3     -3       11
  MONTH TO DATE   49                        70    -21      107
  SINCE MAR 1    640                       951   -311      694
  SINCE JUL 1   3329                      4544  -1215     3607

 COOLING
  YESTERDAY        9                         3      6        0
  MONTH TO DATE   45                        33     12       25
  SINCE MAR 1     86                        58     28       52
  SINCE JAN 1     95                        58     37       52
..................................................................


WIND (MPH)
  HIGHEST WIND SPEED    38   HIGHEST WIND DIRECTION     S (180)
  HIGHEST GUST SPEED    48   HIGHEST GUST DIRECTION     S (200)
  AVERAGE WIND SPEED    17.3


SKY COVER
  AVERAGE SKY COVER 0.3


WEATHER CONDITIONS
 THE FOLLOWING WEATHER WAS RECORDED YESTERDAY.
  FOG


RELATIVE HUMIDITY (PERCENT)
 HIGHEST    93           700 AM
 LOWEST     45           400 PM
 AVERAGE    69

..........................................................


THE SPRINGFIELD MO CLIMATE NORMALS FOR TODAY
                         NORMAL    RECORD    YEAR
 MAXIMUM TEMPERATURE (F)   76        88      1962
 MINIMUM TEMPERATURE (F)   55        37      2002


SUNRISE AND SUNSET
MAY 18 2017...........SUNRISE   602 AM CDT   SUNSET   818 PM CDT
MAY 19 2017...........SUNRISE   602 AM CDT   SUNSET   819 PM CDT


-  INDICATES NEGATIVE NUMBERS.
R  INDICATES RECORD WAS SET OR TIED.
MM INDICATES DATA IS MISSING.
T  INDICATES TRACE AMOUNT.




$$
