000
CDUS43 KSGF 262128
CLISGF


CLIMATE REPORT
NATIONAL WEATHER SERVICE SPRINGFIELD MO
428 PM CDT THU MAR 26 2015


...................................

...THE SPRINGFIELD MO CLIMATE SUMMARY FOR MARCH 26 2015...
VALID AS OF 0400 PM LOCAL TIME.

CLIMATE NORMAL PERIOD 1981 TO 2010
CLIMATE RECORD PERIOD 1888 TO 2015


WEATHER ITEM   OBSERVED TIME   RECORD YEAR NORMAL DEPARTURE LAST
                VALUE   (LST)  VALUE       VALUE  FROM      YEAR
                                                  NORMAL
..................................................................
TEMPERATURE (F)
 TODAY
  MAXIMUM         52    259 PM  82    1910  61     -9       55
  MINIMUM         40    854 AM   5    1955  38      2       23
  AVERAGE         46                        49     -3       39

PRECIPITATION (IN)
  TODAY            T             1.73 1934   0.12  -0.12     0.05
  MONTH TO DATE    3.30                      2.96   0.34     2.21
  SINCE MAR 1      3.30                      2.96   0.34     2.21
  SINCE JAN 1      5.90                      7.95  -2.05     4.00

SNOWFALL (IN)
  TODAY            0.0
  MONTH TO DATE    1.2
  SINCE MAR 1      1.2
  SINCE JUL 1     15.8
  SNOW DEPTH       0

DEGREE DAYS
 HEATING
  TODAY           19                        16      3       26
  MONTH TO DATE  466                       506    -40      611
  SINCE MAR 1    466                       506    -40      611
  SINCE JUL 1   4173                      4099     74     4566

 COOLING
  TODAY            0                         0      0        0
  MONTH TO DATE    0                         0      0        0
  SINCE MAR 1      0                         0      0        0
  SINCE JAN 1      0                         0      0        0
..................................................................


WIND (MPH)
  HIGHEST WIND SPEED    29   HIGHEST WIND DIRECTION     N (10)
  HIGHEST GUST SPEED    35   HIGHEST GUST DIRECTION     N (10)


SKY COVER
  AVERAGE SKY COVER 0.5


WEATHER CONDITIONS
 THE FOLLOWING WEATHER WAS RECORDED TODAY.
  LIGHT RAIN
  FOG


RELATIVE HUMIDITY (PERCENT)
 HIGHEST    89           200 AM
 LOWEST     41           200 PM
 AVERAGE    65

..........................................................


THE SPRINGFIELD MO CLIMATE NORMALS FOR TOMORROW
                         NORMAL    RECORD    YEAR
 MAXIMUM TEMPERATURE (F)   61        82      1910
                                             1895
 MINIMUM TEMPERATURE (F)   38        12      1913


SUNRISE AND SUNSET
MARCH 26 2015.........SUNRISE   708 AM CDT   SUNSET   731 PM CDT
MARCH 27 2015.........SUNRISE   707 AM CDT   SUNSET   731 PM CDT


-  INDICATES NEGATIVE NUMBERS.
R  INDICATES RECORD WAS SET OR TIED.
MM INDICATES DATA IS MISSING.
T  INDICATES TRACE AMOUNT.




$$
