000
CDUS43 KSGF 180628
CLISGF


CLIMATE REPORT
NATIONAL WEATHER SERVICE SPRINGFIELD MO
127 AM CDT SAT OCT 18 2014


...................................

...THE SPRINGFIELD MO CLIMATE SUMMARY FOR OCTOBER 17 2014...

CLIMATE NORMAL PERIOD 1981 TO 2010
CLIMATE RECORD PERIOD 1888 TO 2014


WEATHER ITEM   OBSERVED TIME   RECORD YEAR NORMAL DEPARTURE LAST
                VALUE   (LST)  VALUE       VALUE  FROM      YEAR
                                                  NORMAL
..................................................................
TEMPERATURE (F)
 YESTERDAY
  MAXIMUM         70    244 PM  89    1964  69      1       62
  MINIMUM         47   1159 PM  25    1976  46      1       43
  AVERAGE         59                        58      1       53

PRECIPITATION (IN)
  YESTERDAY        0.00          1.46 1981   0.11  -0.11     0.00
  MONTH TO DATE    7.22                      1.94   5.28     3.44
  SINCE SEP 1     12.22                      6.55   5.67     5.62
  SINCE JAN 1     34.19                     36.66  -2.47    43.77

SNOWFALL (IN)
  YESTERDAY        0.0
  MONTH TO DATE    0.0
  SINCE SEP 1      0.0
  SINCE JUL 1      0.0
  SNOW DEPTH       0

DEGREE DAYS
 HEATING
  YESTERDAY        6                         8     -2       12
  MONTH TO DATE   95                       108    -13       87
  SINCE SEP 1    126                       161    -35      101
  SINCE JUL 1    126                       163    -37      101

 COOLING
  YESTERDAY        0                         1     -1        0
  MONTH TO DATE   29                        23      6       44
  SINCE SEP 1    208                       196     12      274
  SINCE JAN 1   1454                      1382     72     1417
..................................................................


WIND (MPH)
  HIGHEST WIND SPEED    MM   HIGHEST WIND DIRECTION    MM
  HIGHEST GUST SPEED    MM   HIGHEST GUST DIRECTION    MM
  AVERAGE WIND SPEED    MM


SKY COVER
  AVERAGE SKY COVER 0.0


WEATHER CONDITIONS
 THE FOLLOWING WEATHER WAS RECORDED YESTERDAY.
  NO SIGNIFICANT WEATHER WAS OBSERVED.


RELATIVE HUMIDITY (PERCENT)
 HIGHEST    93           700 AM
 LOWEST     44           100 PM
 AVERAGE    69

..........................................................


THE SPRINGFIELD MO CLIMATE NORMALS FOR TODAY
                         NORMAL    RECORD    YEAR
 MAXIMUM TEMPERATURE (F)   68        87      2005
 MINIMUM TEMPERATURE (F)   46        25      1948


SUNRISE AND SUNSET
OCTOBER 18 2014.......SUNRISE   724 AM CDT   SUNSET   633 PM CDT
OCTOBER 19 2014.......SUNRISE   725 AM CDT   SUNSET   631 PM CDT


-  INDICATES NEGATIVE NUMBERS.
R  INDICATES RECORD WAS SET OR TIED.
MM INDICATES DATA IS MISSING.
T  INDICATES TRACE AMOUNT.




$$
