000
CDUS43 KSGF 180629
CLISGF


CLIMATE REPORT
NATIONAL WEATHER SERVICE SPRINGFIELD MO
129 AM CDT MON AUG 18 2014


...................................

...THE SPRINGFIELD MO CLIMATE SUMMARY FOR AUGUST 17 2014...

CLIMATE NORMAL PERIOD 1981 TO 2010
CLIMATE RECORD PERIOD 1888 TO 2014


WEATHER ITEM   OBSERVED TIME   RECORD YEAR NORMAL DEPARTURE LAST
                VALUE   (LST)  VALUE       VALUE  FROM      YEAR
                                                  NORMAL
..................................................................
TEMPERATURE (F)
 YESTERDAY
  MAXIMUM         89    329 PM 103    1956  89      0       79
  MINIMUM         68   1139 PM  50    1992  67      1       57
  AVERAGE         79                        78      1       68

PRECIPITATION (IN)
  YESTERDAY        0.00          1.97 1915   0.11  -0.11     0.00
  MONTH TO DATE    1.17                      1.80  -0.63     5.84
  SINCE JUN 1      9.70                     10.33  -0.63    14.43
  SINCE JAN 1     21.18                     28.36  -7.18    38.15

SNOWFALL (IN)
  YESTERDAY        0.0
  MONTH TO DATE    0.0
  SINCE JUN 1      0.0
  SINCE JUL 1      0.0
  SNOW DEPTH       0

DEGREE DAYS
 HEATING
  YESTERDAY        0                         0      0        0
  MONTH TO DATE    0                         0      0        0
  SINCE JUN 1      0                         9     -9       14
  SINCE JUL 1      0                         0      0        0

 COOLING
  YESTERDAY       14                        13      1        3
  MONTH TO DATE  205                       234    -29      161
  SINCE JUN 1    791                       907   -116      818
  SINCE JAN 1    984                      1022    -38      945
..................................................................


WIND (MPH)
  HIGHEST WIND SPEED    14   HIGHEST WIND DIRECTION    NE (30)
  HIGHEST GUST SPEED    18   HIGHEST GUST DIRECTION    NW (330)
  AVERAGE WIND SPEED     6.6


SKY COVER
  AVERAGE SKY COVER 0.3


WEATHER CONDITIONS
 THE FOLLOWING WEATHER WAS RECORDED YESTERDAY.
  FOG
  FOG W/VISIBILITY <= 1/4 MILE


RELATIVE HUMIDITY (PERCENT)
 HIGHEST   100           700 AM
 LOWEST     46           300 PM
 AVERAGE    73

..........................................................


THE SPRINGFIELD MO CLIMATE NORMALS FOR TODAY
                         NORMAL    RECORD    YEAR
 MAXIMUM TEMPERATURE (F)   89       103      1984
 MINIMUM TEMPERATURE (F)   67        50      1943


SUNRISE AND SUNSET
AUGUST 18 2014........SUNRISE   632 AM CDT   SUNSET   802 PM CDT
AUGUST 19 2014........SUNRISE   633 AM CDT   SUNSET   800 PM CDT


-  INDICATES NEGATIVE NUMBERS.
R  INDICATES RECORD WAS SET OR TIED.
MM INDICATES DATA IS MISSING.
T  INDICATES TRACE AMOUNT.




$$
