000
CDUS43 KSGF 022326
CLISGF


CLIMATE REPORT
NATIONAL WEATHER SERVICE SPRINGFIELD MO
526 PM CST SAT DEC 2 2017


...................................

...THE SPRINGFIELD MO CLIMATE SUMMARY FOR DECEMBER 2 2017...
VALID TODAY AS OF 0500 PM LOCAL TIME.

CLIMATE NORMAL PERIOD 1981 TO 2010
CLIMATE RECORD PERIOD 1888 TO 2017


WEATHER ITEM   OBSERVED TIME   RECORD YEAR NORMAL DEPARTURE LAST
                VALUE   (LST)  VALUE       VALUE  FROM      YEAR
                                                  NORMAL
..................................................................
TEMPERATURE (F)
 TODAY
  MAXIMUM         69    307 PM  73    2012  49     20       56
  MINIMUM         48    231 AM   6    1985  28     20       31
                                      1929
  AVERAGE         59                        39     20       44

PRECIPITATION (IN)
  TODAY            0.00          3.67 1982   0.12  -0.12     0.00
  MONTH TO DATE    0.00                      0.24  -0.24     0.00
  SINCE DEC 1      0.00                      0.24  -0.24     0.00
  SINCE JAN 1     46.03                     42.77   3.26    35.63

SNOWFALL (IN)
  TODAY            0.0
  MONTH TO DATE    0.0
  SINCE DEC 1      0.0
  SINCE JUL 1      0.0
  SNOW DEPTH       0

DEGREE DAYS
 HEATING
  TODAY            6                        26    -20       21
  MONTH TO DATE   26                        52    -26       48
  SINCE DEC 1     26                        52    -26       48
  SINCE JUL 1    710                       931   -221      564

 COOLING
  TODAY            0                         0      0        0
  MONTH TO DATE    0                         0      0        0
  SINCE DEC 1      0                         0      0        0
  SINCE JAN 1   1467                      1389     78     1808
..................................................................


WIND (MPH)
  HIGHEST WIND SPEED    12   HIGHEST WIND DIRECTION     S (160)
  HIGHEST GUST SPEED    15   HIGHEST GUST DIRECTION     S (160)


SKY COVER
  AVERAGE SKY COVER 0.5


WEATHER CONDITIONS
 THE FOLLOWING WEATHER WAS RECORDED TODAY.
  NO SIGNIFICANT WEATHER WAS OBSERVED.


RELATIVE HUMIDITY (PERCENT)
 HIGHEST    56           500 PM
 LOWEST     42          1100 AM
 AVERAGE    49

..........................................................


THE SPRINGFIELD MO CLIMATE NORMALS FOR TOMORROW
                         NORMAL    RECORD    YEAR
 MAXIMUM TEMPERATURE (F)   48        74      2012
                                             1916
 MINIMUM TEMPERATURE (F)   28         4      1895


SUNRISE AND SUNSET
DECEMBER  2 2017......SUNRISE   710 AM CST   SUNSET   456 PM CST
DECEMBER  3 2017......SUNRISE   711 AM CST   SUNSET   456 PM CST


-  INDICATES NEGATIVE NUMBERS.
R  INDICATES RECORD WAS SET OR TIED.
MM INDICATES DATA IS MISSING.
T  INDICATES TRACE AMOUNT.




$$
