000
CDUS43 KSGF 202130
CLISGF


CLIMATE REPORT
NATIONAL WEATHER SERVICE SPRINGFIELD MO
428 PM CDT THU APR 20 2017


...................................

...THE SPRINGFIELD MO CLIMATE SUMMARY FOR APRIL 20 2017...
VALID AS OF 0400 PM LOCAL TIME.

CLIMATE NORMAL PERIOD 1981 TO 2010
CLIMATE RECORD PERIOD 1888 TO 2017


WEATHER ITEM   OBSERVED TIME   RECORD YEAR NORMAL DEPARTURE LAST
                VALUE   (LST)  VALUE       VALUE  FROM      YEAR
                                                  NORMAL
..................................................................
TEMPERATURE (F)
 TODAY
  MAXIMUM         73    144 PM  89    1987  69      4       70
  MINIMUM         63    957 AM  26    1953  46     17       48
  AVERAGE         68                        57     11       59

PRECIPITATION (IN)
  TODAY            0.98          1.82 1984   0.15   0.83     0.01
  MONTH TO DATE    3.05                      2.68   0.37     0.83
  SINCE MAR 1      7.84                      6.30   1.54     3.77
  SINCE JAN 1     12.30                     11.29   1.01     5.05

SNOWFALL (IN)
  TODAY            0.0
  MONTH TO DATE    0.0
  SINCE MAR 1      0.1
  SINCE JUL 1      1.8
  SNOW DEPTH       0

DEGREE DAYS
 HEATING
  TODAY            0                         9     -9        6
  MONTH TO DATE   90                       229   -139      163
  SINCE MAR 1    506                       810   -304      561
  SINCE JUL 1   3195                      4403  -1208     3474

 COOLING
  TODAY            3                         1      2        0
  MONTH TO DATE   34                        13     21        6
  SINCE MAR 1     40                        16     24        8
  SINCE JAN 1     49                        16     33        8
..................................................................


WIND (MPH)
  HIGHEST WIND SPEED    18   HIGHEST WIND DIRECTION     N (360)
  HIGHEST GUST SPEED    22   HIGHEST GUST DIRECTION     N (360)


SKY COVER
  AVERAGE SKY COVER 0.7


WEATHER CONDITIONS
 THE FOLLOWING WEATHER WAS RECORDED TODAY.
  THUNDERSTORM
  HEAVY RAIN
  RAIN
  LIGHT RAIN
  FOG


RELATIVE HUMIDITY (PERCENT)
 HIGHEST   100           800 AM
 LOWEST     68          1200 AM
 AVERAGE    84

..........................................................


THE SPRINGFIELD MO CLIMATE NORMALS FOR TOMORROW
                         NORMAL    RECORD    YEAR
 MAXIMUM TEMPERATURE (F)   69        93      1963
 MINIMUM TEMPERATURE (F)   46        28      1978
                                             1966


SUNRISE AND SUNSET
APRIL 20 2017.........SUNRISE   632 AM CDT   SUNSET   753 PM CDT
APRIL 21 2017.........SUNRISE   631 AM CDT   SUNSET   754 PM CDT


-  INDICATES NEGATIVE NUMBERS.
R  INDICATES RECORD WAS SET OR TIED.
MM INDICATES DATA IS MISSING.
T  INDICATES TRACE AMOUNT.




$$
