000
CDUS43 KSGF 242227
CLISGF


CLIMATE REPORT
NATIONAL WEATHER SERVICE SPRINGFIELD MO
527 PM CDT WED JUN 24 2015


...................................

...THE SPRINGFIELD MO CLIMATE SUMMARY FOR JUNE 24 2015...
VALID TODAY AS OF 0500 PM LOCAL TIME.

CLIMATE NORMAL PERIOD 1981 TO 2010
CLIMATE RECORD PERIOD 1888 TO 2015


WEATHER ITEM   OBSERVED TIME   RECORD YEAR NORMAL DEPARTURE LAST
                VALUE   (LST)  VALUE       VALUE  FROM      YEAR
                                                  NORMAL
..................................................................
TEMPERATURE (F)
 TODAY
  MAXIMUM         92    327 PM  99    1988  86      6       84
  MINIMUM         71    434 AM  45    1961  65      6       67
  AVERAGE         82                        76      6       76

PRECIPITATION (IN)
  TODAY            0.00          2.16 1906   0.17  -0.17     0.00
  MONTH TO DATE    4.15                      3.93   0.22     5.45
  SINCE JUN 1      4.15                      3.93   0.22     5.45
  SINCE JAN 1     19.55                     21.96  -2.41    16.93

SNOWFALL (IN)
  TODAY            0.0
  MONTH TO DATE    0.0
  SINCE JUN 1      0.0
  SINCE JUL 1     15.8
  SNOW DEPTH       0

DEGREE DAYS
 HEATING
  TODAY            0                         0      0        0
  MONTH TO DATE    1                         7     -6        0
  SINCE JUN 1      1                         7     -6        0
  SINCE JUL 1   4536                      4576    -40     5020

 COOLING
  TODAY           17                        11      6       11
  MONTH TO DATE  283                       196     87      219
  SINCE JUN 1    283                       196     87      219
  SINCE JAN 1    425                       311    114      412
..................................................................


WIND (MPH)
  HIGHEST WIND SPEED    17   HIGHEST WIND DIRECTION    SW (220)
  HIGHEST GUST SPEED    20   HIGHEST GUST DIRECTION    SW (220)


SKY COVER
  AVERAGE SKY COVER 0.0


WEATHER CONDITIONS
 THE FOLLOWING WEATHER WAS RECORDED TODAY.
  NO SIGNIFICANT WEATHER WAS OBSERVED.


RELATIVE HUMIDITY (PERCENT)
 HIGHEST    93           500 AM
 LOWEST     49           200 PM
 AVERAGE    71

..........................................................


THE SPRINGFIELD MO CLIMATE NORMALS FOR TOMORROW
                         NORMAL    RECORD    YEAR
 MAXIMUM TEMPERATURE (F)   86        99      2012
                                             1971
                                             1954
 MINIMUM TEMPERATURE (F)   66        44      1974


SUNRISE AND SUNSET
JUNE 24 2015..........SUNRISE   554 AM CDT   SUNSET   838 PM CDT
JUNE 25 2015..........SUNRISE   555 AM CDT   SUNSET   838 PM CDT


-  INDICATES NEGATIVE NUMBERS.
R  INDICATES RECORD WAS SET OR TIED.
MM INDICATES DATA IS MISSING.
T  INDICATES TRACE AMOUNT.




$$
