000
CDUS43 KSGF 152227
CLISGF


CLIMATE REPORT
NATIONAL WEATHER SERVICE SPRINGFIELD MO
527 PM CDT FRI JUL 15 2016


...................................

...THE SPRINGFIELD MO CLIMATE SUMMARY FOR JULY 15 2016...
VALID TODAY AS OF 0500 PM LOCAL TIME.

CLIMATE NORMAL PERIOD 1981 TO 2010
CLIMATE RECORD PERIOD 1888 TO 2016


WEATHER ITEM   OBSERVED TIME   RECORD YEAR NORMAL DEPARTURE LAST
                VALUE   (LST)  VALUE       VALUE  FROM      YEAR
                                                  NORMAL
..................................................................
TEMPERATURE (F)
 TODAY
  MAXIMUM         87    355 PM 106    1936  89     -2       92
  MINIMUM         63    338 AM  50    1967  68     -5       74
  AVERAGE         75                        78     -3       83

PRECIPITATION (IN)
  TODAY            0.00          2.41 1947   0.12  -0.12     0.00
  MONTH TO DATE    3.17                      1.97   1.20     7.92
  SINCE JUN 1      7.59                      6.82   0.77    12.70
  SINCE JAN 1     18.84                     24.85  -6.01    28.10

SNOWFALL (IN)
  TODAY            0.0
  MONTH TO DATE    0.0
  SINCE JUN 1      0.0
  SINCE JUL 1      0.0
  SNOW DEPTH       0

DEGREE DAYS
 HEATING
  TODAY            0                         0      0        0
  MONTH TO DATE    0                         0      0        0
  SINCE JUN 1      0                         9     -9        1
  SINCE JUL 1      0                         0      0        0

 COOLING
  TODAY           10                        13     -3       18
  MONTH TO DATE  199                       190      9      194
  SINCE JUN 1    595                       453    142      544
  SINCE JAN 1    715                       568    147      686
..................................................................


WIND (MPH)
  HIGHEST WIND SPEED    10   HIGHEST WIND DIRECTION    SW (210)
  HIGHEST GUST SPEED    12   HIGHEST GUST DIRECTION    SW (210)


SKY COVER
  AVERAGE SKY COVER 0.0


WEATHER CONDITIONS
 THE FOLLOWING WEATHER WAS RECORDED TODAY.
  NO SIGNIFICANT WEATHER WAS OBSERVED.


RELATIVE HUMIDITY (PERCENT)
 HIGHEST    93           400 AM
 LOWEST     48           300 PM
 AVERAGE    71

..........................................................


THE SPRINGFIELD MO CLIMATE NORMALS FOR TOMORROW
                         NORMAL    RECORD    YEAR
 MAXIMUM TEMPERATURE (F)   89       104      1980
 MINIMUM TEMPERATURE (F)   68        54      2014
                                             1970


SUNRISE AND SUNSET
JULY 15 2016..........SUNRISE   605 AM CDT   SUNSET   833 PM CDT
JULY 16 2016..........SUNRISE   606 AM CDT   SUNSET   833 PM CDT


-  INDICATES NEGATIVE NUMBERS.
R  INDICATES RECORD WAS SET OR TIED.
MM INDICATES DATA IS MISSING.
T  INDICATES TRACE AMOUNT.




$$
