000
CDUS43 KSGF 262126
CLISGF


CLIMATE REPORT
NATIONAL WEATHER SERVICE SPRINGFIELD MO
426 PM CDT FRI SEP 26 2014


...................................

...THE SPRINGFIELD MO CLIMATE SUMMARY FOR SEPTEMBER 26 2014...
VALID AS OF 0400 PM LOCAL TIME.

CLIMATE NORMAL PERIOD 1981 TO 2010
CLIMATE RECORD PERIOD 1888 TO 2014


WEATHER ITEM   OBSERVED TIME   RECORD YEAR NORMAL DEPARTURE LAST
                VALUE   (LST)  VALUE       VALUE  FROM      YEAR
                                                  NORMAL
..................................................................
TEMPERATURE (F)
 TODAY
  MAXIMUM         81    218 PM  92    1953  76      5       82
                                      1938
  MINIMUM         59    633 AM  34    1975  53      6       58
  AVERAGE         70                        64      6       70

PRECIPITATION (IN)
  TODAY            0.00          3.90 1996   0.15  -0.15     0.00
  MONTH TO DATE    5.00                      4.02   0.98     1.85
  SINCE SEP 1      5.00                      4.02   0.98     1.85
  SINCE JAN 1     26.97                     34.13  -7.16    40.00

SNOWFALL (IN)
  TODAY            0.0
  MONTH TO DATE    0.0
  SINCE SEP 1      0.0
  SINCE JUL 1      0.0
  SNOW DEPTH       0

DEGREE DAYS
 HEATING
  TODAY            0                         4     -4        0
  MONTH TO DATE   31                        36     -5       13
  SINCE SEP 1     31                        36     -5       13
  SINCE JUL 1     31                        38     -7       13

 COOLING
  TODAY            5                         3      2        5
  MONTH TO DATE  153                       161     -8      216
  SINCE SEP 1    153                       161     -8      216
  SINCE JAN 1   1399                      1347     52     1359
..................................................................


WIND (MPH)
  HIGHEST WIND SPEED    12   HIGHEST WIND DIRECTION    SE (150)
  HIGHEST GUST SPEED    14   HIGHEST GUST DIRECTION    SE (150)


SKY COVER
  AVERAGE SKY COVER 0.2


WEATHER CONDITIONS
 THE FOLLOWING WEATHER WAS RECORDED TODAY.
  NO SIGNIFICANT WEATHER WAS OBSERVED.


RELATIVE HUMIDITY (PERCENT)
 HIGHEST    84           100 AM
 LOWEST     42           200 PM
 AVERAGE    63

..........................................................


THE SPRINGFIELD MO CLIMATE NORMALS FOR TOMORROW
                         NORMAL    RECORD    YEAR
 MAXIMUM TEMPERATURE (F)   75        91      1953
                                             1897
 MINIMUM TEMPERATURE (F)   53        30      1942


SUNRISE AND SUNSET
SEPTEMBER 26 2014.....SUNRISE   705 AM CDT   SUNSET   704 PM CDT
SEPTEMBER 27 2014.....SUNRISE   706 AM CDT   SUNSET   703 PM CDT


-  INDICATES NEGATIVE NUMBERS.
R  INDICATES RECORD WAS SET OR TIED.
MM INDICATES DATA IS MISSING.
T  INDICATES TRACE AMOUNT.




$$
