000
CDUS43 KSGF 302226
CLISGF


CLIMATE REPORT
NATIONAL WEATHER SERVICE SPRINGFIELD MO
525 PM CDT WED JUL 30 2014


...................................

...THE SPRINGFIELD MO CLIMATE SUMMARY FOR JULY 30 2014...
VALID TODAY AS OF 0500 PM LOCAL TIME.

CLIMATE NORMAL PERIOD 1981 TO 2010
CLIMATE RECORD PERIOD 1888 TO 2014


WEATHER ITEM   OBSERVED TIME   RECORD YEAR NORMAL DEPARTURE LAST
                VALUE   (LST)  VALUE       VALUE  FROM      YEAR
                                                  NORMAL
..................................................................
TEMPERATURE (F)
 TODAY
  MAXIMUM         73    942 AM 108    1986  90    -17       83
  MINIMUM         67    336 AM  50    1971  68     -1       70
  AVERAGE         70                        79     -9       77

PRECIPITATION (IN)
  TODAY            0.02          2.52 1898   0.10  -0.08     2.26
  MONTH TO DATE    2.27                      3.58  -1.31     6.33
  SINCE JUN 1      8.50                      8.43   0.07     8.59
  SINCE JAN 1     19.98                     26.46  -6.48    32.31

SNOWFALL (IN)
  TODAY            0.0
  MONTH TO DATE    0.0
  SINCE JUN 1      0.0
  SINCE JUL 1      0.0
  SNOW DEPTH       0

DEGREE DAYS
 HEATING
  TODAY            0                         0      0        0
  MONTH TO DATE    0                         0      0        0
  SINCE JUN 1      0                         9     -9       14
  SINCE JUL 1      0                         0      0        0

 COOLING
  TODAY            5                        14     -9       12
  MONTH TO DATE  284                       397   -113      361
  SINCE JUN 1    578                       660    -82      645
  SINCE JAN 1    771                       775     -4      772
..................................................................


WIND (MPH)
  HIGHEST WIND SPEED     9   HIGHEST WIND DIRECTION    SW (240)
  HIGHEST GUST SPEED    11   HIGHEST GUST DIRECTION    SW (240)


SKY COVER
  AVERAGE SKY COVER 0.9


WEATHER CONDITIONS
 THE FOLLOWING WEATHER WAS RECORDED TODAY.
  LIGHT RAIN
  FOG
  HAZE


RELATIVE HUMIDITY (PERCENT)
 HIGHEST    84          1200 PM
 LOWEST     61           100 AM
 AVERAGE    73

..........................................................


THE SPRINGFIELD MO CLIMATE NORMALS FOR TOMORROW
                         NORMAL    RECORD    YEAR
 MAXIMUM TEMPERATURE (F)   90       104      1980
 MINIMUM TEMPERATURE (F)   68        46      1971


SUNRISE AND SUNSET
JULY 30 2014..........SUNRISE   617 AM CDT   SUNSET   823 PM CDT
JULY 31 2014..........SUNRISE   617 AM CDT   SUNSET   822 PM CDT


-  INDICATES NEGATIVE NUMBERS.
R  INDICATES RECORD WAS SET OR TIED.
MM INDICATES DATA IS MISSING.
T  INDICATES TRACE AMOUNT.




$$
