000
CDUS43 KSGF 220636
CLISGF


CLIMATE REPORT
NATIONAL WEATHER SERVICE SPRINGFIELD MO
1236 AM CST SUN JAN 22 2017


...................................

...THE SPRINGFIELD MO CLIMATE SUMMARY FOR JANUARY 21 2017...

CLIMATE NORMAL PERIOD 1981 TO 2010
CLIMATE RECORD PERIOD 1888 TO 2017


WEATHER ITEM   OBSERVED TIME   RECORD YEAR NORMAL DEPARTURE LAST
                VALUE   (LST)  VALUE       VALUE  FROM      YEAR
                                                  NORMAL
..................................................................
TEMPERATURE (F)
 YESTERDAY
  MAXIMUM         65    355 PM  71    1957  43     22       30
  MINIMUM         41    758 AM  -8    1984  22     19       25
  AVERAGE         53                        33     20       28

PRECIPITATION (IN)
  YESTERDAY        0.05          2.58 1904   0.08  -0.03     0.11
  MONTH TO DATE    3.57                      1.73   1.84     0.92
  SINCE DEC 1      4.19                      4.77  -0.58    12.35
  SINCE JAN 1      3.57                      1.73   1.84     0.92

SNOWFALL (IN)
  YESTERDAY        0.0
  MONTH TO DATE    1.5
  SINCE DEC 1      1.7
  SINCE JUL 1      1.7
  SNOW DEPTH       0

DEGREE DAYS
 HEATING
  YESTERDAY       12                        32    -20       37
  MONTH TO DATE  564                       687   -123      703
  SINCE DEC 1   1461                      1618   -157     1352
  SINCE JUL 1   1977                      2497   -520     1997

 COOLING
  YESTERDAY        0                         0      0        0
  MONTH TO DATE    0                         0      0        0
  SINCE DEC 1      0                         0      0        0
  SINCE JAN 1      0                         0      0        0
..................................................................


WIND (MPH)
  HIGHEST WIND SPEED    17   HIGHEST WIND DIRECTION    SW (210)
  HIGHEST GUST SPEED    20   HIGHEST GUST DIRECTION    SW (210)
  AVERAGE WIND SPEED     7.7


SKY COVER
  AVERAGE SKY COVER 0.4


WEATHER CONDITIONS
 THE FOLLOWING WEATHER WAS RECORDED YESTERDAY.
  LIGHT RAIN


RELATIVE HUMIDITY (PERCENT)
 HIGHEST    83           900 PM
 LOWEST     39           100 PM
 AVERAGE    61

..........................................................


THE SPRINGFIELD MO CLIMATE NORMALS FOR TODAY
                         NORMAL    RECORD    YEAR
 MAXIMUM TEMPERATURE (F)   43        74      1967
 MINIMUM TEMPERATURE (F)   22       -11      1930


SUNRISE AND SUNSET
JANUARY 22 2017.......SUNRISE   723 AM CST   SUNSET   528 PM CST
JANUARY 23 2017.......SUNRISE   723 AM CST   SUNSET   529 PM CST


-  INDICATES NEGATIVE NUMBERS.
R  INDICATES RECORD WAS SET OR TIED.
MM INDICATES DATA IS MISSING.
T  INDICATES TRACE AMOUNT.




$$
