646
CDUS43 KSGF 102227
CLISGF


CLIMATE REPORT
NATIONAL WEATHER SERVICE SPRINGFIELD MO
426 PM CST SUN DEC 10 2017


...................................

...THE SPRINGFIELD MO CLIMATE SUMMARY FOR DECEMBER 10 2017...
VALID AS OF 0400 PM LOCAL TIME.

CLIMATE NORMAL PERIOD 1981 TO 2010
CLIMATE RECORD PERIOD 1888 TO 2017


WEATHER ITEM   OBSERVED TIME   RECORD YEAR NORMAL DEPARTURE LAST
                VALUE   (LST)  VALUE       VALUE  FROM      YEAR
                                                  NORMAL
..................................................................
TEMPERATURE (F)
 TODAY
  MAXIMUM         56    304 PM  71    1996  46     10       40
  MINIMUM         22    236 AM  -5    1995  26     -4       23
  AVERAGE         39                        36      3       32

PRECIPITATION (IN)
  TODAY            0.00          2.56 1897   0.11  -0.11     0.00
  MONTH TO DATE    0.05                      1.13  -1.08     0.17
  SINCE DEC 1      0.05                      1.13  -1.08     0.17
  SINCE JAN 1     46.08                     43.66   2.42    35.80

SNOWFALL (IN)
  TODAY            0.0
  MONTH TO DATE    0.0
  SINCE DEC 1      0.0
  SINCE JUL 1      0.0
  SNOW DEPTH       0

DEGREE DAYS
 HEATING
  TODAY           26                        29     -3       33
  MONTH TO DATE  231                       277    -46      308
  SINCE DEC 1    231                       277    -46      308
  SINCE JUL 1    915                      1156   -241      824

 COOLING
  TODAY            0                         0      0        0
  MONTH TO DATE    0                         0      0        0
  SINCE DEC 1      0                         0      0        0
  SINCE JAN 1   1467                      1389     78     1808
..................................................................


WIND (MPH)
  HIGHEST WIND SPEED    20   HIGHEST WIND DIRECTION     W (280)
  HIGHEST GUST SPEED    27   HIGHEST GUST DIRECTION     W (260)


SKY COVER
  AVERAGE SKY COVER 0.0


WEATHER CONDITIONS
 THE FOLLOWING WEATHER WAS RECORDED TODAY.
  NO SIGNIFICANT WEATHER WAS OBSERVED.


RELATIVE HUMIDITY (PERCENT)
 HIGHEST    77           200 AM
 LOWEST     30           300 PM
 AVERAGE    54

..........................................................


THE SPRINGFIELD MO CLIMATE NORMALS FOR TOMORROW
                         NORMAL    RECORD    YEAR
 MAXIMUM TEMPERATURE (F)   46        73      1949
 MINIMUM TEMPERATURE (F)   26         0      1962


SUNRISE AND SUNSET
DECEMBER 10 2017......SUNRISE   717 AM CST   SUNSET   456 PM CST
DECEMBER 11 2017......SUNRISE   717 AM CST   SUNSET   456 PM CST


-  INDICATES NEGATIVE NUMBERS.
R  INDICATES RECORD WAS SET OR TIED.
MM INDICATES DATA IS MISSING.
T  INDICATES TRACE AMOUNT.




$$
