000
CDUS43 KSGF 140628
CLISGF


CLIMATE REPORT
NATIONAL WEATHER SERVICE SPRINGFIELD MO
128 AM CDT SUN AUG 14 2016


...................................

...THE SPRINGFIELD MO CLIMATE SUMMARY FOR AUGUST 13 2016...

CLIMATE NORMAL PERIOD 1981 TO 2010
CLIMATE RECORD PERIOD 1888 TO 2016


WEATHER ITEM   OBSERVED TIME   RECORD YEAR NORMAL DEPARTURE LAST
                VALUE   (LST)  VALUE       VALUE  FROM      YEAR
                                                  NORMAL
..................................................................
TEMPERATURE (F)
 YESTERDAY
  MAXIMUM         86    309 PM 101    2010  90     -4       85
  MINIMUM         69   1143 PM  47    2004  67      2       63
                                      1967
  AVERAGE         78                        78      0       74

PRECIPITATION (IN)
  YESTERDAY        0.00          2.62 1946   0.11  -0.11     0.00
  MONTH TO DATE    1.36                      1.36   0.00     4.70
  SINCE JUN 1     13.11                      9.89   3.22    18.69
  SINCE JAN 1     24.36                     27.92  -3.56    34.09

SNOWFALL (IN)
  YESTERDAY        0.0
  MONTH TO DATE    0.0
  SINCE JUN 1      0.0
  SINCE JUL 1      0.0
  SNOW DEPTH       0

DEGREE DAYS
 HEATING
  YESTERDAY        0                         0      0        0
  MONTH TO DATE    0                         0      0        0
  SINCE JUN 1      0                         9     -9        1
  SINCE JUL 1      0                         0      0        0

 COOLING
  YESTERDAY       13                        14     -1        9
  MONTH TO DATE  226                       182     44      178
  SINCE JUN 1   1098                       855    243      991
  SINCE JAN 1   1218                       970    248     1133
..................................................................


WIND (MPH)
  HIGHEST WIND SPEED    20   HIGHEST WIND DIRECTION     N (20)
  HIGHEST GUST SPEED    24   HIGHEST GUST DIRECTION     N (360)
  AVERAGE WIND SPEED    10.4


SKY COVER
  AVERAGE SKY COVER 0.5


WEATHER CONDITIONS
 THE FOLLOWING WEATHER WAS RECORDED YESTERDAY.
  NO SIGNIFICANT WEATHER WAS OBSERVED.


RELATIVE HUMIDITY (PERCENT)
 HIGHEST    93           400 AM
 LOWEST     48           300 PM
 AVERAGE    71

..........................................................


THE SPRINGFIELD MO CLIMATE NORMALS FOR TODAY
                         NORMAL    RECORD    YEAR
 MAXIMUM TEMPERATURE (F)   90       102      2007
 MINIMUM TEMPERATURE (F)   67        53      1967


SUNRISE AND SUNSET
AUGUST 14 2016........SUNRISE   630 AM CDT   SUNSET   806 PM CDT
AUGUST 15 2016........SUNRISE   630 AM CDT   SUNSET   805 PM CDT


-  INDICATES NEGATIVE NUMBERS.
R  INDICATES RECORD WAS SET OR TIED.
MM INDICATES DATA IS MISSING.
T  INDICATES TRACE AMOUNT.




$$
