000
CDUS43 KSGF 160628
CLISGF


CLIMATE REPORT
NATIONAL WEATHER SERVICE SPRINGFIELD MO
127 AM CDT MON MAY 16 2016


...................................

...THE SPRINGFIELD MO CLIMATE SUMMARY FOR MAY 15 2016...

CLIMATE NORMAL PERIOD 1981 TO 2010
CLIMATE RECORD PERIOD 1888 TO 2016


WEATHER ITEM   OBSERVED TIME   RECORD YEAR NORMAL DEPARTURE LAST
                VALUE   (LST)  VALUE       VALUE  FROM      YEAR
                                                  NORMAL
..................................................................
TEMPERATURE (F)
 YESTERDAY
  MAXIMUM         66    239 PM  87    1957  75     -9       81
  MINIMUM         38    501 AM  35    1907  54    -16       66
  AVERAGE         52                        65    -13       74

PRECIPITATION (IN)
  YESTERDAY        0.01          1.72 1990   0.16  -0.15     0.21
  MONTH TO DATE    0.12                      2.65  -2.53     2.49
  SINCE MAR 1      5.56                     10.59  -5.03     9.06
  SINCE JAN 1      6.84                     15.58  -8.74    11.66

SNOWFALL (IN)
  YESTERDAY        0.0
  MONTH TO DATE    0.0
  SINCE MAR 1      T
  SINCE JUL 1      3.0
  SNOW DEPTH       0

DEGREE DAYS
 HEATING
  YESTERDAY       13                         3     10        0
  MONTH TO DATE   84                        64     20       29
  SINCE MAR 1    671                       945   -274      794
  SINCE JUL 1   3584                      4538   -954     4501

 COOLING
  YESTERDAY        0                         3     -3        9
  MONTH TO DATE   25                        27     -2       56
  SINCE MAR 1     52                        52      0       78
  SINCE JAN 1     52                        52      0       78
..................................................................


WIND (MPH)
  HIGHEST WIND SPEED    16   HIGHEST WIND DIRECTION    NE (50)
  HIGHEST GUST SPEED    20   HIGHEST GUST DIRECTION    NE (50)
  AVERAGE WIND SPEED     5.9


SKY COVER
  AVERAGE SKY COVER 0.2


WEATHER CONDITIONS
 THE FOLLOWING WEATHER WAS RECORDED YESTERDAY.
  LIGHT RAIN


RELATIVE HUMIDITY (PERCENT)
 HIGHEST    85           500 AM
 LOWEST     29          1000 AM
 AVERAGE    57

..........................................................


THE SPRINGFIELD MO CLIMATE NORMALS FOR TODAY
                         NORMAL    RECORD    YEAR
 MAXIMUM TEMPERATURE (F)   75        93      1972
 MINIMUM TEMPERATURE (F)   55        36      1997
                                             1890


SUNRISE AND SUNSET
MAY 16 2016...........SUNRISE   604 AM CDT   SUNSET   817 PM CDT
MAY 17 2016...........SUNRISE   603 AM CDT   SUNSET   817 PM CDT


-  INDICATES NEGATIVE NUMBERS.
R  INDICATES RECORD WAS SET OR TIED.
MM INDICATES DATA IS MISSING.
T  INDICATES TRACE AMOUNT.




$$
