000
CDUS43 KSGF 160654
CLISGF


CLIMATE REPORT
NATIONAL WEATHER SERVICE SPRINGFIELD MO
138 AM CDT FRI SEP 16 2016


...................................

...THE SPRINGFIELD MO CLIMATE SUMMARY FOR SEPTEMBER 15 2016...

CLIMATE NORMAL PERIOD 1981 TO 2010
CLIMATE RECORD PERIOD 1888 TO 2016


WEATHER ITEM   OBSERVED TIME   RECORD YEAR NORMAL DEPARTURE LAST
                VALUE   (LST)  VALUE       VALUE  FROM      YEAR
                                                  NORMAL
..................................................................
TEMPERATURE (F)
 YESTERDAY
  MAXIMUM         87    112 PM  98    1893  81      6       81
  MINIMUM         68    305 AM  38    1961  58     10       61
  AVERAGE         78                        69      9       71

PRECIPITATION (IN)
  YESTERDAY        0.09          3.08 1894   0.16  -0.07     0.00
  MONTH TO DATE    1.48                      2.32  -0.84     4.04
  SINCE SEP 1      1.48                      2.32  -0.84     4.04
  SINCE JAN 1     27.10                     32.43  -5.33    39.56

SNOWFALL (IN)
  YESTERDAY        0.0
  MONTH TO DATE    0.0
  SINCE SEP 1      0.0
  SINCE JUL 1      0.0
  SNOW DEPTH       0

DEGREE DAYS
 HEATING
  YESTERDAY        0                         1     -1        0
  MONTH TO DATE    0                         7     -7        8
  SINCE SEP 1      0                         7     -7        8
  SINCE JUL 1      0                         9     -9       11

 COOLING
  YESTERDAY       13                         6      7        6
  MONTH TO DATE  153                       116     37      155
  SINCE SEP 1    153                       116     37      155
  SINCE JAN 1   1585                      1302    283     1424
..................................................................


WIND (MPH)
  HIGHEST WIND SPEED    25   HIGHEST WIND DIRECTION     N (340)
  HIGHEST GUST SPEED    33   HIGHEST GUST DIRECTION     N (340)
  AVERAGE WIND SPEED     8.2


SKY COVER
  AVERAGE SKY COVER 0.2


WEATHER CONDITIONS
 THE FOLLOWING WEATHER WAS RECORDED YESTERDAY.
  THUNDERSTORM
  HEAVY RAIN
  LIGHT RAIN


RELATIVE HUMIDITY (PERCENT)
 HIGHEST    90           400 AM
 LOWEST     57           100 PM
 AVERAGE    74

..........................................................


THE SPRINGFIELD MO CLIMATE NORMALS FOR TODAY
                         NORMAL    RECORD    YEAR
 MAXIMUM TEMPERATURE (F)   80        95      1980
                                             1956
                                             1954
 MINIMUM TEMPERATURE (F)   58        41      1961


SUNRISE AND SUNSET
SEPTEMBER 16 2016.....SUNRISE   657 AM CDT   SUNSET   719 PM CDT
SEPTEMBER 17 2016.....SUNRISE   658 AM CDT   SUNSET   717 PM CDT


-  INDICATES NEGATIVE NUMBERS.
R  INDICATES RECORD WAS SET OR TIED.
MM INDICATES DATA IS MISSING.
T  INDICATES TRACE AMOUNT.




$$
