000
CDUS43 KSGF 252226
CLISGF


CLIMATE REPORT
NATIONAL WEATHER SERVICE SPRINGFIELD MO
526 PM CDT MON AUG 25 2014


...................................

...THE SPRINGFIELD MO CLIMATE SUMMARY FOR AUGUST 25 2014...
VALID TODAY AS OF 0500 PM LOCAL TIME.

CLIMATE NORMAL PERIOD 1981 TO 2010
CLIMATE RECORD PERIOD 1888 TO 2014


WEATHER ITEM   OBSERVED TIME   RECORD YEAR NORMAL DEPARTURE LAST
                VALUE   (LST)  VALUE       VALUE  FROM      YEAR
                                                  NORMAL
..................................................................
TEMPERATURE (F)
 TODAY
  MAXIMUM        101R   313 PM 100    1938  88     13       91
  MINIMUM         71    608 AM  50    1958  66      5       70
  AVERAGE         86                        77      9       81

PRECIPITATION (IN)
  TODAY            0.00          1.87 1981   0.13  -0.13     0.00
  MONTH TO DATE    1.17                      2.75  -1.58     5.84
  SINCE JUN 1      9.70                     11.28  -1.58    14.43
  SINCE JAN 1     21.18                     29.31  -8.13    38.15

SNOWFALL (IN)
  TODAY            0.0
  MONTH TO DATE    0.0
  SINCE JUN 1      0.0
  SINCE JUL 1      0.0
  SNOW DEPTH       0

DEGREE DAYS
 HEATING
  TODAY            0                         0      0        0
  MONTH TO DATE    0                         0      0        0
  SINCE JUN 1      0                         9     -9       14
  SINCE JUL 1      0                         0      0        0

 COOLING
  TODAY           21                        12      9       16
  MONTH TO DATE  361                       334     27      258
  SINCE JUN 1    947                      1007    -60      915
  SINCE JAN 1   1140                      1122     18     1042
..................................................................


WIND (MPH)
  HIGHEST WIND SPEED    12   HIGHEST WIND DIRECTION    SW (220)
  HIGHEST GUST SPEED    19   HIGHEST GUST DIRECTION     S (180)


SKY COVER
  AVERAGE SKY COVER 0.0


WEATHER CONDITIONS
 THE FOLLOWING WEATHER WAS RECORDED TODAY.
  NO SIGNIFICANT WEATHER WAS OBSERVED.


RELATIVE HUMIDITY (PERCENT)
 HIGHEST    79           300 AM
 LOWEST     26           200 PM
 AVERAGE    53

..........................................................


THE SPRINGFIELD MO CLIMATE NORMALS FOR TOMORROW
                         NORMAL    RECORD    YEAR
 MAXIMUM TEMPERATURE (F)   88       100      1938
 MINIMUM TEMPERATURE (F)   65        46      1962


SUNRISE AND SUNSET
AUGUST 25 2014........SUNRISE   638 AM CDT   SUNSET   752 PM CDT
AUGUST 26 2014........SUNRISE   639 AM CDT   SUNSET   751 PM CDT


-  INDICATES NEGATIVE NUMBERS.
R  INDICATES RECORD WAS SET OR TIED.
MM INDICATES DATA IS MISSING.
T  INDICATES TRACE AMOUNT.




$$
