000
CDUS43 KSGF 112229
CLISGF


CLIMATE REPORT
NATIONAL WEATHER SERVICE SPRINGFIELD MO
528 PM CDT TUE JUL 11 2017


...................................

...THE SPRINGFIELD MO CLIMATE SUMMARY FOR JULY 11 2017...
VALID TODAY AS OF 0500 PM LOCAL TIME.

CLIMATE NORMAL PERIOD 1981 TO 2010
CLIMATE RECORD PERIOD 1888 TO 2017


WEATHER ITEM   OBSERVED TIME   RECORD YEAR NORMAL DEPARTURE LAST
                VALUE   (LST)  VALUE       VALUE  FROM      YEAR
                                                  NORMAL
..................................................................
TEMPERATURE (F)
 TODAY
  MAXIMUM         91    359 PM 101    1966  89      2       89
                                      1901
  MINIMUM         71    448 AM  52    1975  68      3       70
  AVERAGE         81                        78      3       80

PRECIPITATION (IN)
  TODAY            0.00          2.97 2010   0.13  -0.13     0.00
  MONTH TO DATE    0.63                      1.48  -0.85     2.64
  SINCE JUN 1      5.62                      6.33  -0.71     7.06
  SINCE JAN 1     34.32                     24.36   9.96    18.31

SNOWFALL (IN)
  TODAY            0.0
  MONTH TO DATE    0.0
  SINCE JUN 1      0.0
  SINCE JUL 1      0.0
  SNOW DEPTH       0

DEGREE DAYS
 HEATING
  TODAY            0                         0      0        0
  MONTH TO DATE    0                         0      0        0
  SINCE JUN 1      0                         9     -9        0
  SINCE JUL 1      0                         0      0        0

 COOLING
  TODAY           16                        13      3       15
  MONTH TO DATE  140                       138      2      150
  SINCE JUN 1    410                       401      9      546
  SINCE JAN 1    558                       516     42      666
..................................................................


WIND (MPH)
  HIGHEST WIND SPEED    17   HIGHEST WIND DIRECTION     S (170)
  HIGHEST GUST SPEED    20   HIGHEST GUST DIRECTION     S (190)


SKY COVER
  AVERAGE SKY COVER 0.1


WEATHER CONDITIONS
 THE FOLLOWING WEATHER WAS RECORDED TODAY.
  NO SIGNIFICANT WEATHER WAS OBSERVED.


RELATIVE HUMIDITY (PERCENT)
 HIGHEST    93           200 AM
 LOWEST     52           200 PM
 AVERAGE    73

..........................................................


THE SPRINGFIELD MO CLIMATE NORMALS FOR TOMORROW
                         NORMAL    RECORD    YEAR
 MAXIMUM TEMPERATURE (F)   89       108      1954
 MINIMUM TEMPERATURE (F)   68        52      1975


SUNRISE AND SUNSET
JULY 11 2017..........SUNRISE   603 AM CDT   SUNSET   835 PM CDT
JULY 12 2017..........SUNRISE   603 AM CDT   SUNSET   835 PM CDT


-  INDICATES NEGATIVE NUMBERS.
R  INDICATES RECORD WAS SET OR TIED.
MM INDICATES DATA IS MISSING.
T  INDICATES TRACE AMOUNT.




$$
