000
CDUS43 KSGF 072326
CLISGF


CLIMATE REPORT
NATIONAL WEATHER SERVICE SPRINGFIELD MO
526 PM CST TUE NOV 7 2017


...................................

...THE SPRINGFIELD MO CLIMATE SUMMARY FOR NOVEMBER 7 2017...
VALID TODAY AS OF 0500 PM LOCAL TIME.

CLIMATE NORMAL PERIOD 1981 TO 2010
CLIMATE RECORD PERIOD 1888 TO 2017


WEATHER ITEM   OBSERVED TIME   RECORD YEAR NORMAL DEPARTURE LAST
                VALUE   (LST)  VALUE       VALUE  FROM      YEAR
                                                  NORMAL
..................................................................
TEMPERATURE (F)
 TODAY
  MAXIMUM         47   1220 AM  79    1915  61    -14       59
  MINIMUM         41    435 PM  12    1991  39      2       53
  AVERAGE         44                        50     -6       56

PRECIPITATION (IN)
  TODAY            T             1.62 1918   0.14  -0.14     0.17
  MONTH TO DATE    0.01                      0.96  -0.95     1.82
  SINCE SEP 1      3.09                      9.16  -6.07     9.51
  SINCE JAN 1     45.67                     39.27   6.40    35.13

SNOWFALL (IN)
  TODAY            0.0
  MONTH TO DATE    0.0
  SINCE SEP 1      0.0
  SINCE JUL 1      0.0
  SNOW DEPTH       0

DEGREE DAYS
 HEATING
  TODAY           21                        15      6        9
  MONTH TO DATE   65                        97    -32       40
  SINCE SEP 1    304                       403    -99      142
  SINCE JUL 1    304                       405   -101      142

 COOLING
  TODAY            0                         0      0        0
  MONTH TO DATE    4                         0      4       14
  SINCE SEP 1    309                       201    108      373
  SINCE JAN 1   1467                      1387     80     1805
..................................................................


WIND (MPH)
  HIGHEST WIND SPEED    17   HIGHEST WIND DIRECTION    NE (30)
  HIGHEST GUST SPEED    21   HIGHEST GUST DIRECTION    NE (30)


SKY COVER
  AVERAGE SKY COVER 1.0


WEATHER CONDITIONS
 THE FOLLOWING WEATHER WAS RECORDED TODAY.
  LIGHT RAIN
  FOG


RELATIVE HUMIDITY (PERCENT)
 HIGHEST   100          1200 AM
 LOWEST     89           100 PM
 AVERAGE    95

..........................................................


THE SPRINGFIELD MO CLIMATE NORMALS FOR TOMORROW
                         NORMAL    RECORD    YEAR
 MAXIMUM TEMPERATURE (F)   60        80      2006
                                             1980
 MINIMUM TEMPERATURE (F)   39         7      1991


SUNRISE AND SUNSET
NOVEMBER  7 2017......SUNRISE   644 AM CST   SUNSET   510 PM CST
NOVEMBER  8 2017......SUNRISE   646 AM CST   SUNSET   509 PM CST


-  INDICATES NEGATIVE NUMBERS.
R  INDICATES RECORD WAS SET OR TIED.
MM INDICATES DATA IS MISSING.
T  INDICATES TRACE AMOUNT.




$$
