000
CDUS43 KSGF 202132
CLISGF


CLIMATE REPORT
NATIONAL WEATHER SERVICE SPRINGFIELD MO
432 PM CDT SAT AUG 20 2016


...................................

...THE SPRINGFIELD MO CLIMATE SUMMARY FOR AUGUST 20 2016...
VALID AS OF 0400 PM LOCAL TIME.

CLIMATE NORMAL PERIOD 1981 TO 2010
CLIMATE RECORD PERIOD 1888 TO 2016


WEATHER ITEM   OBSERVED TIME   RECORD YEAR NORMAL DEPARTURE LAST
                VALUE   (LST)  VALUE       VALUE  FROM      YEAR
                                                  NORMAL
..................................................................
TEMPERATURE (F)
 TODAY
  MAXIMUM         80    224 PM 101    1962  89     -9       79
  MINIMUM         67    534 AM  47    1967  67      0       52
  AVERAGE         74                        78     -4       66

PRECIPITATION (IN)
  TODAY            0.02          2.93 2007   0.12  -0.10     0.00
  MONTH TO DATE    1.44                      2.15  -0.71     5.53
  SINCE JUN 1     13.19                     10.68   2.51    19.52
  SINCE JAN 1     24.44                     28.71  -4.27    34.92

SNOWFALL (IN)
  TODAY            0.0
  MONTH TO DATE    0.0
  SINCE JUN 1      0.0
  SINCE JUL 1      0.0
  SNOW DEPTH       0

DEGREE DAYS
 HEATING
  TODAY            0                         0      0        0
  MONTH TO DATE    0                         0      0        3
  SINCE JUN 1      0                         9     -9        4
  SINCE JUL 1      0                         0      0        3

 COOLING
  TODAY            9                        13     -4        1
  MONTH TO DATE  298                       273     25      238
  SINCE JUN 1   1170                       946    224     1051
  SINCE JAN 1   1290                      1061    229     1193
..................................................................


WIND (MPH)
  HIGHEST WIND SPEED    16   HIGHEST WIND DIRECTION     W (270)
  HIGHEST GUST SPEED    20   HIGHEST GUST DIRECTION     W (270)


SKY COVER
  AVERAGE SKY COVER 0.8


WEATHER CONDITIONS
 THE FOLLOWING WEATHER WAS RECORDED TODAY.
  LIGHT RAIN


RELATIVE HUMIDITY (PERCENT)
 HIGHEST    90           100 AM
 LOWEST     62           200 PM
 AVERAGE    76

..........................................................


THE SPRINGFIELD MO CLIMATE NORMALS FOR TOMORROW
                         NORMAL    RECORD    YEAR
 MAXIMUM TEMPERATURE (F)   89       100      2003
                                             1972
 MINIMUM TEMPERATURE (F)   66        46      1950


SUNRISE AND SUNSET
AUGUST 20 2016........SUNRISE   635 AM CDT   SUNSET   758 PM CDT
AUGUST 21 2016........SUNRISE   635 AM CDT   SUNSET   757 PM CDT


-  INDICATES NEGATIVE NUMBERS.
R  INDICATES RECORD WAS SET OR TIED.
MM INDICATES DATA IS MISSING.
T  INDICATES TRACE AMOUNT.




$$
