000
CDUS43 KSGF 172234
CLISGF


CLIMATE REPORT
NATIONAL WEATHER SERVICE SPRINGFIELD MO
534 PM CDT FRI MAR 17 2017


...................................

...THE SPRINGFIELD MO CLIMATE SUMMARY FOR MARCH 17 2017...
VALID TODAY AS OF 0500 PM LOCAL TIME.

CLIMATE NORMAL PERIOD 1981 TO 2010
CLIMATE RECORD PERIOD 1888 TO 2017


WEATHER ITEM   OBSERVED TIME   RECORD YEAR NORMAL DEPARTURE LAST
                VALUE   (LST)  VALUE       VALUE  FROM      YEAR
                                                  NORMAL
..................................................................
TEMPERATURE (F)
 TODAY
  MAXIMUM         74    300 PM  83    1982  58     16       63
  MINIMUM         47    201 AM  13    1900  36     11       41
  AVERAGE         61                        47     14       52

PRECIPITATION (IN)
  TODAY            0.00          1.41 2008   0.12  -0.12     0.00
  MONTH TO DATE    1.29                      1.88  -0.59     1.85
  SINCE MAR 1      1.29                      1.88  -0.59     1.85
  SINCE JAN 1      5.75                      6.87  -1.12     3.13

SNOWFALL (IN)
  TODAY            0.0
  MONTH TO DATE    0.1
  SINCE MAR 1      0.1
  SINCE JUL 1      1.8
  SNOW DEPTH       0

DEGREE DAYS
 HEATING
  TODAY            4                        18    -14       13
  MONTH TO DATE  317                       354    -37      186
  SINCE MAR 1    317                       354    -37      186
  SINCE JUL 1   3006                      3947   -941     3099

 COOLING
  TODAY            0                         0      0        0
  MONTH TO DATE    0                         0      0        0
  SINCE MAR 1      0                         0      0        0
  SINCE JAN 1      9                         0      9        0
..................................................................


WIND (MPH)
  HIGHEST WIND SPEED    20   HIGHEST WIND DIRECTION     W (270)
  HIGHEST GUST SPEED    25   HIGHEST GUST DIRECTION    SW (230)


SKY COVER
  AVERAGE SKY COVER 0.9


WEATHER CONDITIONS
 THE FOLLOWING WEATHER WAS RECORDED TODAY.
  NO SIGNIFICANT WEATHER WAS OBSERVED.


RELATIVE HUMIDITY (PERCENT)
 HIGHEST    83           700 AM
 LOWEST     57           300 PM
 AVERAGE    70

..........................................................


THE SPRINGFIELD MO CLIMATE NORMALS FOR TOMORROW
                         NORMAL    RECORD    YEAR
 MAXIMUM TEMPERATURE (F)   58        83      1907
 MINIMUM TEMPERATURE (F)   36         3      1923


SUNRISE AND SUNSET
MARCH 17 2017.........SUNRISE   721 AM CDT   SUNSET   723 PM CDT
MARCH 18 2017.........SUNRISE   720 AM CDT   SUNSET   724 PM CDT


-  INDICATES NEGATIVE NUMBERS.
R  INDICATES RECORD WAS SET OR TIED.
MM INDICATES DATA IS MISSING.
T  INDICATES TRACE AMOUNT.




$$
