000
CDUS43 KSGF 140638
CLISGF


CLIMATE REPORT
NATIONAL WEATHER SERVICE SPRINGFIELD MO
1238 AM CST SAT JAN 14 2017


...................................

...THE SPRINGFIELD MO CLIMATE SUMMARY FOR JANUARY 13 2017...

CLIMATE NORMAL PERIOD 1981 TO 2010
CLIMATE RECORD PERIOD 1888 TO 2017


WEATHER ITEM   OBSERVED TIME   RECORD YEAR NORMAL DEPARTURE LAST
                VALUE   (LST)  VALUE       VALUE  FROM      YEAR
                                                  NORMAL
..................................................................
TEMPERATURE (F)
 YESTERDAY
  MAXIMUM         34   1156 PM  69    1996  42     -8       56
                                      1928
  MINIMUM         29   1222 AM -12    1912  22      7       20
  AVERAGE         32                        32      0       38

PRECIPITATION (IN)
  YESTERDAY        1.80          2.16 1995   0.08   1.72     0.00
  MONTH TO DATE    1.85                      1.10   0.75     0.69
  SINCE DEC 1      2.47                      4.14  -1.67    12.12
  SINCE JAN 1      1.85                      1.10   0.75     0.69

SNOWFALL (IN)
  YESTERDAY       MM
  MONTH TO DATE    1.5
  SINCE DEC 1      1.7
  SINCE JUL 1      1.7
  SNOW DEPTH       T

DEGREE DAYS
 HEATING
  YESTERDAY       33                        33      0       27
  MONTH TO DATE  408                       426    -18      414
  SINCE DEC 1   1305                      1357    -52     1063
  SINCE JUL 1   1821                      2236   -415     1708

 COOLING
  YESTERDAY        0                         0      0        0
  MONTH TO DATE    0                         0      0        0
  SINCE DEC 1      0                         0      0        0
  SINCE JAN 1      0                         0      0        0
..................................................................


WIND (MPH)
  HIGHEST WIND SPEED    16   HIGHEST WIND DIRECTION     E (70)
  HIGHEST GUST SPEED    21   HIGHEST GUST DIRECTION     E (70)
  AVERAGE WIND SPEED     6.8


SKY COVER
  AVERAGE SKY COVER 1.0


WEATHER CONDITIONS
 THE FOLLOWING WEATHER WAS RECORDED YESTERDAY.
  THUNDERSTORM
  RAIN
  LIGHT RAIN
  FREEZING RAIN
  LT FREEZING RAIN
  FOG


RELATIVE HUMIDITY (PERCENT)
 HIGHEST   100           900 PM
 LOWEST     63           100 AM
 AVERAGE    82

..........................................................


THE SPRINGFIELD MO CLIMATE NORMALS FOR TODAY
                         NORMAL    RECORD    YEAR
 MAXIMUM TEMPERATURE (F)   43        72      1928
 MINIMUM TEMPERATURE (F)   22       -12      1979


SUNRISE AND SUNSET
JANUARY 14 2017.......SUNRISE   727 AM CST   SUNSET   519 PM CST
JANUARY 15 2017.......SUNRISE   726 AM CST   SUNSET   520 PM CST


-  INDICATES NEGATIVE NUMBERS.
R  INDICATES RECORD WAS SET OR TIED.
MM INDICATES DATA IS MISSING.
T  INDICATES TRACE AMOUNT.




$$
