000
CDUS43 KSGF 080626
CLISGF


CLIMATE REPORT
NATIONAL WEATHER SERVICE SPRINGFIELD MO
1226 AM CST MON FEB 8 2016


...................................

...THE SPRINGFIELD MO CLIMATE SUMMARY FOR FEBRUARY 7 2016...

CLIMATE NORMAL PERIOD 1981 TO 2010
CLIMATE RECORD PERIOD 1888 TO 2016


WEATHER ITEM   OBSERVED TIME   RECORD YEAR NORMAL DEPARTURE LAST
                VALUE   (LST)  VALUE       VALUE  FROM      YEAR
                                                  NORMAL
..................................................................
TEMPERATURE (F)
 YESTERDAY
  MAXIMUM         51    320 PM  74    2015  46      5       74
  MINIMUM         30    656 AM -10    1933  24      6       34
                                      1895
  AVERAGE         41                        35      6       54

PRECIPITATION (IN)
  YESTERDAY        0.00          1.12 1890   0.09  -0.09     0.00
  MONTH TO DATE    0.05                      0.54  -0.49     0.40
  SINCE DEC 1     12.40                      6.05   6.35     2.98
  SINCE JAN 1      0.97                      3.01  -2.04     1.21

SNOWFALL (IN)
  YESTERDAY        0.0
  MONTH TO DATE    T
  SINCE DEC 1      3.0
  SINCE JUL 1      3.0
  SNOW DEPTH       0

DEGREE DAYS
 HEATING
  YESTERDAY       24                        30     -6       11
  MONTH TO DATE  179                       214    -35      214
  SINCE DEC 1   1773                      2148   -375     1972
  SINCE JUL 1   2418                      3027   -609     2922

 COOLING
  YESTERDAY        0                         0      0        0
  MONTH TO DATE    0                         0      0        0
  SINCE DEC 1      0                         0      0        0
  SINCE JAN 1      0                         0      0        0
..................................................................


WIND (MPH)
  HIGHEST WIND SPEED    30   HIGHEST WIND DIRECTION    NW (330)
  HIGHEST GUST SPEED    37   HIGHEST GUST DIRECTION    NW (320)
  AVERAGE WIND SPEED    12.3


SKY COVER
  AVERAGE SKY COVER 0.2


WEATHER CONDITIONS
 THE FOLLOWING WEATHER WAS RECORDED YESTERDAY.
  NO SIGNIFICANT WEATHER WAS OBSERVED.


RELATIVE HUMIDITY (PERCENT)
 HIGHEST    78           600 AM
 LOWEST     31           600 PM
 AVERAGE    55

..........................................................


THE SPRINGFIELD MO CLIMATE NORMALS FOR TODAY
                         NORMAL    RECORD    YEAR
 MAXIMUM TEMPERATURE (F)   46        72      1943
 MINIMUM TEMPERATURE (F)   24       -17      1895


SUNRISE AND SUNSET
FEBRUARY  8 2016......SUNRISE   710 AM CST   SUNSET   545 PM CST
FEBRUARY  9 2016......SUNRISE   709 AM CST   SUNSET   546 PM CST


-  INDICATES NEGATIVE NUMBERS.
R  INDICATES RECORD WAS SET OR TIED.
MM INDICATES DATA IS MISSING.
T  INDICATES TRACE AMOUNT.




$$
