000
CDUS43 KSGF 040626
CLISGF


CLIMATE REPORT
NATIONAL WEATHER SERVICE SPRINGFIELD MO
1226 AM CST SUN DEC 4 2016


...................................

...THE SPRINGFIELD MO CLIMATE SUMMARY FOR DECEMBER 3 2016...

CLIMATE NORMAL PERIOD 1981 TO 2010
CLIMATE RECORD PERIOD 1888 TO 2016


WEATHER ITEM   OBSERVED TIME   RECORD YEAR NORMAL DEPARTURE LAST
                VALUE   (LST)  VALUE       VALUE  FROM      YEAR
                                                  NORMAL
..................................................................
TEMPERATURE (F)
 YESTERDAY
  MAXIMUM         48    134 PM  74    2012  48      0       53
                                      1916
  MINIMUM         39   1159 PM   4    1895  28     11       25
  AVERAGE         44                        38      6       39

PRECIPITATION (IN)
  YESTERDAY        0.02          1.64 1982   0.12  -0.10     0.00
  MONTH TO DATE    0.02                      0.36  -0.34     0.00
  SINCE DEC 1      0.02                      0.36  -0.34     0.00
  SINCE JAN 1     35.65                     42.89  -7.24    48.31

SNOWFALL (IN)
  YESTERDAY        0.0
  MONTH TO DATE    0.0
  SINCE DEC 1      0.0
  SINCE JUL 1      0.0
  SNOW DEPTH       0

DEGREE DAYS
 HEATING
  YESTERDAY       21                        27     -6       26
  MONTH TO DATE   69                        79    -10       81
  SINCE DEC 1     69                        79    -10       81
  SINCE JUL 1    585                       958   -373      726

 COOLING
  YESTERDAY        0                         0      0        0
  MONTH TO DATE    0                         0      0        0
  SINCE DEC 1      0                         0      0        0
  SINCE JAN 1   1808                      1389    419     1555
..................................................................


WIND (MPH)
  HIGHEST WIND SPEED    21   HIGHEST WIND DIRECTION    SE (150)
  HIGHEST GUST SPEED    25   HIGHEST GUST DIRECTION    SE (150)
  AVERAGE WIND SPEED    10.9


SKY COVER
  AVERAGE SKY COVER 0.7


WEATHER CONDITIONS
 THE FOLLOWING WEATHER WAS RECORDED YESTERDAY.
  LIGHT RAIN


RELATIVE HUMIDITY (PERCENT)
 HIGHEST    85           800 PM
 LOWEST     42          1200 AM
 AVERAGE    64

..........................................................


THE SPRINGFIELD MO CLIMATE NORMALS FOR TODAY
                         NORMAL    RECORD    YEAR
 MAXIMUM TEMPERATURE (F)   48        74      1933
 MINIMUM TEMPERATURE (F)   28         7      1893


SUNRISE AND SUNSET
DECEMBER  4 2016......SUNRISE   712 AM CST   SUNSET   456 PM CST
DECEMBER  5 2016......SUNRISE   713 AM CST   SUNSET   456 PM CST


-  INDICATES NEGATIVE NUMBERS.
R  INDICATES RECORD WAS SET OR TIED.
MM INDICATES DATA IS MISSING.
T  INDICATES TRACE AMOUNT.




$$
