000
CDUS43 KSGF 170626
CLISGF


CLIMATE REPORT
NATIONAL WEATHER SERVICE SPRINGFIELD MO
125 AM CDT THU JUL 17 2014


...................................

...THE SPRINGFIELD MO CLIMATE SUMMARY FOR JULY 16 2014...

CLIMATE NORMAL PERIOD 1981 TO 2010
CLIMATE RECORD PERIOD 1888 TO 2014


WEATHER ITEM   OBSERVED TIME   RECORD YEAR NORMAL DEPARTURE LAST
                VALUE   (LST)  VALUE       VALUE  FROM      YEAR
                                                  NORMAL
..................................................................
TEMPERATURE (F)
 YESTERDAY
  MAXIMUM         77    324 PM 104    1980  89    -12       91
  MINIMUM         54R   507 AM  54    1970  68    -14       71
  AVERAGE         66                        78    -12       81

PRECIPITATION (IN)
  YESTERDAY        0.00          2.18 1958   0.12  -0.12     0.19
  MONTH TO DATE    2.25                      2.09   0.16     1.57
  SINCE JUN 1      8.48                      6.94   1.54     3.83
  SINCE JAN 1     19.96                     24.97  -5.01    27.55

SNOWFALL (IN)
  YESTERDAY        0.0
  MONTH TO DATE    0.0
  SINCE JUN 1      0.0
  SINCE JUL 1      0.0
  SNOW DEPTH       0

DEGREE DAYS
 HEATING
  YESTERDAY        0                         0      0        0
  MONTH TO DATE    0                         0      0        0
  SINCE JUN 1      0                         9     -9       14
  SINCE JUL 1      0                         0      0        0

 COOLING
  YESTERDAY        1                        13    -12       16
  MONTH TO DATE  141                       203    -62      194
  SINCE JUN 1    435                       466    -31      478
  SINCE JAN 1    628                       581     47      605
..................................................................


WIND (MPH)
  HIGHEST WIND SPEED    10   HIGHEST WIND DIRECTION    NE (50)
  HIGHEST GUST SPEED    13   HIGHEST GUST DIRECTION    NE (40)
  AVERAGE WIND SPEED     3.3


SKY COVER
  AVERAGE SKY COVER 0.3


WEATHER CONDITIONS
 THE FOLLOWING WEATHER WAS RECORDED YESTERDAY.
  NO SIGNIFICANT WEATHER WAS OBSERVED.


RELATIVE HUMIDITY (PERCENT)
 HIGHEST    93           200 AM
 LOWEST     46          1200 PM
 AVERAGE    70

..........................................................


THE SPRINGFIELD MO CLIMATE NORMALS FOR TODAY
                         NORMAL    RECORD    YEAR
 MAXIMUM TEMPERATURE (F)   89       107      1954
 MINIMUM TEMPERATURE (F)   68        52      1976
                                             1967


SUNRISE AND SUNSET
JULY 17 2014..........SUNRISE   607 AM CDT   SUNSET   832 PM CDT
JULY 18 2014..........SUNRISE   607 AM CDT   SUNSET   832 PM CDT


-  INDICATES NEGATIVE NUMBERS.
R  INDICATES RECORD WAS SET OR TIED.
MM INDICATES DATA IS MISSING.
T  INDICATES TRACE AMOUNT.




$$
