000
CDUS43 KSGF 150626
CLISGF


CLIMATE REPORT
NATIONAL WEATHER SERVICE SPRINGFIELD MO
126 AM CDT THU SEP 15 2016


...................................

...THE SPRINGFIELD MO CLIMATE SUMMARY FOR SEPTEMBER 14 2016...

CLIMATE NORMAL PERIOD 1981 TO 2010
CLIMATE RECORD PERIOD 1888 TO 2016


WEATHER ITEM   OBSERVED TIME   RECORD YEAR NORMAL DEPARTURE LAST
                VALUE   (LST)  VALUE       VALUE  FROM      YEAR
                                                  NORMAL
..................................................................
TEMPERATURE (F)
 YESTERDAY
  MAXIMUM         87    248 PM 102    1893  81      6       82
  MINIMUM         68   1159 PM  43    1974  58     10       59
  AVERAGE         78                        70      8       71

PRECIPITATION (IN)
  YESTERDAY        0.22          3.84 1962   0.15   0.07     0.00
  MONTH TO DATE    1.39                      2.16  -0.77     4.04
  SINCE SEP 1      1.39                      2.16  -0.77     4.04
  SINCE JAN 1     27.01                     32.27  -5.26    39.56

SNOWFALL (IN)
  YESTERDAY        0.0
  MONTH TO DATE    0.0
  SINCE SEP 1      0.0
  SINCE JUL 1      0.0
  SNOW DEPTH       0

DEGREE DAYS
 HEATING
  YESTERDAY        0                         1     -1        0
  MONTH TO DATE    0                         6     -6        8
  SINCE SEP 1      0                         6     -6        8
  SINCE JUL 1      0                         8     -8       11

 COOLING
  YESTERDAY       13                         6      7        6
  MONTH TO DATE  140                       110     30      149
  SINCE SEP 1    140                       110     30      149
  SINCE JAN 1   1572                      1296    276     1418
..................................................................


WIND (MPH)
  HIGHEST WIND SPEED    21   HIGHEST WIND DIRECTION     N (350)
  HIGHEST GUST SPEED    24   HIGHEST GUST DIRECTION     N (340)
  AVERAGE WIND SPEED     5.2


SKY COVER
  AVERAGE SKY COVER 0.1


WEATHER CONDITIONS
 THE FOLLOWING WEATHER WAS RECORDED YESTERDAY.
  THUNDERSTORM
  HEAVY RAIN
  RAIN
  LIGHT RAIN


RELATIVE HUMIDITY (PERCENT)
 HIGHEST    87           600 AM
 LOWEST     57           300 PM
 AVERAGE    72

..........................................................


THE SPRINGFIELD MO CLIMATE NORMALS FOR TODAY
                         NORMAL    RECORD    YEAR
 MAXIMUM TEMPERATURE (F)   81        98      1893
 MINIMUM TEMPERATURE (F)   58        38      1961


SUNRISE AND SUNSET
SEPTEMBER 15 2016.....SUNRISE   656 AM CDT   SUNSET   720 PM CDT
SEPTEMBER 16 2016.....SUNRISE   657 AM CDT   SUNSET   719 PM CDT


-  INDICATES NEGATIVE NUMBERS.
R  INDICATES RECORD WAS SET OR TIED.
MM INDICATES DATA IS MISSING.
T  INDICATES TRACE AMOUNT.




$$
