987
CDUS43 KSGF 030627
CLISGF


CLIMATE REPORT
NATIONAL WEATHER SERVICE SPRINGFIELD MO
1226 AM CST WED FEB 3 2016


...................................

...THE SPRINGFIELD MO CLIMATE SUMMARY FOR FEBRUARY 2 2016...

CLIMATE NORMAL PERIOD 1981 TO 2010
CLIMATE RECORD PERIOD 1888 TO 2016


WEATHER ITEM   OBSERVED TIME   RECORD YEAR NORMAL DEPARTURE LAST
                VALUE   (LST)  VALUE       VALUE  FROM      YEAR
                                                  NORMAL
..................................................................
TEMPERATURE (F)
 YESTERDAY
  MAXIMUM         62    306 PM  74    2003  45     17       28
  MINIMUM         36   1159 PM -11    1951  23     13       16
  AVERAGE         49                        34     15       22

PRECIPITATION (IN)
  YESTERDAY        0.05          0.83 1892   0.07  -0.02      T
  MONTH TO DATE    0.05                      0.15  -0.10     0.35
  SINCE DEC 1     12.40                      5.66   6.74     2.93
  SINCE JAN 1      0.97                      2.62  -1.65     1.16

SNOWFALL (IN)
  YESTERDAY       MM
  MONTH TO DATE    0.0
  SINCE DEC 1      3.0
  SINCE JUL 1      3.0
  SNOW DEPTH       0

DEGREE DAYS
 HEATING
  YESTERDAY       16                        31    -15       43
  MONTH TO DATE   35                        62    -27       77
  SINCE DEC 1   1629                      1996   -367     1835
  SINCE JUL 1   2274                      2875   -601     2785

 COOLING
  YESTERDAY        0                         0      0        0
  MONTH TO DATE    0                         0      0        0
  SINCE DEC 1      0                         0      0        0
  SINCE JAN 1      0                         0      0        0
..................................................................


WIND (MPH)
  HIGHEST WIND SPEED    36   HIGHEST WIND DIRECTION    SW (220)
  HIGHEST GUST SPEED    44   HIGHEST GUST DIRECTION    SW (220)
  AVERAGE WIND SPEED    21.7


SKY COVER
  AVERAGE SKY COVER 0.5


WEATHER CONDITIONS
 THE FOLLOWING WEATHER WAS RECORDED YESTERDAY.
  LIGHT RAIN
  FOG


RELATIVE HUMIDITY (PERCENT)
 HIGHEST    83           500 AM
 LOWEST     20           300 PM
 AVERAGE    52

..........................................................


THE SPRINGFIELD MO CLIMATE NORMALS FOR TODAY
                         NORMAL    RECORD    YEAR
 MAXIMUM TEMPERATURE (F)   45        76      1962
 MINIMUM TEMPERATURE (F)   23        -9      2011


SUNRISE AND SUNSET
FEBRUARY  3 2016......SUNRISE   715 AM CST   SUNSET   540 PM CST
FEBRUARY  4 2016......SUNRISE   714 AM CST   SUNSET   541 PM CST


-  INDICATES NEGATIVE NUMBERS.
R  INDICATES RECORD WAS SET OR TIED.
MM INDICATES DATA IS MISSING.
T  INDICATES TRACE AMOUNT.




$$
