430
CDUS43 KSGF 192245
CLISGF


CLIMATE REPORT
NATIONAL WEATHER SERVICE SPRINGFIELD MO
545 PM CDT FRI MAY 19 2017


...................................

...THE SPRINGFIELD MO CLIMATE SUMMARY FOR MAY 19 2017...
VALID TODAY AS OF 0500 PM LOCAL TIME.

CLIMATE NORMAL PERIOD 1981 TO 2010
CLIMATE RECORD PERIOD 1888 TO 2017


WEATHER ITEM   OBSERVED TIME   RECORD YEAR NORMAL DEPARTURE LAST
                VALUE   (LST)  VALUE       VALUE  FROM      YEAR
                                                  NORMAL
..................................................................
TEMPERATURE (F)
 TODAY
  MAXIMUM         79    223 PM  91    1987  76      3       67
  MINIMUM         62    604 AM  38    1968  55      7       46
                                      1894
  AVERAGE         71                        66      5       57

PRECIPITATION (IN)
  TODAY            1.03          2.70 1943   0.15   0.88     0.11
  MONTH TO DATE    4.16                      3.28   0.88     3.74
  SINCE MAR 1     20.98                     11.22   9.76     9.18
  SINCE JAN 1     25.44                     16.21   9.23    10.46

SNOWFALL (IN)
  TODAY            0.0
  MONTH TO DATE    0.0
  SINCE MAR 1      0.1
  SINCE JUL 1      1.8
  SNOW DEPTH       0

DEGREE DAYS
 HEATING
  TODAY            0                         2     -2        8
  MONTH TO DATE   49                        75    -26      121
  SINCE MAR 1    640                       956   -316      708
  SINCE JUL 1   3329                      4549  -1220     3621

 COOLING
  TODAY            6                         3      3        0
  MONTH TO DATE   63                        39     24       25
  SINCE MAR 1    104                        64     40       52
  SINCE JAN 1    113                        64     49       52
..................................................................


WIND (MPH)
  HIGHEST WIND SPEED    30   HIGHEST WIND DIRECTION     W (250)
  HIGHEST GUST SPEED    41   HIGHEST GUST DIRECTION     W (270)


SKY COVER
  AVERAGE SKY COVER 0.7


WEATHER CONDITIONS
 THE FOLLOWING WEATHER WAS RECORDED TODAY.
  THUNDERSTORM
  HEAVY RAIN
  RAIN
  LIGHT RAIN
  FOG


RELATIVE HUMIDITY (PERCENT)
 HIGHEST    93           300 AM
 LOWEST     62          1200 PM
 AVERAGE    78

..........................................................


THE SPRINGFIELD MO CLIMATE NORMALS FOR TOMORROW
                         NORMAL    RECORD    YEAR
 MAXIMUM TEMPERATURE (F)   76        90      1964
 MINIMUM TEMPERATURE (F)   56        38      1981


SUNRISE AND SUNSET
MAY 19 2017...........SUNRISE   602 AM CDT   SUNSET   819 PM CDT
MAY 20 2017...........SUNRISE   601 AM CDT   SUNSET   820 PM CDT


-  INDICATES NEGATIVE NUMBERS.
R  INDICATES RECORD WAS SET OR TIED.
MM INDICATES DATA IS MISSING.
T  INDICATES TRACE AMOUNT.




$$
