000
CDUS43 KSGF 042326
CLISGF


CLIMATE REPORT
NATIONAL WEATHER SERVICE SPRINGFIELD MO
526 PM CST WED JAN 4 2017


...................................

...THE SPRINGFIELD MO CLIMATE SUMMARY FOR JANUARY 4 2017...
VALID TODAY AS OF 0500 PM LOCAL TIME.

CLIMATE NORMAL PERIOD 1981 TO 2010
CLIMATE RECORD PERIOD 1888 TO 2017


WEATHER ITEM   OBSERVED TIME   RECORD YEAR NORMAL DEPARTURE LAST
                VALUE   (LST)  VALUE       VALUE  FROM      YEAR
                                                  NORMAL
..................................................................
TEMPERATURE (F)
 TODAY
  MAXIMUM         32    301 PM  68    1888  42    -10       37
  MINIMUM         13    733 AM  -7    1959  23    -10       21
  AVERAGE         23                        32     -9       29

PRECIPITATION (IN)
  TODAY            0.00          1.93 2005   0.09  -0.09     0.00
  MONTH TO DATE    T                         0.35  -0.35     0.00
  SINCE DEC 1      0.62                      3.39  -2.77    11.43
  SINCE JAN 1      T                         0.35  -0.35     0.00

SNOWFALL (IN)
  TODAY            0.0
  MONTH TO DATE    0.0
  SINCE DEC 1      0.2
  SINCE JUL 1      0.2
  SNOW DEPTH       0

DEGREE DAYS
 HEATING
  TODAY           42                        33      9       36
  MONTH TO DATE  115                       129    -14      126
  SINCE DEC 1   1012                      1060    -48      775
  SINCE JUL 1   1528                      1939   -411     1420

 COOLING
  TODAY            0                         0      0        0
  MONTH TO DATE    0                         0      0        0
  SINCE DEC 1      0                         0      0        0
  SINCE JAN 1      0                         0      0        0
..................................................................


WIND (MPH)
  HIGHEST WIND SPEED    18   HIGHEST WIND DIRECTION     N (350)
  HIGHEST GUST SPEED    22   HIGHEST GUST DIRECTION     N (350)


SKY COVER
  AVERAGE SKY COVER 0.0


WEATHER CONDITIONS
 THE FOLLOWING WEATHER WAS RECORDED TODAY.
  NO SIGNIFICANT WEATHER WAS OBSERVED.


RELATIVE HUMIDITY (PERCENT)
 HIGHEST    88           600 AM
 LOWEST     31           500 PM
 AVERAGE    60

..........................................................


THE SPRINGFIELD MO CLIMATE NORMALS FOR TOMORROW
                         NORMAL    RECORD    YEAR
 MAXIMUM TEMPERATURE (F)   42        69      1956
 MINIMUM TEMPERATURE (F)   23       -12      1940


SUNRISE AND SUNSET
JANUARY  4 2017.......SUNRISE   728 AM CST   SUNSET   510 PM CST
JANUARY  5 2017.......SUNRISE   728 AM CST   SUNSET   511 PM CST


-  INDICATES NEGATIVE NUMBERS.
R  INDICATES RECORD WAS SET OR TIED.
MM INDICATES DATA IS MISSING.
T  INDICATES TRACE AMOUNT.




$$
