000
CDUS43 KSGF 220627
CLISGF


CLIMATE REPORT
NATIONAL WEATHER SERVICE SPRINGFIELD MO
1226 AM CST MON DEC 22 2014


...................................

...THE SPRINGFIELD MO CLIMATE SUMMARY FOR DECEMBER 21 2014...

CLIMATE NORMAL PERIOD 1981 TO 2010
CLIMATE RECORD PERIOD 1888 TO 2014


WEATHER ITEM   OBSERVED TIME   RECORD YEAR NORMAL DEPARTURE LAST
                VALUE   (LST)  VALUE       VALUE  FROM      YEAR
                                                  NORMAL
..................................................................
TEMPERATURE (F)
 YESTERDAY
  MAXIMUM         43   1118 PM  70    1889  43      0       34
  MINIMUM         40    913 AM  -7    1989  24     16       30
  AVERAGE         42                        34      8       32

PRECIPITATION (IN)
  YESTERDAY        T             1.31 1967   0.09  -0.09     1.01
  MONTH TO DATE    1.32                      2.17  -0.85     2.55
  SINCE DEC 1      1.32                      2.17  -0.85     2.55
  SINCE JAN 1     38.14                     44.70  -6.56    51.83

SNOWFALL (IN)
  YESTERDAY        0.0
  MONTH TO DATE    0.5
  SINCE DEC 1      0.5
  SINCE JUL 1      2.2
  SNOW DEPTH       0

DEGREE DAYS
 HEATING
  YESTERDAY       23                        31     -8       33
  MONTH TO DATE  526                       612    -86      645
  SINCE DEC 1    526                       612    -86      645
  SINCE JUL 1   1476                      1491    -15     1582

 COOLING
  YESTERDAY        0                         0      0        0
  MONTH TO DATE    0                         0      0        0
  SINCE DEC 1      0                         0      0        0
  SINCE JAN 1   1470                      1389     81     1417
..................................................................


WIND (MPH)
  HIGHEST WIND SPEED    20   HIGHEST WIND DIRECTION    SE (150)
  HIGHEST GUST SPEED    25   HIGHEST GUST DIRECTION    SE (140)
  AVERAGE WIND SPEED    12.3


SKY COVER
  AVERAGE SKY COVER 1.0


WEATHER CONDITIONS
 THE FOLLOWING WEATHER WAS RECORDED YESTERDAY.
  FOG


RELATIVE HUMIDITY (PERCENT)
 HIGHEST    92           900 AM
 LOWEST     76           300 PM
 AVERAGE    84

..........................................................


THE SPRINGFIELD MO CLIMATE NORMALS FOR TODAY
                         NORMAL    RECORD    YEAR
 MAXIMUM TEMPERATURE (F)   43        69      1982
 MINIMUM TEMPERATURE (F)   24       -15      1989


SUNRISE AND SUNSET
DECEMBER 22 2014......SUNRISE   724 AM CST   SUNSET   500 PM CST
DECEMBER 23 2014......SUNRISE   725 AM CST   SUNSET   501 PM CST


-  INDICATES NEGATIVE NUMBERS.
R  INDICATES RECORD WAS SET OR TIED.
MM INDICATES DATA IS MISSING.
T  INDICATES TRACE AMOUNT.




$$
