000
CDUS43 KSGF 060636
CLISGF


CLIMATE REPORT
NATIONAL WEATHER SERVICE SPRINGFIELD MO
136 AM CDT FRI OCT 6 2017


...................................

...THE SPRINGFIELD MO CLIMATE SUMMARY FOR OCTOBER 5 2017...

CLIMATE NORMAL PERIOD 1981 TO 2010
CLIMATE RECORD PERIOD 1888 TO 2017


WEATHER ITEM   OBSERVED TIME   RECORD YEAR NORMAL DEPARTURE LAST
                VALUE   (LST)  VALUE       VALUE  FROM      YEAR
                                                  NORMAL
..................................................................
TEMPERATURE (F)
 YESTERDAY
  MAXIMUM         79    422 PM  93    1981  73      6       81
  MINIMUM         66    536 AM  31    1979  50     16       61
  AVERAGE         73                        61     12       71

PRECIPITATION (IN)
  YESTERDAY        T             2.43 1998   0.12  -0.12     0.76
  MONTH TO DATE    0.10                      0.62  -0.52     0.77
  SINCE SEP 1      0.69                      5.23  -4.54     4.66
  SINCE JAN 1     43.27                     35.34   7.93    30.28

SNOWFALL (IN)
  YESTERDAY        0.0
  MONTH TO DATE    0.0
  SINCE SEP 1      0.0
  SINCE JUL 1      0.0
  SNOW DEPTH       0

DEGREE DAYS
 HEATING
  YESTERDAY        0                         5     -5        0
  MONTH TO DATE    0                        25    -25        4
  SINCE SEP 1      8                        78    -70       18
  SINCE JUL 1      8                        80    -72       18

 COOLING
  YESTERDAY        8                         2      6        6
  MONTH TO DATE   38                        10     28       19
  SINCE SEP 1    256                       183     73      285
  SINCE JAN 1   1414                      1369     45     1717
..................................................................


WIND (MPH)
  HIGHEST WIND SPEED    13   HIGHEST WIND DIRECTION    SW (210)
  HIGHEST GUST SPEED    17   HIGHEST GUST DIRECTION     S (160)
  AVERAGE WIND SPEED     4.8


SKY COVER
  AVERAGE SKY COVER 0.8


WEATHER CONDITIONS
 THE FOLLOWING WEATHER WAS RECORDED YESTERDAY.
  NO SIGNIFICANT WEATHER WAS OBSERVED.


RELATIVE HUMIDITY (PERCENT)
 HIGHEST   100          1200 AM
 LOWEST     67           100 PM
 AVERAGE    84

..........................................................


THE SPRINGFIELD MO CLIMATE NORMALS FOR TODAY
                         NORMAL    RECORD    YEAR
 MAXIMUM TEMPERATURE (F)   72        89      1938
 MINIMUM TEMPERATURE (F)   50        30      1964


SUNRISE AND SUNSET
OCTOBER  6 2017.......SUNRISE   714 AM CDT   SUNSET   649 PM CDT
OCTOBER  7 2017.......SUNRISE   714 AM CDT   SUNSET   647 PM CDT


-  INDICATES NEGATIVE NUMBERS.
R  INDICATES RECORD WAS SET OR TIED.
MM INDICATES DATA IS MISSING.
T  INDICATES TRACE AMOUNT.




$$
