000
CDUS43 KSGF 172129
CLISGF


CLIMATE REPORT
NATIONAL WEATHER SERVICE SPRINGFIELD MO
429 PM CDT SUN JUL 17 2016


...................................

...THE SPRINGFIELD MO CLIMATE SUMMARY FOR JULY 17 2016...
VALID AS OF 0400 PM LOCAL TIME.

CLIMATE NORMAL PERIOD 1981 TO 2010
CLIMATE RECORD PERIOD 1888 TO 2016


WEATHER ITEM   OBSERVED TIME   RECORD YEAR NORMAL DEPARTURE LAST
                VALUE   (LST)  VALUE       VALUE  FROM      YEAR
                                                  NORMAL
..................................................................
TEMPERATURE (F)
 TODAY
  MAXIMUM         92    251 PM 107    1954  89      3       91
  MINIMUM         75    613 AM  52    1976  68      7       73
                                      1967
  AVERAGE         84                        78      6       82

PRECIPITATION (IN)
  TODAY            0.00          1.79 1960   0.12  -0.12     0.00
  MONTH TO DATE    3.17                      2.21   0.96     7.92
  SINCE JUN 1      7.59                      7.06   0.53    12.70
  SINCE JAN 1     18.84                     25.09  -6.25    28.10

SNOWFALL (IN)
  TODAY            0.0
  MONTH TO DATE    0.0
  SINCE JUN 1      0.0
  SINCE JUL 1      0.0
  SNOW DEPTH       0

DEGREE DAYS
 HEATING
  TODAY            0                         0      0        0
  MONTH TO DATE    0                         0      0        0
  SINCE JUN 1      0                         9     -9        1
  SINCE JUL 1      0                         0      0        0

 COOLING
  TODAY           19                        13      6       17
  MONTH TO DATE  231                       216     15      228
  SINCE JUN 1    627                       479    148      578
  SINCE JAN 1    747                       594    153      720
..................................................................


WIND (MPH)
  HIGHEST WIND SPEED    20   HIGHEST WIND DIRECTION     S (190)
  HIGHEST GUST SPEED    24   HIGHEST GUST DIRECTION     S (160)


SKY COVER
  AVERAGE SKY COVER 0.0


WEATHER CONDITIONS
 THE FOLLOWING WEATHER WAS RECORDED TODAY.
  NO SIGNIFICANT WEATHER WAS OBSERVED.


RELATIVE HUMIDITY (PERCENT)
 HIGHEST    87           200 AM
 LOWEST     52           100 PM
 AVERAGE    70

..........................................................


THE SPRINGFIELD MO CLIMATE NORMALS FOR TOMORROW
                         NORMAL    RECORD    YEAR
 MAXIMUM TEMPERATURE (F)   89       108      1954
 MINIMUM TEMPERATURE (F)   68        53      1984


SUNRISE AND SUNSET
JULY 17 2016..........SUNRISE   607 AM CDT   SUNSET   832 PM CDT
JULY 18 2016..........SUNRISE   608 AM CDT   SUNSET   832 PM CDT


-  INDICATES NEGATIVE NUMBERS.
R  INDICATES RECORD WAS SET OR TIED.
MM INDICATES DATA IS MISSING.
T  INDICATES TRACE AMOUNT.




$$
