000
CDUS43 KSGF 210625
CLISGF


CLIMATE REPORT
NATIONAL WEATHER SERVICE SPRINGFIELD MO
125 AM CDT SUN SEP 21 2014


...................................

...THE SPRINGFIELD MO CLIMATE SUMMARY FOR SEPTEMBER 20 2014...

CLIMATE NORMAL PERIOD 1981 TO 2010
CLIMATE RECORD PERIOD 1888 TO 2014


WEATHER ITEM   OBSERVED TIME   RECORD YEAR NORMAL DEPARTURE LAST
                VALUE   (LST)  VALUE       VALUE  FROM      YEAR
                                                  NORMAL
..................................................................
TEMPERATURE (F)
 YESTERDAY
  MAXIMUM         85    233 PM  97    1954  78      7       69
  MINIMUM         63    307 AM  37    1991  56      7       52
  AVERAGE         74                        67      7       61

PRECIPITATION (IN)
  YESTERDAY        0.00          2.49 1992   0.15  -0.15     0.55
  MONTH TO DATE    4.99                      3.10   1.89     1.82
  SINCE SEP 1      4.99                      3.10   1.89     1.82
  SINCE JAN 1     26.96                     33.21  -6.25    39.97

SNOWFALL (IN)
  YESTERDAY        0.0
  MONTH TO DATE    0.0
  SINCE SEP 1      0.0
  SINCE JUL 1      0.0
  SNOW DEPTH       0

DEGREE DAYS
 HEATING
  YESTERDAY        0                         2     -2        4
  MONTH TO DATE   25                        17      8        4
  SINCE SEP 1     25                        17      8        4
  SINCE JUL 1     25                        19      6        4

 COOLING
  YESTERDAY        9                         4      5        0
  MONTH TO DATE  141                       140      1      206
  SINCE SEP 1    141                       140      1      206
  SINCE JAN 1   1387                      1326     61     1349
..................................................................


WIND (MPH)
  HIGHEST WIND SPEED    16   HIGHEST WIND DIRECTION    SW (230)
  HIGHEST GUST SPEED    21   HIGHEST GUST DIRECTION    SE (140)
  AVERAGE WIND SPEED     8.3


SKY COVER
  AVERAGE SKY COVER 0.1


WEATHER CONDITIONS
 THE FOLLOWING WEATHER WAS RECORDED YESTERDAY.
  FOG


RELATIVE HUMIDITY (PERCENT)
 HIGHEST   100           300 AM
 LOWEST     58           500 PM
 AVERAGE    79

..........................................................


THE SPRINGFIELD MO CLIMATE NORMALS FOR TODAY
                         NORMAL    RECORD    YEAR
 MAXIMUM TEMPERATURE (F)   78        93      1955
                                             1893
 MINIMUM TEMPERATURE (F)   55        37      1995
                                             1983


SUNRISE AND SUNSET
SEPTEMBER 21 2014.....SUNRISE   701 AM CDT   SUNSET   712 PM CDT
SEPTEMBER 22 2014.....SUNRISE   701 AM CDT   SUNSET   710 PM CDT


-  INDICATES NEGATIVE NUMBERS.
R  INDICATES RECORD WAS SET OR TIED.
MM INDICATES DATA IS MISSING.
T  INDICATES TRACE AMOUNT.




$$
