000
CDUS43 KSGF 112127
CLISGF


CLIMATE REPORT
NATIONAL WEATHER SERVICE SPRINGFIELD MO
426 PM CDT SUN JUN 11 2017


...................................

...THE SPRINGFIELD MO CLIMATE SUMMARY FOR JUNE 11 2017...
VALID AS OF 0400 PM LOCAL TIME.

CLIMATE NORMAL PERIOD 1981 TO 2010
CLIMATE RECORD PERIOD 1888 TO 2017


WEATHER ITEM   OBSERVED TIME   RECORD YEAR NORMAL DEPARTURE LAST
                VALUE   (LST)  VALUE       VALUE  FROM      YEAR
                                                  NORMAL
..................................................................
TEMPERATURE (F)
 TODAY
  MAXIMUM         88    154 PM  99    1953  83      5       90
  MINIMUM         67    530 AM  48    1979  62      5       69
  AVERAGE         78                        72      6       80

PRECIPITATION (IN)
  TODAY            0.00          2.34 2007   0.16  -0.16     0.00
  MONTH TO DATE    0.31                      1.76  -1.45     0.22
  SINCE JUN 1      0.31                      1.76  -1.45     0.22
  SINCE JAN 1     29.01                     19.79   9.22    11.47

SNOWFALL (IN)
  TODAY            0.0
  MONTH TO DATE    0.0
  SINCE JUN 1      0.0
  SINCE JUL 1      1.8
  SNOW DEPTH       0

DEGREE DAYS
 HEATING
  TODAY            0                         0      0        0
  MONTH TO DATE    0                         7     -7        0
  SINCE JUN 1      0                         7     -7        0
  SINCE JUL 1   3355                      4576  -1221     3629

 COOLING
  TODAY           13                         8      5       15
  MONTH TO DATE   83                        74      9       94
  SINCE JUN 1     83                        74      9       94
  SINCE JAN 1    231                       189     42      214
..................................................................


WIND (MPH)
  HIGHEST WIND SPEED    24   HIGHEST WIND DIRECTION     S (200)
  HIGHEST GUST SPEED    34   HIGHEST GUST DIRECTION     S (170)


SKY COVER
  AVERAGE SKY COVER 0.0


WEATHER CONDITIONS
 THE FOLLOWING WEATHER WAS RECORDED TODAY.
  NO SIGNIFICANT WEATHER WAS OBSERVED.


RELATIVE HUMIDITY (PERCENT)
 HIGHEST    84           100 AM
 LOWEST     43           300 PM
 AVERAGE    64

..........................................................


THE SPRINGFIELD MO CLIMATE NORMALS FOR TOMORROW
                         NORMAL    RECORD    YEAR
 MAXIMUM TEMPERATURE (F)   83        99      1953
 MINIMUM TEMPERATURE (F)   62        48      1903


SUNRISE AND SUNSET
JUNE 11 2017..........SUNRISE   553 AM CDT   SUNSET   834 PM CDT
JUNE 12 2017..........SUNRISE   553 AM CDT   SUNSET   834 PM CDT


-  INDICATES NEGATIVE NUMBERS.
R  INDICATES RECORD WAS SET OR TIED.
MM INDICATES DATA IS MISSING.
T  INDICATES TRACE AMOUNT.




$$
