000
CDUS43 KSGF 190631
CLISGF


CLIMATE REPORT
NATIONAL WEATHER SERVICE SPRINGFIELD MO
1231 AM CST MON JAN 19 2015


...................................

...THE SPRINGFIELD MO CLIMATE SUMMARY FOR JANUARY 18 2015...

CLIMATE NORMAL PERIOD 1981 TO 2010
CLIMATE RECORD PERIOD 1888 TO 2015


WEATHER ITEM   OBSERVED TIME   RECORD YEAR NORMAL DEPARTURE LAST
                VALUE   (LST)  VALUE       VALUE  FROM      YEAR
                                                  NORMAL
..................................................................
TEMPERATURE (F)
 YESTERDAY
  MAXIMUM         62    315 PM  68    1974  43     19       51
  MINIMUM         33    749 AM -17    1930  22     11       19
  AVERAGE         48                        32     16       35

PRECIPITATION (IN)
  YESTERDAY        0.00          1.40 1973   0.08  -0.08     0.00
  MONTH TO DATE    0.72                      1.50  -0.78     1.26
  SINCE DEC 1      2.49                      4.54  -2.05     3.82
  SINCE JAN 1      0.72                      1.50  -0.78     1.26

SNOWFALL (IN)
  YESTERDAY        0.0
  MONTH TO DATE    0.0
  SINCE DEC 1      0.5
  SINCE JUL 1      2.2
  SNOW DEPTH       0

DEGREE DAYS
 HEATING
  YESTERDAY       17                        33    -16       30
  MONTH TO DATE  632                       591     41      643
  SINCE DEC 1   1452                      1522    -70     1629
  SINCE JUL 1   2402                      2401      1     2566

 COOLING
  YESTERDAY        0                         0      0        0
  MONTH TO DATE    0                         0      0        0
  SINCE DEC 1      0                         0      0        0
  SINCE JAN 1      0                         0      0        0
..................................................................


WIND (MPH)
  HIGHEST WIND SPEED    24   HIGHEST WIND DIRECTION    SW (210)
  HIGHEST GUST SPEED    31   HIGHEST GUST DIRECTION    SW (220)
  AVERAGE WIND SPEED    11.5


SKY COVER
  AVERAGE SKY COVER 0.0


WEATHER CONDITIONS
 THE FOLLOWING WEATHER WAS RECORDED YESTERDAY.
  NO SIGNIFICANT WEATHER WAS OBSERVED.


RELATIVE HUMIDITY (PERCENT)
 HIGHEST    56           500 AM
 LOWEST     17           300 PM
 AVERAGE    37

..........................................................


THE SPRINGFIELD MO CLIMATE NORMALS FOR TODAY
                         NORMAL    RECORD    YEAR
 MAXIMUM TEMPERATURE (F)   43        72      1951
 MINIMUM TEMPERATURE (F)   22       -13      1984


SUNRISE AND SUNSET
JANUARY 19 2015.......SUNRISE   725 AM CST   SUNSET   524 PM CST
JANUARY 20 2015.......SUNRISE   724 AM CST   SUNSET   525 PM CST


-  INDICATES NEGATIVE NUMBERS.
R  INDICATES RECORD WAS SET OR TIED.
MM INDICATES DATA IS MISSING.
T  INDICATES TRACE AMOUNT.




$$
