000
CDUS43 KSGF 162227
CLISGF


CLIMATE REPORT
NATIONAL WEATHER SERVICE SPRINGFIELD MO
526 PM CDT FRI JUN 16 2017


...................................

...THE SPRINGFIELD MO CLIMATE SUMMARY FOR JUNE 16 2017...
VALID TODAY AS OF 0500 PM LOCAL TIME.

CLIMATE NORMAL PERIOD 1981 TO 2010
CLIMATE RECORD PERIOD 1888 TO 2017


WEATHER ITEM   OBSERVED TIME   RECORD YEAR NORMAL DEPARTURE LAST
                VALUE   (LST)  VALUE       VALUE  FROM      YEAR
                                                  NORMAL
..................................................................
TEMPERATURE (F)
 TODAY
  MAXIMUM         88    359 PM  97    1952  84      4       94
  MINIMUM         68    516 AM  43    1989  63      5       72
  AVERAGE         78                        74      4       83

PRECIPITATION (IN)
  TODAY            T             2.38 1975   0.17  -0.17     0.00
  MONTH TO DATE    0.60                      2.58  -1.98     1.40
  SINCE JUN 1      0.60                      2.58  -1.98     1.40
  SINCE JAN 1     29.30                     20.61   8.69    12.65

SNOWFALL (IN)
  TODAY            0.0
  MONTH TO DATE    0.0
  SINCE JUN 1      0.0
  SINCE JUL 1      1.8
  SNOW DEPTH       0

DEGREE DAYS
 HEATING
  TODAY            0                         0      0        0
  MONTH TO DATE    0                         7     -7        0
  SINCE JUN 1      0                         7     -7        0
  SINCE JUL 1   3355                      4576  -1221     3629

 COOLING
  TODAY           13                         9      4       18
  MONTH TO DATE  154                       116     38      173
  SINCE JUN 1    154                       116     38      173
  SINCE JAN 1    302                       231     71      293
..................................................................


WIND (MPH)
  HIGHEST WIND SPEED    16   HIGHEST WIND DIRECTION     W (260)
  HIGHEST GUST SPEED    20   HIGHEST GUST DIRECTION     W (270)


SKY COVER
  AVERAGE SKY COVER 0.0


WEATHER CONDITIONS
 THE FOLLOWING WEATHER WAS RECORDED TODAY.
  LIGHT RAIN


RELATIVE HUMIDITY (PERCENT)
 HIGHEST    87           200 AM
 LOWEST     51          1000 AM
 AVERAGE    69

..........................................................


THE SPRINGFIELD MO CLIMATE NORMALS FOR TOMORROW
                         NORMAL    RECORD    YEAR
 MAXIMUM TEMPERATURE (F)   84        97      1918
 MINIMUM TEMPERATURE (F)   64        47      1999
                                             1974


SUNRISE AND SUNSET
JUNE 16 2017..........SUNRISE   553 AM CDT   SUNSET   836 PM CDT
JUNE 17 2017..........SUNRISE   553 AM CDT   SUNSET   836 PM CDT


-  INDICATES NEGATIVE NUMBERS.
R  INDICATES RECORD WAS SET OR TIED.
MM INDICATES DATA IS MISSING.
T  INDICATES TRACE AMOUNT.




$$
