000
CDUS43 KSGF 052133
CLISGF


CLIMATE REPORT
NATIONAL WEATHER SERVICE SPRINGFIELD MO
433 PM CDT SAT JUL 5 2014


...................................

...THE SPRINGFIELD MO CLIMATE SUMMARY FOR JULY 5 2014...
VALID AS OF 0400 PM LOCAL TIME.

CLIMATE NORMAL PERIOD 1981 TO 2010
CLIMATE RECORD PERIOD 1888 TO 2014


WEATHER ITEM   OBSERVED TIME   RECORD YEAR NORMAL DEPARTURE LAST
                VALUE   (LST)  VALUE       VALUE  FROM      YEAR
                                                  NORMAL
..................................................................
TEMPERATURE (F)
 TODAY
  MAXIMUM         82    259 PM 101    2012  88     -6       87
                                      1954
  MINIMUM         66    604 AM  46    1972  67     -1       62
  AVERAGE         74                        78     -4       75

PRECIPITATION (IN)
  TODAY            0.00          2.05 1932   0.14  -0.14     0.00
  MONTH TO DATE    T                         0.70  -0.70     0.49
  SINCE JUN 1      6.23                      5.55   0.68     2.75
  SINCE JAN 1     17.71                     23.58  -5.87    26.47

SNOWFALL (IN)
  TODAY            0.0
  MONTH TO DATE    0.0
  SINCE JUN 1      0.0
  SINCE JUL 1      0.0
  SNOW DEPTH       0

DEGREE DAYS
 HEATING
  TODAY            0                         0      0        0
  MONTH TO DATE    0                         0      0        0
  SINCE JUN 1      0                         9     -9       14
  SINCE JUL 1      0                         0      0        0

 COOLING
  TODAY            9                        12     -3       10
  MONTH TO DATE   32                        60    -28       31
  SINCE JUN 1    326                       323      3      315
  SINCE JAN 1    519                       438     81      442
..................................................................


WIND (MPH)
  HIGHEST WIND SPEED    20   HIGHEST WIND DIRECTION     S (170)
  HIGHEST GUST SPEED    24   HIGHEST GUST DIRECTION     S (160)


SKY COVER
  AVERAGE SKY COVER 0.3


WEATHER CONDITIONS
 THE FOLLOWING WEATHER WAS RECORDED TODAY.
  NO SIGNIFICANT WEATHER WAS OBSERVED.


RELATIVE HUMIDITY (PERCENT)
 HIGHEST    81           200 AM
 LOWEST     58           300 PM
 AVERAGE    70

..........................................................


THE SPRINGFIELD MO CLIMATE NORMALS FOR TOMORROW
                         NORMAL    RECORD    YEAR
 MAXIMUM TEMPERATURE (F)   88       103      2012
 MINIMUM TEMPERATURE (F)   67        44      1972


SUNRISE AND SUNSET
JULY  5 2014..........SUNRISE   559 AM CDT   SUNSET   837 PM CDT
JULY  6 2014..........SUNRISE   559 AM CDT   SUNSET   837 PM CDT


-  INDICATES NEGATIVE NUMBERS.
R  INDICATES RECORD WAS SET OR TIED.
MM INDICATES DATA IS MISSING.
T  INDICATES TRACE AMOUNT.




$$
