083
CDUS43 KSGF 152229
CLISGF


CLIMATE REPORT
NATIONAL WEATHER SERVICE SPRINGFIELD MO
528 PM CDT MON MAY 15 2017


...................................

...THE SPRINGFIELD MO CLIMATE SUMMARY FOR MAY 15 2017...
VALID TODAY AS OF 0500 PM LOCAL TIME.

CLIMATE NORMAL PERIOD 1981 TO 2010
CLIMATE RECORD PERIOD 1888 TO 2017


WEATHER ITEM   OBSERVED TIME   RECORD YEAR NORMAL DEPARTURE LAST
                VALUE   (LST)  VALUE       VALUE  FROM      YEAR
                                                  NORMAL
..................................................................
TEMPERATURE (F)
 TODAY
  MAXIMUM         84    301 PM  87    1957  75      9       66
  MINIMUM         59    539 AM  35    1907  54      5       38
  AVERAGE         72                        65      7       52

PRECIPITATION (IN)
  TODAY            0.00          1.72 1990   0.16  -0.16     0.01
  MONTH TO DATE    3.10                      2.65   0.45     0.12
  SINCE MAR 1     19.92                     10.59   9.33     5.56
  SINCE JAN 1     24.38                     15.58   8.80     6.84

SNOWFALL (IN)
  TODAY            0.0
  MONTH TO DATE    0.0
  SINCE MAR 1      0.1
  SINCE JUL 1      1.8
  SNOW DEPTH       0

DEGREE DAYS
 HEATING
  TODAY            0                         3     -3       13
  MONTH TO DATE   49                        64    -15       84
  SINCE MAR 1    640                       945   -305      671
  SINCE JUL 1   3329                      4538  -1209     3584

 COOLING
  TODAY            7                         3      4        0
  MONTH TO DATE   28                        27      1       25
  SINCE MAR 1     69                        52     17       52
  SINCE JAN 1     78                        52     26       52
..................................................................


WIND (MPH)
  HIGHEST WIND SPEED    15   HIGHEST WIND DIRECTION     S (190)
  HIGHEST GUST SPEED    20   HIGHEST GUST DIRECTION     S (180)


SKY COVER
  AVERAGE SKY COVER 0.0


WEATHER CONDITIONS
 THE FOLLOWING WEATHER WAS RECORDED TODAY.
  NO SIGNIFICANT WEATHER WAS OBSERVED.


RELATIVE HUMIDITY (PERCENT)
 HIGHEST    80           500 AM
 LOWEST     51           100 PM
 AVERAGE    66

..........................................................


THE SPRINGFIELD MO CLIMATE NORMALS FOR TOMORROW
                         NORMAL    RECORD    YEAR
 MAXIMUM TEMPERATURE (F)   75        93      1972
 MINIMUM TEMPERATURE (F)   55        36      1997
                                             1890


SUNRISE AND SUNSET
MAY 15 2017...........SUNRISE   605 AM CDT   SUNSET   816 PM CDT
MAY 16 2017...........SUNRISE   604 AM CDT   SUNSET   816 PM CDT


-  INDICATES NEGATIVE NUMBERS.
R  INDICATES RECORD WAS SET OR TIED.
MM INDICATES DATA IS MISSING.
T  INDICATES TRACE AMOUNT.




$$
