000
CDUS43 KSGF 092138
CLISGF


CLIMATE REPORT
NATIONAL WEATHER SERVICE SPRINGFIELD MO
438 PM CDT SAT JUL 9 2016


...................................

...THE SPRINGFIELD MO CLIMATE SUMMARY FOR JULY 9 2016...
VALID AS OF 0400 PM LOCAL TIME.

CLIMATE NORMAL PERIOD 1981 TO 2010
CLIMATE RECORD PERIOD 1888 TO 2016


WEATHER ITEM   OBSERVED TIME   RECORD YEAR NORMAL DEPARTURE LAST
                VALUE   (LST)  VALUE       VALUE  FROM      YEAR
                                                  NORMAL
..................................................................
TEMPERATURE (F)
 TODAY
  MAXIMUM         89    147 PM 103    1978  88      1       76
  MINIMUM         70    554 AM  53    1961  67      3       68
                                      1891
  AVERAGE         80                        78      2       72

PRECIPITATION (IN)
  TODAY            0.00          1.19 1933   0.13  -0.13     0.96
  MONTH TO DATE    2.64                      1.22   1.42     7.66
  SINCE JUN 1      7.06                      6.07   0.99    12.44
  SINCE JAN 1     18.31                     24.10  -5.79    27.84

SNOWFALL (IN)
  TODAY            0.0
  MONTH TO DATE    0.0
  SINCE JUN 1      0.0
  SINCE JUL 1      0.0
  SNOW DEPTH       0

DEGREE DAYS
 HEATING
  TODAY            0                         0      0        0
  MONTH TO DATE    0                         0      0        0
  SINCE JUN 1      0                         9     -9        1
  SINCE JUL 1      0                         0      0        0

 COOLING
  TODAY           15                        13      2        7
  MONTH TO DATE  119                       112      7       95
  SINCE JUN 1    515                       375    140      445
  SINCE JAN 1    635                       490    145      587
..................................................................


WIND (MPH)
  HIGHEST WIND SPEED    21   HIGHEST WIND DIRECTION     S (190)
  HIGHEST GUST SPEED    31   HIGHEST GUST DIRECTION     S (180)


SKY COVER
  AVERAGE SKY COVER 0.1


WEATHER CONDITIONS
 THE FOLLOWING WEATHER WAS RECORDED TODAY.
  NO SIGNIFICANT WEATHER WAS OBSERVED.


RELATIVE HUMIDITY (PERCENT)
 HIGHEST    93           100 AM
 LOWEST     53           100 PM
 AVERAGE    73

..........................................................


THE SPRINGFIELD MO CLIMATE NORMALS FOR TOMORROW
                         NORMAL    RECORD    YEAR
 MAXIMUM TEMPERATURE (F)   88       102      2011
 MINIMUM TEMPERATURE (F)   68        53      1961


SUNRISE AND SUNSET
JULY  9 2016..........SUNRISE   602 AM CDT   SUNSET   836 PM CDT
JULY 10 2016..........SUNRISE   602 AM CDT   SUNSET   836 PM CDT


-  INDICATES NEGATIVE NUMBERS.
R  INDICATES RECORD WAS SET OR TIED.
MM INDICATES DATA IS MISSING.
T  INDICATES TRACE AMOUNT.




$$
