000
CDUS43 KSGF 110630
CLISGF


CLIMATE REPORT
NATIONAL WEATHER SERVICE SPRINGFIELD MO
129 AM CDT FRI AUG 11 2017


...................................

...THE SPRINGFIELD MO CLIMATE SUMMARY FOR AUGUST 10 2017...

CLIMATE NORMAL PERIOD 1981 TO 2010
CLIMATE RECORD PERIOD 1888 TO 2017


WEATHER ITEM   OBSERVED TIME   RECORD YEAR NORMAL DEPARTURE LAST
                VALUE   (LST)  VALUE       VALUE  FROM      YEAR
                                                  NORMAL
..................................................................
TEMPERATURE (F)
 YESTERDAY
  MAXIMUM         84    524 PM 103    1936  90     -6       93
                                      1934
  MINIMUM         69    557 AM  50    1965  68      1       75
  AVERAGE         77                        79     -2       84

PRECIPITATION (IN)
  YESTERDAY        0.44          2.58 2009   0.11   0.33     0.00
  MONTH TO DATE    3.93                      1.02   2.91     1.28
  SINCE JUN 1     10.70                      9.55   1.15    13.03
  SINCE JAN 1     39.40                     27.58  11.82    24.28

SNOWFALL (IN)
  YESTERDAY        0.0
  MONTH TO DATE    0.0
  SINCE JUN 1      0.0
  SINCE JUL 1      0.0
  SNOW DEPTH       0

DEGREE DAYS
 HEATING
  YESTERDAY        0                         0      0        0
  MONTH TO DATE    0                         0      0        0
  SINCE JUN 1      0                         9     -9        0
  SINCE JUL 1      0                         0      0        0

 COOLING
  YESTERDAY       12                        14     -2       19
  MONTH TO DATE   88                       140    -52      174
  SINCE JUN 1    823                       813     10     1046
  SINCE JAN 1    971                       928     43     1166
..................................................................


WIND (MPH)
  HIGHEST WIND SPEED    15   HIGHEST WIND DIRECTION    SW (210)
  HIGHEST GUST SPEED    20   HIGHEST GUST DIRECTION     S (200)
  AVERAGE WIND SPEED     7.5


SKY COVER
  AVERAGE SKY COVER 0.5


WEATHER CONDITIONS
 THE FOLLOWING WEATHER WAS RECORDED YESTERDAY.
  THUNDERSTORM
  HEAVY RAIN
  RAIN
  LIGHT RAIN
  FOG


RELATIVE HUMIDITY (PERCENT)
 HIGHEST    93           900 AM
 LOWEST     65           200 PM
 AVERAGE    79

..........................................................


THE SPRINGFIELD MO CLIMATE NORMALS FOR TODAY
                         NORMAL    RECORD    YEAR
 MAXIMUM TEMPERATURE (F)   90       102      1935
                                             1934
 MINIMUM TEMPERATURE (F)   68        48      1967


SUNRISE AND SUNSET
AUGUST 11 2017........SUNRISE   627 AM CDT   SUNSET   810 PM CDT
AUGUST 12 2017........SUNRISE   628 AM CDT   SUNSET   809 PM CDT


-  INDICATES NEGATIVE NUMBERS.
R  INDICATES RECORD WAS SET OR TIED.
MM INDICATES DATA IS MISSING.
T  INDICATES TRACE AMOUNT.




$$
