000
CDUS43 KSGF 160627
CLISGF


CLIMATE REPORT
NATIONAL WEATHER SERVICE SPRINGFIELD MO
127 AM CDT FRI JUN 16 2017


...................................

...THE SPRINGFIELD MO CLIMATE SUMMARY FOR JUNE 15 2017...

CLIMATE NORMAL PERIOD 1981 TO 2010
CLIMATE RECORD PERIOD 1888 TO 2017


WEATHER ITEM   OBSERVED TIME   RECORD YEAR NORMAL DEPARTURE LAST
                VALUE   (LST)  VALUE       VALUE  FROM      YEAR
                                                  NORMAL
..................................................................
TEMPERATURE (F)
 YESTERDAY
  MAXIMUM         89    505 PM 101    1953  84      5       95
  MINIMUM         65    742 AM  47    1989  63      2       69
  AVERAGE         77                        74      3       82

PRECIPITATION (IN)
  YESTERDAY        0.29          4.07 1963   0.17   0.12     0.63
  MONTH TO DATE    0.60                      2.41  -1.81     1.40
  SINCE JUN 1      0.60                      2.41  -1.81     1.40
  SINCE JAN 1     29.30                     20.44   8.86    12.65

SNOWFALL (IN)
  YESTERDAY        0.0
  MONTH TO DATE    0.0
  SINCE JUN 1      0.0
  SINCE JUL 1      1.8
  SNOW DEPTH       0

DEGREE DAYS
 HEATING
  YESTERDAY        0                         0      0        0
  MONTH TO DATE    0                         7     -7        0
  SINCE JUN 1      0                         7     -7        0
  SINCE JUL 1   3355                      4576  -1221     3629

 COOLING
  YESTERDAY       12                         9      3       17
  MONTH TO DATE  141                       107     34      155
  SINCE JUN 1    141                       107     34      155
  SINCE JAN 1    289                       222     67      275
..................................................................


WIND (MPH)
  HIGHEST WIND SPEED    26   HIGHEST WIND DIRECTION     N (340)
  HIGHEST GUST SPEED    33   HIGHEST GUST DIRECTION     W (280)
  AVERAGE WIND SPEED    10.3


SKY COVER
  AVERAGE SKY COVER 0.2


WEATHER CONDITIONS
 THE FOLLOWING WEATHER WAS RECORDED YESTERDAY.
  THUNDERSTORM
  RAIN
  LIGHT RAIN
  FOG


RELATIVE HUMIDITY (PERCENT)
 HIGHEST   100           500 AM
 LOWEST     56           300 PM
 AVERAGE    78

..........................................................


THE SPRINGFIELD MO CLIMATE NORMALS FOR TODAY
                         NORMAL    RECORD    YEAR
 MAXIMUM TEMPERATURE (F)   84        97      1952
 MINIMUM TEMPERATURE (F)   63        43      1989


SUNRISE AND SUNSET
JUNE 16 2017..........SUNRISE   553 AM CDT   SUNSET   836 PM CDT
JUNE 17 2017..........SUNRISE   553 AM CDT   SUNSET   836 PM CDT


-  INDICATES NEGATIVE NUMBERS.
R  INDICATES RECORD WAS SET OR TIED.
MM INDICATES DATA IS MISSING.
T  INDICATES TRACE AMOUNT.




$$
