000
CDUS43 KSGF 050628
CLISGF


CLIMATE REPORT
NATIONAL WEATHER SERVICE SPRINGFIELD MO
1228 AM CST MON FEB 5 2018


...................................

...THE SPRINGFIELD MO CLIMATE SUMMARY FOR FEBRUARY 4 2018...

CLIMATE NORMAL PERIOD 1981 TO 2010
CLIMATE RECORD PERIOD 1888 TO 2018


WEATHER ITEM   OBSERVED TIME   RECORD YEAR NORMAL DEPARTURE LAST
                VALUE   (LST)  VALUE       VALUE  FROM      YEAR
                                                  NORMAL
..................................................................
TEMPERATURE (F)
 YESTERDAY
  MAXIMUM         38    412 AM  76    2008  45     -7       38
                                      1890
  MINIMUM          5   1159 PM  -8    1996  23    -18       25
  AVERAGE         22                        34    -12       32

PRECIPITATION (IN)
  YESTERDAY        0.02          0.82 1960   0.07  -0.05     0.00
  MONTH TO DATE    0.02                      0.30  -0.28     0.00
  SINCE DEC 1      3.50                      5.81  -2.31     4.69
  SINCE JAN 1      1.98                      2.77  -0.79     4.07

SNOWFALL (IN)
  YESTERDAY        0.9
  MONTH TO DATE    0.9
  SINCE DEC 1      5.4
  SINCE JUL 1      5.4
  SNOW DEPTH       0

DEGREE DAYS
 HEATING
  YESTERDAY       43                        31     12       33
  MONTH TO DATE  140                       124     16      127
  SINCE DEC 1   2032                      2058    -26     1821
  SINCE JUL 1   2716                      2937   -221     2337

 COOLING
  YESTERDAY        0                         0      0        0
  MONTH TO DATE    0                         0      0        0
  SINCE DEC 1      0                         0      0        0
  SINCE JAN 1      0                         0      0        0
..................................................................


WIND (MPH)
  HIGHEST WIND SPEED    28   HIGHEST WIND DIRECTION     N (340)
  HIGHEST GUST SPEED    35   HIGHEST GUST DIRECTION     N (350)
  AVERAGE WIND SPEED    12.4


SKY COVER
  AVERAGE SKY COVER 0.5


WEATHER CONDITIONS
 THE FOLLOWING WEATHER WAS RECORDED YESTERDAY.
  SNOW
  LIGHT SNOW
  FOG
  HAZE


RELATIVE HUMIDITY (PERCENT)
 HIGHEST    84           300 PM
 LOWEST     58           100 PM
 AVERAGE    71

..........................................................


THE SPRINGFIELD MO CLIMATE NORMALS FOR TODAY
                         NORMAL    RECORD    YEAR
 MAXIMUM TEMPERATURE (F)   46        71      1963
                                             1925
 MINIMUM TEMPERATURE (F)   24        -3      1906


SUNRISE AND SUNSET
FEBRUARY  5 2018......SUNRISE   713 AM CST   SUNSET   543 PM CST
FEBRUARY  6 2018......SUNRISE   712 AM CST   SUNSET   544 PM CST


-  INDICATES NEGATIVE NUMBERS.
R  INDICATES RECORD WAS SET OR TIED.
MM INDICATES DATA IS MISSING.
T  INDICATES TRACE AMOUNT.




$$
