000
CDUS43 KSGF 082226
CLISGF


CLIMATE REPORT
NATIONAL WEATHER SERVICE SPRINGFIELD MO
526 PM CDT FRI JUL 8 2016


...................................

...THE SPRINGFIELD MO CLIMATE SUMMARY FOR JULY 8 2016...
VALID TODAY AS OF 0500 PM LOCAL TIME.

CLIMATE NORMAL PERIOD 1981 TO 2010
CLIMATE RECORD PERIOD 1888 TO 2016


WEATHER ITEM   OBSERVED TIME   RECORD YEAR NORMAL DEPARTURE LAST
                VALUE   (LST)  VALUE       VALUE  FROM      YEAR
                                                  NORMAL
..................................................................
TEMPERATURE (F)
 TODAY
  MAXIMUM         84   1140 AM  99    2012  88     -4       78
  MINIMUM         69    454 AM  53    1891  67      2       68
  AVERAGE         77                        78     -1       73

PRECIPITATION (IN)
  TODAY            0.18          2.60 1933   0.13   0.05     0.90
  MONTH TO DATE    2.64                      1.09   1.55     6.70
  SINCE JUN 1      7.06                      5.94   1.12    11.48
  SINCE JAN 1     18.31                     23.97  -5.66    26.88

SNOWFALL (IN)
  TODAY            0.0
  MONTH TO DATE    0.0
  SINCE JUN 1      0.0
  SINCE JUL 1      0.0
  SNOW DEPTH       0

DEGREE DAYS
 HEATING
  TODAY            0                         0      0        0
  MONTH TO DATE    0                         0      0        0
  SINCE JUN 1      0                         9     -9        1
  SINCE JUL 1      0                         0      0        0

 COOLING
  TODAY           12                        13     -1        8
  MONTH TO DATE  104                        99      5       88
  SINCE JUN 1    500                       362    138      438
  SINCE JAN 1    620                       477    143      580
..................................................................


WIND (MPH)
  HIGHEST WIND SPEED    31   HIGHEST WIND DIRECTION    NE (40)
  HIGHEST GUST SPEED    38   HIGHEST GUST DIRECTION    NE (40)


SKY COVER
  AVERAGE SKY COVER 0.4


WEATHER CONDITIONS
 THE FOLLOWING WEATHER WAS RECORDED TODAY.
  THUNDERSTORM
  RAIN
  LIGHT RAIN
  FOG


RELATIVE HUMIDITY (PERCENT)
 HIGHEST    84           500 AM
 LOWEST     69           800 AM
 AVERAGE    77

..........................................................


THE SPRINGFIELD MO CLIMATE NORMALS FOR TOMORROW
                         NORMAL    RECORD    YEAR
 MAXIMUM TEMPERATURE (F)   88       103      1978
 MINIMUM TEMPERATURE (F)   67        53      1961
                                             1891


SUNRISE AND SUNSET
JULY  8 2016..........SUNRISE   601 AM CDT   SUNSET   836 PM CDT
JULY  9 2016..........SUNRISE   602 AM CDT   SUNSET   836 PM CDT


-  INDICATES NEGATIVE NUMBERS.
R  INDICATES RECORD WAS SET OR TIED.
MM INDICATES DATA IS MISSING.
T  INDICATES TRACE AMOUNT.




$$
