000
CDUS43 KSGF 092130
CLISGF


CLIMATE REPORT
NATIONAL WEATHER SERVICE SPRINGFIELD MO
429 PM CDT TUE MAY 9 2017


...................................

...THE SPRINGFIELD MO CLIMATE SUMMARY FOR MAY 9 2017...
VALID AS OF 0400 PM LOCAL TIME.

CLIMATE NORMAL PERIOD 1981 TO 2010
CLIMATE RECORD PERIOD 1888 TO 2017


WEATHER ITEM   OBSERVED TIME   RECORD YEAR NORMAL DEPARTURE LAST
                VALUE   (LST)  VALUE       VALUE  FROM      YEAR
                                                  NORMAL
..................................................................
TEMPERATURE (F)
 TODAY
  MAXIMUM         81    259 PM  89    2011  74      7       71
  MINIMUM         55    416 AM  32    1980  52      3       60
  AVERAGE         68                        63      5       66

PRECIPITATION (IN)
  TODAY            0.00          2.41 1943   0.18  -0.18     0.06
  MONTH TO DATE    1.94                      1.60   0.34     0.06
  SINCE MAR 1     18.76                      9.54   9.22     5.50
  SINCE JAN 1     23.22                     14.53   8.69     6.78

SNOWFALL (IN)
  TODAY            0.0
  MONTH TO DATE    0.0
  SINCE MAR 1      0.1
  SINCE JUL 1      1.8
  SNOW DEPTH       0

DEGREE DAYS
 HEATING
  TODAY            0                         4     -4        0
  MONTH TO DATE   48                        43      5       52
  SINCE MAR 1    639                       924   -285      639
  SINCE JUL 1   3328                      4517  -1189     3552

 COOLING
  TODAY            3                         2      1        1
  MONTH TO DATE   10                        13     -3        5
  SINCE MAR 1     51                        38     13       32
  SINCE JAN 1     60                        38     22       32
..................................................................


WIND (MPH)
  HIGHEST WIND SPEED    15   HIGHEST WIND DIRECTION    SW (240)
  HIGHEST GUST SPEED    20   HIGHEST GUST DIRECTION    SW (240)


SKY COVER
  AVERAGE SKY COVER 0.1


WEATHER CONDITIONS
 THE FOLLOWING WEATHER WAS RECORDED TODAY.
  NO SIGNIFICANT WEATHER WAS OBSERVED.


RELATIVE HUMIDITY (PERCENT)
 HIGHEST    93           600 AM
 LOWEST     49           300 PM
 AVERAGE    71

..........................................................


THE SPRINGFIELD MO CLIMATE NORMALS FOR TOMORROW
                         NORMAL    RECORD    YEAR
 MAXIMUM TEMPERATURE (F)   74        91      1963
 MINIMUM TEMPERATURE (F)   53        34      1924


SUNRISE AND SUNSET
MAY  9 2017...........SUNRISE   610 AM CDT   SUNSET   810 PM CDT
MAY 10 2017...........SUNRISE   609 AM CDT   SUNSET   811 PM CDT


-  INDICATES NEGATIVE NUMBERS.
R  INDICATES RECORD WAS SET OR TIED.
MM INDICATES DATA IS MISSING.
T  INDICATES TRACE AMOUNT.




$$
