187
CDUS43 KSGF 072226
CLISGF


CLIMATE REPORT
NATIONAL WEATHER SERVICE SPRINGFIELD MO
526 PM CDT THU MAY 7 2015


...................................

...THE SPRINGFIELD MO CLIMATE SUMMARY FOR MAY 7 2015...
VALID TODAY AS OF 0500 PM LOCAL TIME.

CLIMATE NORMAL PERIOD 1981 TO 2010
CLIMATE RECORD PERIOD 1888 TO 2015


WEATHER ITEM   OBSERVED TIME   RECORD YEAR NORMAL DEPARTURE LAST
                VALUE   (LST)  VALUE       VALUE  FROM      YEAR
                                                  NORMAL
..................................................................
TEMPERATURE (F)
 TODAY
  MAXIMUM         81    359 PM  88    1934  73      8       87
  MINIMUM         64    544 AM  31    1989  52     12       67
  AVERAGE         73                        62     11       77

PRECIPITATION (IN)
  TODAY            0.00          2.78 2002   0.18  -0.18     0.00
  MONTH TO DATE    0.12                      1.24  -1.12     0.00
  SINCE MAR 1      6.69                      9.18  -2.49     4.41
  SINCE JAN 1      9.29                     14.17  -4.88     6.20

SNOWFALL (IN)
  TODAY            0.0
  MONTH TO DATE    0.0
  SINCE MAR 1      1.2
  SINCE JUL 1     15.8
  SNOW DEPTH       0

DEGREE DAYS
 HEATING
  TODAY            0                         4     -4        0
  MONTH TO DATE    8                        35    -27       35
  SINCE MAR 1    773                       916   -143      988
  SINCE JUL 1   4480                      4509    -29     4943

 COOLING
  TODAY            8                         2      6       12
  MONTH TO DATE   29                         9     20       44
  SINCE MAR 1     51                        34     17       58
  SINCE JAN 1     51                        34     17       58
..................................................................


WIND (MPH)
  HIGHEST WIND SPEED    23   HIGHEST WIND DIRECTION     S (200)
  HIGHEST GUST SPEED    28   HIGHEST GUST DIRECTION     S (200)


SKY COVER
  AVERAGE SKY COVER 0.3


WEATHER CONDITIONS
 THE FOLLOWING WEATHER WAS RECORDED TODAY.
  NO SIGNIFICANT WEATHER WAS OBSERVED.


RELATIVE HUMIDITY (PERCENT)
 HIGHEST    73           400 AM
 LOWEST     45           400 PM
 AVERAGE    59

..........................................................


THE SPRINGFIELD MO CLIMATE NORMALS FOR TOMORROW
                         NORMAL    RECORD    YEAR
 MAXIMUM TEMPERATURE (F)   73        89      1918
 MINIMUM TEMPERATURE (F)   52        35      1976


SUNRISE AND SUNSET
MAY  7 2015...........SUNRISE   613 AM CDT   SUNSET   808 PM CDT
MAY  8 2015...........SUNRISE   612 AM CDT   SUNSET   809 PM CDT


-  INDICATES NEGATIVE NUMBERS.
R  INDICATES RECORD WAS SET OR TIED.
MM INDICATES DATA IS MISSING.
T  INDICATES TRACE AMOUNT.




$$
