000
CDUS43 KSGF 210628
CLISGF


CLIMATE REPORT
NATIONAL WEATHER SERVICE SPRINGFIELD MO
128 AM CDT TUE JUL 21 2015


...................................

...THE SPRINGFIELD MO CLIMATE SUMMARY FOR JULY 20 2015...

CLIMATE NORMAL PERIOD 1981 TO 2010
CLIMATE RECORD PERIOD 1888 TO 2015


WEATHER ITEM   OBSERVED TIME   RECORD YEAR NORMAL DEPARTURE LAST
                VALUE   (LST)  VALUE       VALUE  FROM      YEAR
                                                  NORMAL
..................................................................
TEMPERATURE (F)
 YESTERDAY
  MAXIMUM         92    331 PM 103    2006  89      3       82
  MINIMUM         72   1159 PM  49    1970  68      4       60
  AVERAGE         82                        79      3       71

PRECIPITATION (IN)
  YESTERDAY        0.29          2.18 1905   0.12   0.17     0.00
  MONTH TO DATE    8.21                      2.55   5.66     2.25
  SINCE JUN 1     12.99                      7.40   5.59     8.48
  SINCE JAN 1     28.39                     25.43   2.96    19.96

SNOWFALL (IN)
  YESTERDAY        0.0
  MONTH TO DATE    0.0
  SINCE JUN 1      0.0
  SINCE JUL 1      0.0
  SNOW DEPTH       0

DEGREE DAYS
 HEATING
  YESTERDAY        0                         0      0        0
  MONTH TO DATE    0                         0      0        0
  SINCE JUN 1      1                         9     -8        0
  SINCE JUL 1      0                         0      0        0

 COOLING
  YESTERDAY       17                        14      3        6
  MONTH TO DATE  282                       257     25      158
  SINCE JUN 1    632                       520    112      452
  SINCE JAN 1    774                       635    139      645
..................................................................


WIND (MPH)
  HIGHEST WIND SPEED    18   HIGHEST WIND DIRECTION    SW (240)
  HIGHEST GUST SPEED    26   HIGHEST GUST DIRECTION    SW (220)
  AVERAGE WIND SPEED     6.8


SKY COVER
  AVERAGE SKY COVER 0.2


WEATHER CONDITIONS
 THE FOLLOWING WEATHER WAS RECORDED YESTERDAY.
  THUNDERSTORM
  HEAVY RAIN
  RAIN
  LIGHT RAIN


RELATIVE HUMIDITY (PERCENT)
 HIGHEST    93          1000 PM
 LOWEST     56           300 PM
 AVERAGE    75

..........................................................


THE SPRINGFIELD MO CLIMATE NORMALS FOR TODAY
                         NORMAL    RECORD    YEAR
 MAXIMUM TEMPERATURE (F)   89       102      1974
 MINIMUM TEMPERATURE (F)   68        44      1970


SUNRISE AND SUNSET
JULY 21 2015..........SUNRISE   609 AM CDT   SUNSET   830 PM CDT
JULY 22 2015..........SUNRISE   610 AM CDT   SUNSET   829 PM CDT


-  INDICATES NEGATIVE NUMBERS.
R  INDICATES RECORD WAS SET OR TIED.
MM INDICATES DATA IS MISSING.
T  INDICATES TRACE AMOUNT.




$$
