000
CDUS43 KSGF 122226
CLISGF


CLIMATE REPORT
NATIONAL WEATHER SERVICE SPRINGFIELD MO
525 PM CDT SUN OCT 12 2014


...................................

...THE SPRINGFIELD MO CLIMATE SUMMARY FOR OCTOBER 12 2014...
VALID TODAY AS OF 0500 PM LOCAL TIME.

CLIMATE NORMAL PERIOD 1981 TO 2010
CLIMATE RECORD PERIOD 1888 TO 2014


WEATHER ITEM   OBSERVED TIME   RECORD YEAR NORMAL DEPARTURE LAST
                VALUE   (LST)  VALUE       VALUE  FROM      YEAR
                                                  NORMAL
..................................................................
TEMPERATURE (F)
 TODAY
  MAXIMUM         65    359 PM  88    1899  70     -5       70
  MINIMUM         53    641 AM  27    1987  48      5       52
                                      1909
  AVERAGE         59                        59      0       61

PRECIPITATION (IN)
  TODAY            T             3.27 1969   0.11  -0.11     0.41
  MONTH TO DATE    5.36                      1.40   3.96     2.95
  SINCE SEP 1     10.36                      6.01   4.35     5.13
  SINCE JAN 1     32.33                     36.12  -3.79    43.28

SNOWFALL (IN)
  TODAY            0.0
  MONTH TO DATE    0.0
  SINCE SEP 1      0.0
  SINCE JUL 1      0.0
  SNOW DEPTH       0

DEGREE DAYS
 HEATING
  TODAY            6                         7     -1        4
  MONTH TO DATE   61                        70     -9       44
  SINCE SEP 1     92                       123    -31       58
  SINCE JUL 1     92                       125    -33       58

 COOLING
  TODAY            0                         1     -1        0
  MONTH TO DATE   29                        18     11       44
  SINCE SEP 1    208                       191     17      274
  SINCE JAN 1   1454                      1377     77     1417
..................................................................


WIND (MPH)
  HIGHEST WIND SPEED    16   HIGHEST WIND DIRECTION     S (180)
  HIGHEST GUST SPEED    18   HIGHEST GUST DIRECTION     S (180)


SKY COVER
  AVERAGE SKY COVER 1.0


WEATHER CONDITIONS
 THE FOLLOWING WEATHER WAS RECORDED TODAY.
  LIGHT RAIN
  FOG


RELATIVE HUMIDITY (PERCENT)
 HIGHEST    93           200 AM
 LOWEST     89          1200 AM
 AVERAGE    91

..........................................................


THE SPRINGFIELD MO CLIMATE NORMALS FOR TOMORROW
                         NORMAL    RECORD    YEAR
 MAXIMUM TEMPERATURE (F)   70        87      1952
                                             1947
                                             1899
 MINIMUM TEMPERATURE (F)   47        32      1909


SUNRISE AND SUNSET
OCTOBER 12 2014.......SUNRISE   719 AM CDT   SUNSET   641 PM CDT
OCTOBER 13 2014.......SUNRISE   720 AM CDT   SUNSET   639 PM CDT


-  INDICATES NEGATIVE NUMBERS.
R  INDICATES RECORD WAS SET OR TIED.
MM INDICATES DATA IS MISSING.
T  INDICATES TRACE AMOUNT.




$$
