000
CDUS43 KSGF 050627
CLISGF


CLIMATE REPORT
NATIONAL WEATHER SERVICE SPRINGFIELD MO
127 AM CDT THU OCT 5 2017


...................................

...THE SPRINGFIELD MO CLIMATE SUMMARY FOR OCTOBER 4 2017...

CLIMATE NORMAL PERIOD 1981 TO 2010
CLIMATE RECORD PERIOD 1888 TO 2017


WEATHER ITEM   OBSERVED TIME   RECORD YEAR NORMAL DEPARTURE LAST
                VALUE   (LST)  VALUE       VALUE  FROM      YEAR
                                                  NORMAL
..................................................................
TEMPERATURE (F)
 YESTERDAY
  MAXIMUM         75   1245 PM  91    1938  73      2       83
  MINIMUM         65   1013 PM  32    1968  50     15       60
  AVERAGE         70                        62      8       72

PRECIPITATION (IN)
  YESTERDAY        0.04          1.88 1903   0.12  -0.08     0.01
  MONTH TO DATE    0.10                      0.50  -0.40     0.01
  SINCE SEP 1      0.69                      5.11  -4.42     3.90
  SINCE JAN 1     43.27                     35.22   8.05    29.52

SNOWFALL (IN)
  YESTERDAY        0.0
  MONTH TO DATE    0.0
  SINCE SEP 1      0.0
  SINCE JUL 1      0.0
  SNOW DEPTH       0

DEGREE DAYS
 HEATING
  YESTERDAY        0                         5     -5        0
  MONTH TO DATE    0                        20    -20        4
  SINCE SEP 1      8                        73    -65       18
  SINCE JUL 1      8                        75    -67       18

 COOLING
  YESTERDAY        5                         2      3        7
  MONTH TO DATE   30                         8     22       13
  SINCE SEP 1    248                       181     67      279
  SINCE JAN 1   1406                      1367     39     1711
..................................................................


WIND (MPH)
  HIGHEST WIND SPEED    15   HIGHEST WIND DIRECTION     S (160)
  HIGHEST GUST SPEED    19   HIGHEST GUST DIRECTION    SE (150)
  AVERAGE WIND SPEED     7.5


SKY COVER
  AVERAGE SKY COVER 0.8


WEATHER CONDITIONS
 THE FOLLOWING WEATHER WAS RECORDED YESTERDAY.
  LIGHT RAIN
  FOG
  FOG W/VISIBILITY <= 1/4 MILE


RELATIVE HUMIDITY (PERCENT)
 HIGHEST   100           100 AM
 LOWEST     84          1100 AM
 AVERAGE    92

..........................................................


THE SPRINGFIELD MO CLIMATE NORMALS FOR TODAY
                         NORMAL    RECORD    YEAR
 MAXIMUM TEMPERATURE (F)   73        93      1981
 MINIMUM TEMPERATURE (F)   50        31      1979


SUNRISE AND SUNSET
OCTOBER  5 2017.......SUNRISE   713 AM CDT   SUNSET   650 PM CDT
OCTOBER  6 2017.......SUNRISE   714 AM CDT   SUNSET   649 PM CDT


-  INDICATES NEGATIVE NUMBERS.
R  INDICATES RECORD WAS SET OR TIED.
MM INDICATES DATA IS MISSING.
T  INDICATES TRACE AMOUNT.




$$
