000
CDUS43 KSGF 260627
CLISGF


CLIMATE REPORT
NATIONAL WEATHER SERVICE SPRINGFIELD MO
126 AM CDT FRI JUN 26 2015


...................................

...THE SPRINGFIELD MO CLIMATE SUMMARY FOR JUNE 25 2015...

CLIMATE NORMAL PERIOD 1981 TO 2010
CLIMATE RECORD PERIOD 1888 TO 2015


WEATHER ITEM   OBSERVED TIME   RECORD YEAR NORMAL DEPARTURE LAST
                VALUE   (LST)  VALUE       VALUE  FROM      YEAR
                                                  NORMAL
..................................................................
TEMPERATURE (F)
 YESTERDAY
  MAXIMUM         91    520 PM  99    2012  86      5       82
                                      1971
                                      1954
  MINIMUM         74    319 AM  44    1974  66      8       66
  AVERAGE         83                        76      7       74

PRECIPITATION (IN)
  YESTERDAY        0.00          2.29 1982   0.15  -0.15     0.17
  MONTH TO DATE    4.15                      4.08   0.07     5.62
  SINCE JUN 1      4.15                      4.08   0.07     5.62
  SINCE JAN 1     19.55                     22.11  -2.56    17.10

SNOWFALL (IN)
  YESTERDAY        0.0
  MONTH TO DATE    0.0
  SINCE JUN 1      0.0
  SINCE JUL 1     15.8
  SNOW DEPTH       0

DEGREE DAYS
 HEATING
  YESTERDAY        0                         0      0        0
  MONTH TO DATE    1                         7     -6        0
  SINCE JUN 1      1                         7     -6        0
  SINCE JUL 1   4536                      4576    -40     5020

 COOLING
  YESTERDAY       18                        11      7        9
  MONTH TO DATE  301                       207     94      228
  SINCE JUN 1    301                       207     94      228
  SINCE JAN 1    443                       322    121      421
..................................................................


WIND (MPH)
  HIGHEST WIND SPEED    18   HIGHEST WIND DIRECTION    SW (230)
  HIGHEST GUST SPEED    22   HIGHEST GUST DIRECTION    SW (230)
  AVERAGE WIND SPEED    10.6


SKY COVER
  AVERAGE SKY COVER 0.1


WEATHER CONDITIONS
 THE FOLLOWING WEATHER WAS RECORDED YESTERDAY.
  NO SIGNIFICANT WEATHER WAS OBSERVED.


RELATIVE HUMIDITY (PERCENT)
 HIGHEST    87          1200 AM
 LOWEST     52           200 PM
 AVERAGE    70

..........................................................


THE SPRINGFIELD MO CLIMATE NORMALS FOR TODAY
                         NORMAL    RECORD    YEAR
 MAXIMUM TEMPERATURE (F)   87        99      1988
                                             1954
 MINIMUM TEMPERATURE (F)   66        46      1974


SUNRISE AND SUNSET
JUNE 26 2015..........SUNRISE   555 AM CDT   SUNSET   838 PM CDT
JUNE 27 2015..........SUNRISE   555 AM CDT   SUNSET   838 PM CDT


-  INDICATES NEGATIVE NUMBERS.
R  INDICATES RECORD WAS SET OR TIED.
MM INDICATES DATA IS MISSING.
T  INDICATES TRACE AMOUNT.




$$
