000
CDUS43 KSGF 052226
CLISGF


CLIMATE REPORT
NATIONAL WEATHER SERVICE SPRINGFIELD MO
526 PM CDT SAT AUG 5 2017


...................................

...THE SPRINGFIELD MO CLIMATE SUMMARY FOR AUGUST 5 2017...
VALID TODAY AS OF 0500 PM LOCAL TIME.

CLIMATE NORMAL PERIOD 1981 TO 2010
CLIMATE RECORD PERIOD 1888 TO 2017


WEATHER ITEM   OBSERVED TIME   RECORD YEAR NORMAL DEPARTURE LAST
                VALUE   (LST)  VALUE       VALUE  FROM      YEAR
                                                  NORMAL
..................................................................
TEMPERATURE (F)
 TODAY
  MAXIMUM         75    349 PM 101    1982  90    -15       93
  MINIMUM         58    128 AM  53    1974  68    -10       75
  AVERAGE         67                        79    -12       84

PRECIPITATION (IN)
  TODAY            1.77          4.40 1931   0.10   1.67     0.00
  MONTH TO DATE    1.77                      0.49   1.28     0.01
  SINCE JUN 1      8.54                      9.02  -0.48    11.76
  SINCE JAN 1     37.24                     27.05  10.19    23.01

SNOWFALL (IN)
  TODAY            0.0
  MONTH TO DATE    0.0
  SINCE JUN 1      0.0
  SINCE JUL 1      0.0
  SNOW DEPTH       0

DEGREE DAYS
 HEATING
  TODAY            0                         0      0        0
  MONTH TO DATE    0                         0      0        0
  SINCE JUN 1      0                         9     -9        0
  SINCE JUL 1      0                         0      0        0

 COOLING
  TODAY            2                        14    -12       19
  MONTH TO DATE   47                        70    -23       96
  SINCE JUN 1    782                       743     39      968
  SINCE JAN 1    930                       858     72     1088
..................................................................


WIND (MPH)
  HIGHEST WIND SPEED    28   HIGHEST WIND DIRECTION    NW (320)
  HIGHEST GUST SPEED    37   HIGHEST GUST DIRECTION    NW (320)


SKY COVER
  AVERAGE SKY COVER 0.5


WEATHER CONDITIONS
 THE FOLLOWING WEATHER WAS RECORDED TODAY.
  THUNDERSTORM
  HEAVY RAIN
  RAIN
  LIGHT RAIN
  FOG
  FOG W/VISIBILITY <= 1/4 MILE


RELATIVE HUMIDITY (PERCENT)
 HIGHEST   100           100 PM
 LOWEST     58           700 AM
 AVERAGE    79

..........................................................


THE SPRINGFIELD MO CLIMATE NORMALS FOR TOMORROW
                         NORMAL    RECORD    YEAR
 MAXIMUM TEMPERATURE (F)   90       102      1956
 MINIMUM TEMPERATURE (F)   68        54      1997


SUNRISE AND SUNSET
AUGUST  5 2017........SUNRISE   622 AM CDT   SUNSET   817 PM CDT
AUGUST  6 2017........SUNRISE   623 AM CDT   SUNSET   816 PM CDT


-  INDICATES NEGATIVE NUMBERS.
R  INDICATES RECORD WAS SET OR TIED.
MM INDICATES DATA IS MISSING.
T  INDICATES TRACE AMOUNT.




$$
