000
CDUS43 KSGF 112327
CLISGF


CLIMATE REPORT
NATIONAL WEATHER SERVICE SPRINGFIELD MO
527 PM CST THU DEC 11 2014


...................................

...THE SPRINGFIELD MO CLIMATE SUMMARY FOR DECEMBER 11 2014...
VALID TODAY AS OF 0500 PM LOCAL TIME.

CLIMATE NORMAL PERIOD 1981 TO 2010
CLIMATE RECORD PERIOD 1888 TO 2014


WEATHER ITEM   OBSERVED TIME   RECORD YEAR NORMAL DEPARTURE LAST
                VALUE   (LST)  VALUE       VALUE  FROM      YEAR
                                                  NORMAL
..................................................................
TEMPERATURE (F)
 TODAY
  MAXIMUM         45    436 PM  73    1949  46     -1       32
  MINIMUM         35    137 AM   0    1962  26      9        6
  AVERAGE         40                        36      4       19

PRECIPITATION (IN)
  TODAY            0.01          1.07 1965   0.10  -0.09     0.00
  MONTH TO DATE    0.50                      1.23  -0.73     0.55
  SINCE DEC 1      0.50                      1.23  -0.73     0.55
  SINCE JAN 1     37.32                     43.76  -6.44    49.83

SNOWFALL (IN)
  TODAY            0.0
  MONTH TO DATE    T
  SINCE DEC 1      T
  SINCE JUL 1      1.7
  SNOW DEPTH       0

DEGREE DAYS
 HEATING
  TODAY           25                        29     -4       46
  MONTH TO DATE  293                       306    -13      389
  SINCE DEC 1    293                       306    -13      389
  SINCE JUL 1   1243                      1185     58     1326

 COOLING
  TODAY            0                         0      0        0
  MONTH TO DATE    0                         0      0        0
  SINCE DEC 1      0                         0      0        0
  SINCE JAN 1   1470                      1389     81     1417
..................................................................


WIND (MPH)
  HIGHEST WIND SPEED    13   HIGHEST WIND DIRECTION    SE (150)
  HIGHEST GUST SPEED    15   HIGHEST GUST DIRECTION    SE (150)


SKY COVER
  AVERAGE SKY COVER 0.9


WEATHER CONDITIONS
 THE FOLLOWING WEATHER WAS RECORDED TODAY.
  RAIN
  LIGHT RAIN
  FOG


RELATIVE HUMIDITY (PERCENT)
 HIGHEST    92           100 AM
 LOWEST     82          1200 PM
 AVERAGE    87

..........................................................


THE SPRINGFIELD MO CLIMATE NORMALS FOR TOMORROW
                         NORMAL    RECORD    YEAR
 MAXIMUM TEMPERATURE (F)   45        74      1889
 MINIMUM TEMPERATURE (F)   25        -5      1962


SUNRISE AND SUNSET
DECEMBER 11 2014......SUNRISE   717 AM CST   SUNSET   456 PM CST
DECEMBER 12 2014......SUNRISE   718 AM CST   SUNSET   456 PM CST


-  INDICATES NEGATIVE NUMBERS.
R  INDICATES RECORD WAS SET OR TIED.
MM INDICATES DATA IS MISSING.
T  INDICATES TRACE AMOUNT.




$$
