000
CDUS43 KSGF 052225
CLISGF


CLIMATE REPORT
NATIONAL WEATHER SERVICE SPRINGFIELD MO
525 PM CDT SAT APR 5 2014


...................................

...THE SPRINGFIELD MO CLIMATE SUMMARY FOR APRIL 5 2014...
VALID TODAY AS OF 0500 PM LOCAL TIME.

CLIMATE NORMAL PERIOD 1981 TO 2010
CLIMATE RECORD PERIOD 1888 TO 2014


WEATHER ITEM   OBSERVED TIME   RECORD YEAR NORMAL DEPARTURE LAST
                VALUE   (LST)  VALUE       VALUE  FROM      YEAR
                                                  NORMAL
..................................................................
TEMPERATURE (F)
 TODAY
  MAXIMUM         59    359 PM  83    1954  64     -5       69
                                      1893
  MINIMUM         26    610 AM  16    1920  41    -15       31
  AVERAGE         43                        52     -9       50

PRECIPITATION (IN)
  TODAY            0.00          1.28 1928   0.12  -0.12     0.00
  MONTH TO DATE    0.17                      0.62  -0.45     0.09
  SINCE MAR 1      2.50                      4.24  -1.74     4.86
  SINCE JAN 1      4.29                      9.23  -4.94    10.20

SNOWFALL (IN)
  TODAY            0.0
  MONTH TO DATE    0.0
  SINCE MAR 1      4.8
  SINCE JUL 1     32.2
  SNOW DEPTH       0

DEGREE DAYS
 HEATING
  TODAY           22                        13      9       15
  MONTH TO DATE   66                        68     -2      102
  SINCE MAR 1    747                       649     98      819
  SINCE JUL 1   4702                      4242    460     4117

 COOLING
  TODAY            0                         0      0        0
  MONTH TO DATE    0                         0      0        0
  SINCE MAR 1      0                         3     -3        0
  SINCE JAN 1      0                         3     -3        0
..................................................................


WIND (MPH)
  HIGHEST WIND SPEED    12   HIGHEST WIND DIRECTION    SE (120)
  HIGHEST GUST SPEED    14   HIGHEST GUST DIRECTION    SE (120)


SKY COVER
  AVERAGE SKY COVER 0.0


WEATHER CONDITIONS
 THE FOLLOWING WEATHER WAS RECORDED TODAY.
  NO SIGNIFICANT WEATHER WAS OBSERVED.


RELATIVE HUMIDITY (PERCENT)
 HIGHEST    85           100 AM
 LOWEST     28           400 PM
 AVERAGE    57

..........................................................


THE SPRINGFIELD MO CLIMATE NORMALS FOR TOMORROW
                         NORMAL    RECORD    YEAR
 MAXIMUM TEMPERATURE (F)   64        88      1893
 MINIMUM TEMPERATURE (F)   41        21      1996


SUNRISE AND SUNSET
APRIL  5 2014.........SUNRISE   653 AM CDT   SUNSET   740 PM CDT
APRIL  6 2014.........SUNRISE   652 AM CDT   SUNSET   741 PM CDT


-  INDICATES NEGATIVE NUMBERS.
R  INDICATES RECORD WAS SET OR TIED.
MM INDICATES DATA IS MISSING.
T  INDICATES TRACE AMOUNT.




$$
