000
CDUS43 KSGF 212327
CLISGF


CLIMATE REPORT
NATIONAL WEATHER SERVICE SPRINGFIELD MO
526 PM CST SAT FEB 21 2015


...................................

...THE SPRINGFIELD MO CLIMATE SUMMARY FOR FEBRUARY 21 2015...
VALID TODAY AS OF 0500 PM LOCAL TIME.

CLIMATE NORMAL PERIOD 1981 TO 2010
CLIMATE RECORD PERIOD 1888 TO 2015


WEATHER ITEM   OBSERVED TIME   RECORD YEAR NORMAL DEPARTURE LAST
                VALUE   (LST)  VALUE       VALUE  FROM      YEAR
                                                  NORMAL
..................................................................
TEMPERATURE (F)
 TODAY
  MAXIMUM         37    308 PM  73    1935  50    -13       58
  MINIMUM         30   1205 AM   0    1978  28      2       30
  AVERAGE         34                        39     -5       44

PRECIPITATION (IN)
  TODAY            0.11          1.66 1897   0.09   0.02     0.00
  MONTH TO DATE    1.44                      1.81  -0.37     0.50
  SINCE DEC 1      4.02                      7.32  -3.30     4.35
  SINCE JAN 1      2.25                      4.28  -2.03     1.79

SNOWFALL (IN)
  TODAY            T
  MONTH TO DATE    7.9
  SINCE DEC 1      8.7
  SINCE JUL 1     10.4
  SNOW DEPTH       3

DEGREE DAYS
 HEATING
  TODAY           31                        26      5       21
  MONTH TO DATE  713                       606    107      718
  SINCE DEC 1   2471                      2540    -69     2810
  SINCE JUL 1   3421                      3419      2     3747

 COOLING
  TODAY            0                         0      0        0
  MONTH TO DATE    0                         0      0        0
  SINCE DEC 1      0                         0      0        0
  SINCE JAN 1      0                         0      0        0
..................................................................


WIND (MPH)
  HIGHEST WIND SPEED    16   HIGHEST WIND DIRECTION     N (350)
  HIGHEST GUST SPEED    19   HIGHEST GUST DIRECTION     N (10)


SKY COVER
  AVERAGE SKY COVER 1.0


WEATHER CONDITIONS
 THE FOLLOWING WEATHER WAS RECORDED TODAY.
  LT FREEZING RAIN
  SNOW
  LIGHT SNOW
  FOG


RELATIVE HUMIDITY (PERCENT)
 HIGHEST    96          1200 PM
 LOWEST     85           200 AM
 AVERAGE    91

..........................................................


THE SPRINGFIELD MO CLIMATE NORMALS FOR TOMORROW
                         NORMAL    RECORD    YEAR
 MAXIMUM TEMPERATURE (F)   50        76      1995
 MINIMUM TEMPERATURE (F)   28        -1      1978


SUNRISE AND SUNSET
FEBRUARY 21 2015......SUNRISE   655 AM CST   SUNSET   559 PM CST
FEBRUARY 22 2015......SUNRISE   654 AM CST   SUNSET   600 PM CST


-  INDICATES NEGATIVE NUMBERS.
R  INDICATES RECORD WAS SET OR TIED.
MM INDICATES DATA IS MISSING.
T  INDICATES TRACE AMOUNT.




$$
