000
CDUS43 KSGF 222226
CLISGF


CLIMATE REPORT
NATIONAL WEATHER SERVICE SPRINGFIELD MO
525 PM CDT MON JUN 22 2015


...................................

...THE SPRINGFIELD MO CLIMATE SUMMARY FOR JUNE 22 2015...
VALID TODAY AS OF 0500 PM LOCAL TIME.

CLIMATE NORMAL PERIOD 1981 TO 2010
CLIMATE RECORD PERIOD 1888 TO 2015


WEATHER ITEM   OBSERVED TIME   RECORD YEAR NORMAL DEPARTURE LAST
                VALUE   (LST)  VALUE       VALUE  FROM      YEAR
                                                  NORMAL
..................................................................
TEMPERATURE (F)
 TODAY
  MAXIMUM         89    359 PM  95    1988  86      3       89
                                      1934
                                      1933
  MINIMUM         72    217 AM  49    1972  65      7       68
  AVERAGE         81                        75      6       79

PRECIPITATION (IN)
  TODAY            0.00          1.67 1980   0.17  -0.17     0.00
  MONTH TO DATE    4.15                      3.59   0.56     4.22
  SINCE JUN 1      4.15                      3.59   0.56     4.22
  SINCE JAN 1     19.55                     21.62  -2.07    15.70

SNOWFALL (IN)
  TODAY            0.0
  MONTH TO DATE    0.0
  SINCE JUN 1      0.0
  SINCE JUL 1     15.8
  SNOW DEPTH       0

DEGREE DAYS
 HEATING
  TODAY            0                         0      0        0
  MONTH TO DATE    1                         7     -6        0
  SINCE JUN 1      1                         7     -6        0
  SINCE JUL 1   4536                      4576    -40     5020

 COOLING
  TODAY           16                        10      6       14
  MONTH TO DATE  246                       174     72      200
  SINCE JUN 1    246                       174     72      200
  SINCE JAN 1    388                       289     99      393
..................................................................


WIND (MPH)
  HIGHEST WIND SPEED    28   HIGHEST WIND DIRECTION     S (200)
  HIGHEST GUST SPEED    33   HIGHEST GUST DIRECTION    SW (210)


SKY COVER
  AVERAGE SKY COVER 0.4


WEATHER CONDITIONS
 THE FOLLOWING WEATHER WAS RECORDED TODAY.
  NO SIGNIFICANT WEATHER WAS OBSERVED.


RELATIVE HUMIDITY (PERCENT)
 HIGHEST    87           300 AM
 LOWEST     52           200 PM
 AVERAGE    70

..........................................................


THE SPRINGFIELD MO CLIMATE NORMALS FOR TOMORROW
                         NORMAL    RECORD    YEAR
 MAXIMUM TEMPERATURE (F)   86        98      1934
                                             1933
 MINIMUM TEMPERATURE (F)   65        49      2004


SUNRISE AND SUNSET
JUNE 22 2015..........SUNRISE   554 AM CDT   SUNSET   837 PM CDT
JUNE 23 2015..........SUNRISE   554 AM CDT   SUNSET   837 PM CDT


-  INDICATES NEGATIVE NUMBERS.
R  INDICATES RECORD WAS SET OR TIED.
MM INDICATES DATA IS MISSING.
T  INDICATES TRACE AMOUNT.




$$
