000
CDUS43 KSGF 172233
CLISGF


CLIMATE REPORT
NATIONAL WEATHER SERVICE SPRINGFIELD MO
533 PM CDT SAT JUN 17 2017


...................................

...THE SPRINGFIELD MO CLIMATE SUMMARY FOR JUNE 17 2017...
VALID TODAY AS OF 0500 PM LOCAL TIME.

CLIMATE NORMAL PERIOD 1981 TO 2010
CLIMATE RECORD PERIOD 1888 TO 2017


WEATHER ITEM   OBSERVED TIME   RECORD YEAR NORMAL DEPARTURE LAST
                VALUE   (LST)  VALUE       VALUE  FROM      YEAR
                                                  NORMAL
..................................................................
TEMPERATURE (F)
 TODAY
  MAXIMUM         84    352 PM  97    1918  84      0       95
  MINIMUM         66    426 AM  47    1999  64      2       76
                                      1974
  AVERAGE         75                        74      1       86

PRECIPITATION (IN)
  TODAY            0.77          3.40 1900   0.17   0.60      T
  MONTH TO DATE    1.37                      2.75  -1.38     1.40
  SINCE JUN 1      1.37                      2.75  -1.38     1.40
  SINCE JAN 1     30.07                     20.78   9.29    12.65

SNOWFALL (IN)
  TODAY            0.0
  MONTH TO DATE    0.0
  SINCE JUN 1      0.0
  SINCE JUL 1      1.8
  SNOW DEPTH       0

DEGREE DAYS
 HEATING
  TODAY            0                         0      0        0
  MONTH TO DATE    0                         7     -7        0
  SINCE JUN 1      0                         7     -7        0
  SINCE JUL 1   3355                      4576  -1221     3629

 COOLING
  TODAY           10                         9      1       21
  MONTH TO DATE  164                       125     39      194
  SINCE JUN 1    164                       125     39      194
  SINCE JAN 1    312                       240     72      314
..................................................................


WIND (MPH)
  HIGHEST WIND SPEED    40   HIGHEST WIND DIRECTION     N (10)
  HIGHEST GUST SPEED    57   HIGHEST GUST DIRECTION     N (10)


SKY COVER
  AVERAGE SKY COVER 0.0


WEATHER CONDITIONS
 THE FOLLOWING WEATHER WAS RECORDED TODAY.
  THUNDERSTORM
  HEAVY RAIN
  RAIN
  LIGHT RAIN
  FOG


RELATIVE HUMIDITY (PERCENT)
 HIGHEST    94           100 AM
 LOWEST     65           200 PM
 AVERAGE    80

..........................................................


THE SPRINGFIELD MO CLIMATE NORMALS FOR TOMORROW
                         NORMAL    RECORD    YEAR
 MAXIMUM TEMPERATURE (F)   85        99      1953
                                             1952
                                             1918
 MINIMUM TEMPERATURE (F)   64        47      1966


SUNRISE AND SUNSET
JUNE 17 2017..........SUNRISE   553 AM CDT   SUNSET   836 PM CDT
JUNE 18 2017..........SUNRISE   553 AM CDT   SUNSET   837 PM CDT


-  INDICATES NEGATIVE NUMBERS.
R  INDICATES RECORD WAS SET OR TIED.
MM INDICATES DATA IS MISSING.
T  INDICATES TRACE AMOUNT.




$$
