000
CDUS43 KSGF 012227
CLISGF


CLIMATE REPORT
NATIONAL WEATHER SERVICE SPRINGFIELD MO
526 PM CDT SUN OCT 1 2017


...................................

...THE SPRINGFIELD MO CLIMATE SUMMARY FOR OCTOBER 1 2017...
VALID TODAY AS OF 0500 PM LOCAL TIME.

CLIMATE NORMAL PERIOD 1981 TO 2010
CLIMATE RECORD PERIOD 1888 TO 2017


WEATHER ITEM   OBSERVED TIME   RECORD YEAR NORMAL DEPARTURE LAST
                VALUE   (LST)  VALUE       VALUE  FROM      YEAR
                                                  NORMAL
..................................................................
TEMPERATURE (F)
 TODAY
  MAXIMUM         82    342 PM  92    1953  74      8       74
  MINIMUM         59    754 AM  32    1985  51      8       48
  AVERAGE         71                        63      8       61

PRECIPITATION (IN)
  TODAY            0.00          2.84 1986   0.13  -0.13     0.00
  MONTH TO DATE    0.00                      0.13  -0.13     0.00
  SINCE SEP 1      0.59                      4.74  -4.15     3.89
  SINCE JAN 1     43.17                     34.85   8.32    29.51

SNOWFALL (IN)
  TODAY            0.0
  MONTH TO DATE    0.0
  SINCE SEP 1      0.0
  SINCE JUL 1      0.0
  SNOW DEPTH       0

DEGREE DAYS
 HEATING
  TODAY            0                         5     -5        4
  MONTH TO DATE    0                         5     -5        4
  SINCE SEP 1      8                        58    -50       18
  SINCE JUL 1      8                        60    -52       18

 COOLING
  TODAY            6                         2      4        0
  MONTH TO DATE    6                         2      4        0
  SINCE SEP 1    224                       175     49      266
  SINCE JAN 1   1382                      1361     21     1698
..................................................................


WIND (MPH)
  HIGHEST WIND SPEED    16   HIGHEST WIND DIRECTION     S (190)
  HIGHEST GUST SPEED    23   HIGHEST GUST DIRECTION    SE (150)


SKY COVER
  AVERAGE SKY COVER 0.0


WEATHER CONDITIONS
 THE FOLLOWING WEATHER WAS RECORDED TODAY.
  NO SIGNIFICANT WEATHER WAS OBSERVED.


RELATIVE HUMIDITY (PERCENT)
 HIGHEST    57           700 AM
 LOWEST     26           300 PM
 AVERAGE    42

..........................................................


THE SPRINGFIELD MO CLIMATE NORMALS FOR TOMORROW
                         NORMAL    RECORD    YEAR
 MAXIMUM TEMPERATURE (F)   74        93      1976
 MINIMUM TEMPERATURE (F)   51        34      1985


SUNRISE AND SUNSET
OCTOBER  1 2017.......SUNRISE   709 AM CDT   SUNSET   656 PM CDT
OCTOBER  2 2017.......SUNRISE   710 AM CDT   SUNSET   655 PM CDT


-  INDICATES NEGATIVE NUMBERS.
R  INDICATES RECORD WAS SET OR TIED.
MM INDICATES DATA IS MISSING.
T  INDICATES TRACE AMOUNT.




$$
