000
CDUS43 KSGF 210629
CLISGF


CLIMATE REPORT
NATIONAL WEATHER SERVICE SPRINGFIELD MO
1228 AM CST WED JAN 21 2015


...................................

...THE SPRINGFIELD MO CLIMATE SUMMARY FOR JANUARY 20 2015...

CLIMATE NORMAL PERIOD 1981 TO 2010
CLIMATE RECORD PERIOD 1888 TO 2015


WEATHER ITEM   OBSERVED TIME   RECORD YEAR NORMAL DEPARTURE LAST
                VALUE   (LST)  VALUE       VALUE  FROM      YEAR
                                                  NORMAL
..................................................................
TEMPERATURE (F)
 YESTERDAY
  MAXIMUM         47    403 PM  70    1906  43      4       59
                                      1895
  MINIMUM         33    643 AM -13    1985  22     11       27
  AVERAGE         40                        32      8       43

PRECIPITATION (IN)
  YESTERDAY        0.04          1.57 1923   0.07  -0.03     0.00
  MONTH TO DATE    0.76                      1.65  -0.89     1.26
  SINCE DEC 1      2.53                      4.69  -2.16     3.82
  SINCE JAN 1      0.76                      1.65  -0.89     1.26

SNOWFALL (IN)
  YESTERDAY        0.0
  MONTH TO DATE    0.3
  SINCE DEC 1      0.8
  SINCE JUL 1      2.5
  SNOW DEPTH       0

DEGREE DAYS
 HEATING
  YESTERDAY       25                        32     -7       22
  MONTH TO DATE  675                       655     20      693
  SINCE DEC 1   1495                      1586    -91     1679
  SINCE JUL 1   2445                      2465    -20     2616

 COOLING
  YESTERDAY        0                         0      0        0
  MONTH TO DATE    0                         0      0        0
  SINCE DEC 1      0                         0      0        0
  SINCE JAN 1      0                         0      0        0
..................................................................


WIND (MPH)
  HIGHEST WIND SPEED    20   HIGHEST WIND DIRECTION    NW (330)
  HIGHEST GUST SPEED    27   HIGHEST GUST DIRECTION     N (340)
  AVERAGE WIND SPEED     5.9


SKY COVER
  AVERAGE SKY COVER 0.3


WEATHER CONDITIONS
 THE FOLLOWING WEATHER WAS RECORDED YESTERDAY.
  LIGHT RAIN


RELATIVE HUMIDITY (PERCENT)
 HIGHEST    92           600 PM
 LOWEST     53          1100 AM
 AVERAGE    73

..........................................................


THE SPRINGFIELD MO CLIMATE NORMALS FOR TODAY
                         NORMAL    RECORD    YEAR
 MAXIMUM TEMPERATURE (F)   43        71      1957
 MINIMUM TEMPERATURE (F)   22        -8      1984


SUNRISE AND SUNSET
JANUARY 21 2015.......SUNRISE   724 AM CST   SUNSET   526 PM CST
JANUARY 22 2015.......SUNRISE   723 AM CST   SUNSET   527 PM CST


-  INDICATES NEGATIVE NUMBERS.
R  INDICATES RECORD WAS SET OR TIED.
MM INDICATES DATA IS MISSING.
T  INDICATES TRACE AMOUNT.




$$
