000
CDUS43 KSGF 120627
CLISGF


CLIMATE REPORT
NATIONAL WEATHER SERVICE SPRINGFIELD MO
127 AM CDT TUE AUG 12 2014


...................................

...THE SPRINGFIELD MO CLIMATE SUMMARY FOR AUGUST 11 2014...

CLIMATE NORMAL PERIOD 1981 TO 2010
CLIMATE RECORD PERIOD 1888 TO 2014


WEATHER ITEM   OBSERVED TIME   RECORD YEAR NORMAL DEPARTURE LAST
                VALUE   (LST)  VALUE       VALUE  FROM      YEAR
                                                  NORMAL
..................................................................
TEMPERATURE (F)
 YESTERDAY
  MAXIMUM         85    523 PM 102    1935  90     -5       84
                                      1934
  MINIMUM         64   1040 PM  48    1967  68     -4       69
  AVERAGE         75                        79     -4       77

PRECIPITATION (IN)
  YESTERDAY        0.00          2.67 1921   0.11  -0.11     0.00
  MONTH TO DATE    1.12                      1.13  -0.01     5.07
  SINCE JUN 1      9.65                      9.66  -0.01    13.66
  SINCE JAN 1     21.13                     27.69  -6.56    37.38

SNOWFALL (IN)
  YESTERDAY        0.0
  MONTH TO DATE    0.0
  SINCE JUN 1      0.0
  SINCE JUL 1      0.0
  SNOW DEPTH       0

DEGREE DAYS
 HEATING
  YESTERDAY        0                         0      0        0
  MONTH TO DATE    0                         0      0        0
  SINCE JUN 1      0                         9     -9       14
  SINCE JUL 1      0                         0      0        0

 COOLING
  YESTERDAY       10                        14     -4       12
  MONTH TO DATE  143                       154    -11      132
  SINCE JUN 1    729                       827    -98      789
  SINCE JAN 1    922                       942    -20      916
..................................................................


WIND (MPH)
  HIGHEST WIND SPEED    18   HIGHEST WIND DIRECTION     N (350)
  HIGHEST GUST SPEED    22   HIGHEST GUST DIRECTION     N (340)
  AVERAGE WIND SPEED    10.3


SKY COVER
  AVERAGE SKY COVER 0.5


WEATHER CONDITIONS
 THE FOLLOWING WEATHER WAS RECORDED YESTERDAY.
  FOG


RELATIVE HUMIDITY (PERCENT)
 HIGHEST    93           200 AM
 LOWEST     51           100 PM
 AVERAGE    72

..........................................................


THE SPRINGFIELD MO CLIMATE NORMALS FOR TODAY
                         NORMAL    RECORD    YEAR
 MAXIMUM TEMPERATURE (F)   90       104      1999
                                             1934
 MINIMUM TEMPERATURE (F)   67        44      1967


SUNRISE AND SUNSET
AUGUST 12 2014........SUNRISE   627 AM CDT   SUNSET   809 PM CDT
AUGUST 13 2014........SUNRISE   628 AM CDT   SUNSET   808 PM CDT


-  INDICATES NEGATIVE NUMBERS.
R  INDICATES RECORD WAS SET OR TIED.
MM INDICATES DATA IS MISSING.
T  INDICATES TRACE AMOUNT.




$$
