444
CDUS43 KSGF 112334
CLISGF


CLIMATE REPORT
NATIONAL WEATHER SERVICE SPRINGFIELD MO
534 PM CST THU JAN 11 2018


...................................

...THE SPRINGFIELD MO CLIMATE SUMMARY FOR JANUARY 11 2018...
VALID TODAY AS OF 0500 PM LOCAL TIME.

CLIMATE NORMAL PERIOD 1981 TO 2010
CLIMATE RECORD PERIOD 1888 TO 2018


WEATHER ITEM   OBSERVED TIME   RECORD YEAR NORMAL DEPARTURE LAST
                VALUE   (LST)  VALUE       VALUE  FROM      YEAR
                                                  NORMAL
..................................................................
TEMPERATURE (F)
 TODAY
  MAXIMUM         62   1205 PM  74    2017  42     20       74
  MINIMUM         23    459 PM -18    1918  22      1       39
  AVERAGE         43                        32     11       57

PRECIPITATION (IN)
  TODAY            T             1.89 1916   0.07  -0.07     0.00
  MONTH TO DATE    0.62                      0.94  -0.32     0.05
  SINCE DEC 1      2.14                      3.98  -1.84     0.67
  SINCE JAN 1      0.62                      0.94  -0.32     0.05

SNOWFALL (IN)
  TODAY            0.0
  MONTH TO DATE    T
  SINCE DEC 1      1.8
  SINCE JUL 1      1.8
  SNOW DEPTH       0

DEGREE DAYS
 HEATING
  TODAY           22                        33    -11        8
  MONTH TO DATE  398                       360     38      358
  SINCE DEC 1   1268                      1291    -23     1255
  SINCE JUL 1   1952                      2170   -218     1771

 COOLING
  TODAY            0                         0      0        0
  MONTH TO DATE    0                         0      0        0
  SINCE DEC 1      0                         0      0        0
  SINCE JAN 1      0                         0      0        0
..................................................................


WIND (MPH)
  HIGHEST WIND SPEED    26   HIGHEST WIND DIRECTION    NW (320)
  HIGHEST GUST SPEED    34   HIGHEST GUST DIRECTION    NW (330)


SKY COVER
  AVERAGE SKY COVER 0.8


WEATHER CONDITIONS
 THE FOLLOWING WEATHER WAS RECORDED TODAY.
  LIGHT RAIN
  LT FREEZING RAIN
  FOG


RELATIVE HUMIDITY (PERCENT)
 HIGHEST    96           500 PM
 LOWEST     69          1200 PM
 AVERAGE    83

..........................................................


THE SPRINGFIELD MO CLIMATE NORMALS FOR TOMORROW
                         NORMAL    RECORD    YEAR
 MAXIMUM TEMPERATURE (F)   42        69      2000
                                             1960
 MINIMUM TEMPERATURE (F)   22       -19      1918


SUNRISE AND SUNSET
JANUARY 11 2018.......SUNRISE   727 AM CST   SUNSET   516 PM CST
JANUARY 12 2018.......SUNRISE   727 AM CST   SUNSET   517 PM CST


-  INDICATES NEGATIVE NUMBERS.
R  INDICATES RECORD WAS SET OR TIED.
MM INDICATES DATA IS MISSING.
T  INDICATES TRACE AMOUNT.




$$
