000
CDUS43 KSGF 032129
CLISGF


CLIMATE REPORT
NATIONAL WEATHER SERVICE SPRINGFIELD MO
428 PM CDT FRI NOV 3 2017


...................................

...THE SPRINGFIELD MO CLIMATE SUMMARY FOR NOVEMBER 3 2017...
VALID AS OF 0400 PM LOCAL TIME.

CLIMATE NORMAL PERIOD 1981 TO 2010
CLIMATE RECORD PERIOD 1888 TO 2017


WEATHER ITEM   OBSERVED TIME   RECORD YEAR NORMAL DEPARTURE LAST
                VALUE   (LST)  VALUE       VALUE  FROM      YEAR
                                                  NORMAL
..................................................................
TEMPERATURE (F)
 TODAY
  MAXIMUM         59    259 PM  80    1978  63     -4       69
  MINIMUM         50    946 AM  12    1991  41      9       52
  AVERAGE         55                        52      3       61

PRECIPITATION (IN)
  TODAY            0.00          2.63 1974   0.13  -0.13     1.65
  MONTH TO DATE    T                         0.40  -0.40     1.65
  SINCE SEP 1      3.08                      8.60  -5.52     9.34
  SINCE JAN 1     45.66                     38.71   6.95    34.96

SNOWFALL (IN)
  TODAY            0.0
  MONTH TO DATE    0.0
  SINCE SEP 1      0.0
  SINCE JUL 1      0.0
  SNOW DEPTH       0

DEGREE DAYS
 HEATING
  TODAY           10                        13     -3        4
  MONTH TO DATE   25                        39    -14        4
  SINCE SEP 1    264                       345    -81      106
  SINCE JUL 1    264                       347    -83      106

 COOLING
  TODAY            0                         0      0        0
  MONTH TO DATE    4                         0      4       14
  SINCE SEP 1    309                       201    108      373
  SINCE JAN 1   1467                      1387     80     1805
..................................................................


WIND (MPH)
  HIGHEST WIND SPEED    20   HIGHEST WIND DIRECTION    NE (60)
  HIGHEST GUST SPEED    25   HIGHEST GUST DIRECTION    NE (50)


SKY COVER
  AVERAGE SKY COVER 1.0


WEATHER CONDITIONS
 THE FOLLOWING WEATHER WAS RECORDED TODAY.
  FOG


RELATIVE HUMIDITY (PERCENT)
 HIGHEST   100           200 AM
 LOWEST     80           300 PM
 AVERAGE    90

..........................................................


THE SPRINGFIELD MO CLIMATE NORMALS FOR TOMORROW
                         NORMAL    RECORD    YEAR
 MAXIMUM TEMPERATURE (F)   62        80      1978
 MINIMUM TEMPERATURE (F)   40        10      1991


SUNRISE AND SUNSET
NOVEMBER  3 2017......SUNRISE   740 AM CDT   SUNSET   613 PM CDT
NOVEMBER  4 2017......SUNRISE   741 AM CDT   SUNSET   612 PM CDT


-  INDICATES NEGATIVE NUMBERS.
R  INDICATES RECORD WAS SET OR TIED.
MM INDICATES DATA IS MISSING.
T  INDICATES TRACE AMOUNT.




$$
