000
CDUS43 KSGF 261018 CCA
CLISGF

CLIMATE REPORT
NATIONAL WEATHER SERVICE SPRINGFIELD MO
745 AM CDT TUE AUG 25 2015


...................................

...THE SPRINGFIELD MO CLIMATE SUMMARY FOR AUGUST 24 2015...

CLIMATE NORMAL PERIOD 1981 TO 2010
CLIMATE RECORD PERIOD 1888 TO 2015


WEATHER ITEM   OBSERVED TIME   RECORD YEAR NORMAL DEPARTURE LAST
                VALUE   (LST)  VALUE       VALUE  FROM      YEAR
                                                  NORMAL
..................................................................
TEMPERATURE (F)
 YESTERDAY
  MAXIMUM         77        MM 100    2014  88    -11      100
                                      1938
                                      1922
  MINIMUM         56        MM  44    1891  66     -9       68
  AVERAGE         67                        77    -10       84

PRECIPITATION (IN)
  YESTERDAY        0.00          1.81 1914   0.12  -0.12     0.00
  MONTH TO DATE    6.13                      2.62   3.51     1.17
  SINCE JUN 1     20.12                     11.15   8.97     9.70
  SINCE JAN 1     35.52                     29.18   6.34    21.18

SNOWFALL (IN)
  YESTERDAY        0.0
  MONTH TO DATE    0.0
  SINCE JUN 1      0.0
  SINCE JUL 1      0.0
  SNOW DEPTH       0

DEGREE DAYS
 HEATING
  YESTERDAY        0                         0      0        0
  MONTH TO DATE    3                         0      3        0
  SINCE JUN 1      4                         9     -5        0
  SINCE JUL 1      3                         0      3        0

 COOLING
  YESTERDAY        2                        12    -10       19
  MONTH TO DATE  256                       322    -66      340
  SINCE JUN 1   1069                       995     74      926
  SINCE JAN 1   1211                      1110    101     1119
..................................................................


WIND (MPH)
  HIGHEST WIND SPEED    10   HIGHEST WIND DIRECTION     N (340)
  HIGHEST GUST SPEED    MM   HIGHEST GUST DIRECTION    MM
  AVERAGE WIND SPEED     4.6


SKY COVER
  AVERAGE SKY COVER 0.0


WEATHER CONDITIONS
 THE FOLLOWING WEATHER WAS RECORDED YESTERDAY.
  HAZE


RELATIVE HUMIDITY (PERCENT)
 HIGHEST    90           100 AM
 LOWEST     36           200 PM
 AVERAGE    63

..........................................................


THE SPRINGFIELD MO CLIMATE NORMALS FOR TODAY
                         NORMAL    RECORD    YEAR
 MAXIMUM TEMPERATURE (F)   88       101      2014
 MINIMUM TEMPERATURE (F)   66        50      1958


SUNRISE AND SUNSET
AUGUST 25 2015........SUNRISE   638 AM CDT   SUNSET   752 PM CDT
AUGUST 26 2015........SUNRISE   639 AM CDT   SUNSET   751 PM CDT


-  INDICATES NEGATIVE NUMBERS.
R  INDICATES RECORD WAS SET OR TIED.
MM INDICATES DATA IS MISSING.
T  INDICATES TRACE AMOUNT.

CORRECTED MIN TEMP


$$
