000
CDUS43 KSGF 192226
CLISGF


CLIMATE REPORT
NATIONAL WEATHER SERVICE SPRINGFIELD MO
526 PM CDT SAT JUL 19 2014


...................................

...THE SPRINGFIELD MO CLIMATE SUMMARY FOR JULY 19 2014...
VALID TODAY AS OF 0500 PM LOCAL TIME.

CLIMATE NORMAL PERIOD 1981 TO 2010
CLIMATE RECORD PERIOD 1888 TO 2014


WEATHER ITEM   OBSERVED TIME   RECORD YEAR NORMAL DEPARTURE LAST
                VALUE   (LST)  VALUE       VALUE  FROM      YEAR
                                                  NORMAL
..................................................................
TEMPERATURE (F)
 TODAY
  MAXIMUM         82    256 PM 103    1980  89     -7       95
                                      1954
                                      1934
  MINIMUM         57R   550 AM  57    2009  68    -11       71
                                      1984
                                      1947
  AVERAGE         70                        78     -8       83

PRECIPITATION (IN)
  TODAY            0.00          2.42 1906   0.11  -0.11     0.00
  MONTH TO DATE    2.25                      2.43  -0.18     1.57
  SINCE JUN 1      8.48                      7.28   1.20     3.83
  SINCE JAN 1     19.96                     25.31  -5.35    27.55

SNOWFALL (IN)
  TODAY            0.0
  MONTH TO DATE    0.0
  SINCE JUN 1      0.0
  SINCE JUL 1      0.0
  SNOW DEPTH       0

DEGREE DAYS
 HEATING
  TODAY            0                         0      0        0
  MONTH TO DATE    0                         0      0        0
  SINCE JUN 1      0                         9     -9       14
  SINCE JUL 1      0                         0      0        0

 COOLING
  TODAY            5                        14     -9       18
  MONTH TO DATE  152                       243    -91      246
  SINCE JUN 1    446                       506    -60      530
  SINCE JAN 1    639                       621     18      657
..................................................................


WIND (MPH)
  HIGHEST WIND SPEED     7   HIGHEST WIND DIRECTION     E (80)
  HIGHEST GUST SPEED    10   HIGHEST GUST DIRECTION     E (70)


SKY COVER
  AVERAGE SKY COVER 0.3


WEATHER CONDITIONS
 THE FOLLOWING WEATHER WAS RECORDED TODAY.
  FOG


RELATIVE HUMIDITY (PERCENT)
 HIGHEST    93           500 AM
 LOWEST     42           300 PM
 AVERAGE    68

..........................................................


THE SPRINGFIELD MO CLIMATE NORMALS FOR TOMORROW
                         NORMAL    RECORD    YEAR
 MAXIMUM TEMPERATURE (F)   89       103      2006
 MINIMUM TEMPERATURE (F)   68        49      1970


SUNRISE AND SUNSET
JULY 19 2014..........SUNRISE   608 AM CDT   SUNSET   831 PM CDT
JULY 20 2014..........SUNRISE   609 AM CDT   SUNSET   831 PM CDT


-  INDICATES NEGATIVE NUMBERS.
R  INDICATES RECORD WAS SET OR TIED.
MM INDICATES DATA IS MISSING.
T  INDICATES TRACE AMOUNT.




$$
