444
CDUS43 KSGF 150630
CLISGF


CLIMATE REPORT
NATIONAL WEATHER SERVICE SPRINGFIELD MO
130 AM CDT FRI JUL 15 2016


...................................

...THE SPRINGFIELD MO CLIMATE SUMMARY FOR JULY 14 2016...

CLIMATE NORMAL PERIOD 1981 TO 2010
CLIMATE RECORD PERIOD 1888 TO 2016


WEATHER ITEM   OBSERVED TIME   RECORD YEAR NORMAL DEPARTURE LAST
                VALUE   (LST)  VALUE       VALUE  FROM      YEAR
                                                  NORMAL
..................................................................
TEMPERATURE (F)
 YESTERDAY
  MAXIMUM         85   1103 AM 113    1954  89     -4       86
  MINIMUM         65   1159 PM  49    1967  68     -3       73
  AVERAGE         75                        78     -3       80

PRECIPITATION (IN)
  YESTERDAY        0.10          2.02 1978   0.12  -0.02     0.02
  MONTH TO DATE    3.17                      1.85   1.32     7.92
  SINCE JUN 1      7.59                      6.70   0.89    12.70
  SINCE JAN 1     18.84                     24.73  -5.89    28.10

SNOWFALL (IN)
  YESTERDAY        0.0
  MONTH TO DATE    0.0
  SINCE JUN 1      0.0
  SINCE JUL 1      0.0
  SNOW DEPTH       0

DEGREE DAYS
 HEATING
  YESTERDAY        0                         0      0        0
  MONTH TO DATE    0                         0      0        0
  SINCE JUN 1      0                         9     -9        1
  SINCE JUL 1      0                         0      0        0

 COOLING
  YESTERDAY       10                        13     -3       15
  MONTH TO DATE  189                       177     12      176
  SINCE JUN 1    585                       440    145      526
  SINCE JAN 1    705                       555    150      668
..................................................................


WIND (MPH)
  HIGHEST WIND SPEED    38   HIGHEST WIND DIRECTION    NE (60)
  HIGHEST GUST SPEED    50   HIGHEST GUST DIRECTION    NE (50)
  AVERAGE WIND SPEED     9.3


SKY COVER
  AVERAGE SKY COVER 0.2


WEATHER CONDITIONS
 THE FOLLOWING WEATHER WAS RECORDED YESTERDAY.
  THUNDERSTORM
  LIGHT RAIN
  FOG


RELATIVE HUMIDITY (PERCENT)
 HIGHEST    87          1100 PM
 LOWEST     58          1000 AM
 AVERAGE    73

..........................................................


THE SPRINGFIELD MO CLIMATE NORMALS FOR TODAY
                         NORMAL    RECORD    YEAR
 MAXIMUM TEMPERATURE (F)   89       106      1936
 MINIMUM TEMPERATURE (F)   68        50      1967


SUNRISE AND SUNSET
JULY 15 2016..........SUNRISE   605 AM CDT   SUNSET   833 PM CDT
JULY 16 2016..........SUNRISE   606 AM CDT   SUNSET   833 PM CDT


-  INDICATES NEGATIVE NUMBERS.
R  INDICATES RECORD WAS SET OR TIED.
MM INDICATES DATA IS MISSING.
T  INDICATES TRACE AMOUNT.




$$
