723
CDUS43 KSGF 282325
CLISGF


CLIMATE REPORT
NATIONAL WEATHER SERVICE SPRINGFIELD MO
525 PM CST THU JAN 28 2016


...................................

...THE SPRINGFIELD MO CLIMATE SUMMARY FOR JANUARY 28 2016...
VALID TODAY AS OF 0500 PM LOCAL TIME.

CLIMATE NORMAL PERIOD 1981 TO 2010
CLIMATE RECORD PERIOD 1888 TO 2016


WEATHER ITEM   OBSERVED TIME   RECORD YEAR NORMAL DEPARTURE LAST
                VALUE   (LST)  VALUE       VALUE  FROM      YEAR
                                                  NORMAL
..................................................................
TEMPERATURE (F)
 TODAY
  MAXIMUM         59    253 PM  74    2013  44     15       68
  MINIMUM         34    640 AM  -4    1977  23     11       38
                                      1948
  AVERAGE         47                        33     14       53

PRECIPITATION (IN)
  TODAY            0.00          0.83 2006   0.08  -0.08     0.00
  MONTH TO DATE    0.92                      2.24  -1.32     0.78
  SINCE DEC 1     12.35                      5.28   7.07     2.55
  SINCE JAN 1      0.92                      2.24  -1.32     0.78

SNOWFALL (IN)
  TODAY            0.0
  MONTH TO DATE    3.0
  SINCE DEC 1      3.0
  SINCE JUL 1      3.0
  SNOW DEPTH       0

DEGREE DAYS
 HEATING
  TODAY           18                        32    -14       12
  MONTH TO DATE  902                       911     -9      862
  SINCE DEC 1   1551                      1842   -291     1682
  SINCE JUL 1   2196                      2721   -525     2632

 COOLING
  TODAY            0                         0      0        0
  MONTH TO DATE    0                         0      0        0
  SINCE DEC 1      0                         0      0        0
  SINCE JAN 1      0                         0      0        0
..................................................................


WIND (MPH)
  HIGHEST WIND SPEED    23   HIGHEST WIND DIRECTION     W (270)
  HIGHEST GUST SPEED    31   HIGHEST GUST DIRECTION     W (290)


SKY COVER
  AVERAGE SKY COVER 0.2


WEATHER CONDITIONS
 THE FOLLOWING WEATHER WAS RECORDED TODAY.
  NO SIGNIFICANT WEATHER WAS OBSERVED.


RELATIVE HUMIDITY (PERCENT)
 HIGHEST    56           700 AM
 LOWEST     28           100 PM
 AVERAGE    42

..........................................................


THE SPRINGFIELD MO CLIMATE NORMALS FOR TOMORROW
                         NORMAL    RECORD    YEAR
 MAXIMUM TEMPERATURE (F)   44        74      1947
 MINIMUM TEMPERATURE (F)   23       -12      1979


SUNRISE AND SUNSET
JANUARY 28 2016.......SUNRISE   720 AM CST   SUNSET   533 PM CST
JANUARY 29 2016.......SUNRISE   719 AM CST   SUNSET   534 PM CST


-  INDICATES NEGATIVE NUMBERS.
R  INDICATES RECORD WAS SET OR TIED.
MM INDICATES DATA IS MISSING.
T  INDICATES TRACE AMOUNT.




$$
