000
CDUS43 KSGF 200626
CLISGF


CLIMATE REPORT
NATIONAL WEATHER SERVICE SPRINGFIELD MO
126 AM CDT WED AUG 20 2014


...................................

...THE SPRINGFIELD MO CLIMATE SUMMARY FOR AUGUST 19 2014...

CLIMATE NORMAL PERIOD 1981 TO 2010
CLIMATE RECORD PERIOD 1888 TO 2014


WEATHER ITEM   OBSERVED TIME   RECORD YEAR NORMAL DEPARTURE LAST
                VALUE   (LST)  VALUE       VALUE  FROM      YEAR
                                                  NORMAL
..................................................................
TEMPERATURE (F)
 YESTERDAY
  MAXIMUM         96    509 PM 101    1962  89      7       85
  MINIMUM         69    431 AM  50    1967  67      2       63
  AVERAGE         83                        78      5       74

PRECIPITATION (IN)
  YESTERDAY        0.00          3.04 1915   0.11  -0.11     0.00
  MONTH TO DATE    1.17                      2.03  -0.86     5.84
  SINCE JUN 1      9.70                     10.56  -0.86    14.43
  SINCE JAN 1     21.18                     28.59  -7.41    38.15

SNOWFALL (IN)
  YESTERDAY        0.0
  MONTH TO DATE    0.0
  SINCE JUN 1      0.0
  SINCE JUL 1      0.0
  SNOW DEPTH       0

DEGREE DAYS
 HEATING
  YESTERDAY        0                         0      0        0
  MONTH TO DATE    0                         0      0        0
  SINCE JUN 1      0                         9     -9       14
  SINCE JUL 1      0                         0      0        0

 COOLING
  YESTERDAY       18                        13      5        9
  MONTH TO DATE  237                       260    -23      176
  SINCE JUN 1    823                       933   -110      833
  SINCE JAN 1   1016                      1048    -32      960
..................................................................


WIND (MPH)
  HIGHEST WIND SPEED    14   HIGHEST WIND DIRECTION     W (250)
  HIGHEST GUST SPEED    20   HIGHEST GUST DIRECTION    SW (230)
  AVERAGE WIND SPEED     7.3


SKY COVER
  AVERAGE SKY COVER 0.0


WEATHER CONDITIONS
 THE FOLLOWING WEATHER WAS RECORDED YESTERDAY.
  NO SIGNIFICANT WEATHER WAS OBSERVED.


RELATIVE HUMIDITY (PERCENT)
 HIGHEST    90           400 AM
 LOWEST     30           300 PM
 AVERAGE    60

..........................................................


THE SPRINGFIELD MO CLIMATE NORMALS FOR TODAY
                         NORMAL    RECORD    YEAR
 MAXIMUM TEMPERATURE (F)   89       101      1962
 MINIMUM TEMPERATURE (F)   67        47      1967


SUNRISE AND SUNSET
AUGUST 20 2014........SUNRISE   634 AM CDT   SUNSET   759 PM CDT
AUGUST 21 2014........SUNRISE   635 AM CDT   SUNSET   758 PM CDT


-  INDICATES NEGATIVE NUMBERS.
R  INDICATES RECORD WAS SET OR TIED.
MM INDICATES DATA IS MISSING.
T  INDICATES TRACE AMOUNT.




$$
