342
CDUS43 KSGF 100645
CLISGF


CLIMATE REPORT
NATIONAL WEATHER SERVICE SPRINGFIELD MO
1245 AM CST FRI NOV 10 2017


...................................

...THE SPRINGFIELD MO CLIMATE SUMMARY FOR NOVEMBER 9 2017...

CLIMATE NORMAL PERIOD 1981 TO 2010
CLIMATE RECORD PERIOD 1888 TO 2017


WEATHER ITEM   OBSERVED TIME   RECORD YEAR NORMAL DEPARTURE LAST
                VALUE   (LST)  VALUE       VALUE  FROM      YEAR
                                                  NORMAL
..................................................................
TEMPERATURE (F)
 YESTERDAY
  MAXIMUM         58    333 PM  83    2006  60     -2       62
  MINIMUM         28    644 AM  21    1991  38    -10       37
                                      1962
                                      1950
  AVERAGE         43                        49     -6       50

PRECIPITATION (IN)
  YESTERDAY        0.00          1.78 1966   0.14  -0.14     0.00
  MONTH TO DATE    0.01                      1.25  -1.24     2.21
  SINCE SEP 1      3.09                      9.45  -6.36     9.90
  SINCE JAN 1     45.67                     39.56   6.11    35.52

SNOWFALL (IN)
  YESTERDAY        0.0
  MONTH TO DATE    0.0
  SINCE SEP 1      0.0
  SINCE JUL 1      0.0
  SNOW DEPTH       0

DEGREE DAYS
 HEATING
  YESTERDAY       22                        16      6       15
  MONTH TO DATE  109                       129    -20       65
  SINCE SEP 1    348                       435    -87      167
  SINCE JUL 1    348                       437    -89      167

 COOLING
  YESTERDAY        0                         0      0        0
  MONTH TO DATE    4                         0      4       14
  SINCE SEP 1    309                       201    108      373
  SINCE JAN 1   1467                      1387     80     1805
..................................................................


WIND (MPH)
  HIGHEST WIND SPEED    14   HIGHEST WIND DIRECTION    NE (40)
  HIGHEST GUST SPEED    18   HIGHEST GUST DIRECTION     W (290)
  AVERAGE WIND SPEED     6.2


SKY COVER
  AVERAGE SKY COVER 0.0


WEATHER CONDITIONS
 THE FOLLOWING WEATHER WAS RECORDED YESTERDAY.
  FOG
  HAZE


RELATIVE HUMIDITY (PERCENT)
 HIGHEST    92           300 AM
 LOWEST     39           200 PM
 AVERAGE    66

..........................................................


THE SPRINGFIELD MO CLIMATE NORMALS FOR TODAY
                         NORMAL    RECORD    YEAR
 MAXIMUM TEMPERATURE (F)   60        78      1915
                                             1911
                                             1902
 MINIMUM TEMPERATURE (F)   38        17      1960


SUNRISE AND SUNSET
NOVEMBER 10 2017......SUNRISE   648 AM CST   SUNSET   507 PM CST
NOVEMBER 11 2017......SUNRISE   649 AM CST   SUNSET   506 PM CST


-  INDICATES NEGATIVE NUMBERS.
R  INDICATES RECORD WAS SET OR TIED.
MM INDICATES DATA IS MISSING.
T  INDICATES TRACE AMOUNT.




$$
