000
CDUS43 KSGF 182250
CLISGF


CLIMATE REPORT
NATIONAL WEATHER SERVICE SPRINGFIELD MO
450 PM CST WED FEB 18 2015


...................................

...THE SPRINGFIELD MO CLIMATE SUMMARY FOR FEBRUARY 18 2015...
VALID AS OF 0400 PM LOCAL TIME.

CLIMATE NORMAL PERIOD 1981 TO 2010
CLIMATE RECORD PERIOD 1888 TO 2015


WEATHER ITEM   OBSERVED TIME   RECORD YEAR NORMAL DEPARTURE LAST
                VALUE   (LST)  VALUE       VALUE  FROM      YEAR
                                                  NORMAL
..................................................................
TEMPERATURE (F)
 TODAY
  MAXIMUM         21    359 PM  74    1948  49    -28       68
  MINIMUM          9    737 AM  -8    1936  27    -18       33
  AVERAGE         15                        38    -23       51

PRECIPITATION (IN)
  TODAY            0.00          1.16 1911   0.10  -0.10     0.00
  MONTH TO DATE    1.26                      1.52  -0.26     0.34
  SINCE DEC 1      3.84                      7.03  -3.19     4.19
  SINCE JAN 1      2.07                      3.99  -1.92     1.63

SNOWFALL (IN)
  TODAY            0.0
  MONTH TO DATE    7.9
  SINCE DEC 1      8.7
  SINCE JUL 1     10.4
  SNOW DEPTH       4

DEGREE DAYS
 HEATING
  TODAY           50                        27     23       14
  MONTH TO DATE  581                       527     54      667
  SINCE DEC 1   2339                      2461   -122     2759
  SINCE JUL 1   3289                      3340    -51     3696

 COOLING
  TODAY            0                         0      0        0
  MONTH TO DATE    0                         0      0        0
  SINCE DEC 1      0                         0      0        0
  SINCE JAN 1      0                         0      0        0
..................................................................


WIND (MPH)
  HIGHEST WIND SPEED    24   HIGHEST WIND DIRECTION    NW (330)
  HIGHEST GUST SPEED    31   HIGHEST GUST DIRECTION    NW (320)


SKY COVER
  AVERAGE SKY COVER 0.2


WEATHER CONDITIONS
 THE FOLLOWING WEATHER WAS RECORDED TODAY.
  NO SIGNIFICANT WEATHER WAS OBSERVED.


RELATIVE HUMIDITY (PERCENT)
 HIGHEST    73          1200 AM
 LOWEST     41           200 PM
 AVERAGE    57

..........................................................


THE SPRINGFIELD MO CLIMATE NORMALS FOR TOMORROW
                         NORMAL    RECORD    YEAR
 MAXIMUM TEMPERATURE (F)   49        71      2004
                                             1930
 MINIMUM TEMPERATURE (F)   27        -4      1978


SUNRISE AND SUNSET
FEBRUARY 18 2015......SUNRISE   659 AM CST   SUNSET   556 PM CST
FEBRUARY 19 2015......SUNRISE   658 AM CST   SUNSET   557 PM CST


-  INDICATES NEGATIVE NUMBERS.
R  INDICATES RECORD WAS SET OR TIED.
MM INDICATES DATA IS MISSING.
T  INDICATES TRACE AMOUNT.




$$
