000
CDUS43 KSGF 150628
CLISGF


CLIMATE REPORT
NATIONAL WEATHER SERVICE SPRINGFIELD MO
127 AM CDT FRI MAY 15 2015


...................................

...THE SPRINGFIELD MO CLIMATE SUMMARY FOR MAY 14 2015...

CLIMATE NORMAL PERIOD 1981 TO 2010
CLIMATE RECORD PERIOD 1888 TO 2015


WEATHER ITEM   OBSERVED TIME   RECORD YEAR NORMAL DEPARTURE LAST
                VALUE   (LST)  VALUE       VALUE  FROM      YEAR
                                                  NORMAL
..................................................................
TEMPERATURE (F)
 YESTERDAY
  MAXIMUM         79    417 PM  88    1947  75      4       52
  MINIMUM         57    317 AM  36    2000  54      3       43
  AVERAGE         68                        64      4       48

PRECIPITATION (IN)
  YESTERDAY        0.07          2.76 1956   0.17  -0.10     0.23
  MONTH TO DATE    2.28                      2.49  -0.21     2.34
  SINCE MAR 1      8.85                     10.43  -1.58     6.75
  SINCE JAN 1     11.45                     15.42  -3.97     8.54

SNOWFALL (IN)
  YESTERDAY        0.0
  MONTH TO DATE    0.0
  SINCE MAR 1      1.2
  SINCE JUL 1     15.8
  SNOW DEPTH       0

DEGREE DAYS
 HEATING
  YESTERDAY        0                         3     -3       17
  MONTH TO DATE   29                        61    -32       66
  SINCE MAR 1    794                       942   -148     1019
  SINCE JUL 1   4501                      4535    -34     4974

 COOLING
  YESTERDAY        3                         3      0        0
  MONTH TO DATE   47                        24     23       74
  SINCE MAR 1     69                        49     20       88
  SINCE JAN 1     69                        49     20       88
..................................................................


WIND (MPH)
  HIGHEST WIND SPEED    25   HIGHEST WIND DIRECTION    SE (150)
  HIGHEST GUST SPEED    33   HIGHEST GUST DIRECTION    SE (140)
  AVERAGE WIND SPEED    16.1


SKY COVER
  AVERAGE SKY COVER 0.6


WEATHER CONDITIONS
 THE FOLLOWING WEATHER WAS RECORDED YESTERDAY.
  RAIN
  LIGHT RAIN
  FOG


RELATIVE HUMIDITY (PERCENT)
 HIGHEST    86           300 AM
 LOWEST     60           400 PM
 AVERAGE    73

..........................................................


THE SPRINGFIELD MO CLIMATE NORMALS FOR TODAY
                         NORMAL    RECORD    YEAR
 MAXIMUM TEMPERATURE (F)   75        87      1957
 MINIMUM TEMPERATURE (F)   54        35      1907


SUNRISE AND SUNSET
MAY 15 2015...........SUNRISE   605 AM CDT   SUNSET   815 PM CDT
MAY 16 2015...........SUNRISE   604 AM CDT   SUNSET   816 PM CDT


-  INDICATES NEGATIVE NUMBERS.
R  INDICATES RECORD WAS SET OR TIED.
MM INDICATES DATA IS MISSING.
T  INDICATES TRACE AMOUNT.




$$
