000
CDUS43 KSGF 110641
CLISGF


CLIMATE REPORT
NATIONAL WEATHER SERVICE SPRINGFIELD MO
1241 AM CST THU DEC 11 2014


...................................

...THE SPRINGFIELD MO CLIMATE SUMMARY FOR DECEMBER 10 2014...

CLIMATE NORMAL PERIOD 1981 TO 2010
CLIMATE RECORD PERIOD 1888 TO 2014


WEATHER ITEM   OBSERVED TIME   RECORD YEAR NORMAL DEPARTURE LAST
                VALUE   (LST)  VALUE       VALUE  FROM      YEAR
                                                  NORMAL
..................................................................
TEMPERATURE (F)
 YESTERDAY
  MAXIMUM         41    252 PM  71    1996  46     -5       27
  MINIMUM         27   1248 AM  -5    1995  26      1        1
  AVERAGE         34                        36     -2       14

PRECIPITATION (IN)
  YESTERDAY        0.01          2.56 1897   0.11  -0.10      T
  MONTH TO DATE    0.49                      1.13  -0.64     0.55
  SINCE DEC 1      0.49                      1.13  -0.64     0.55
  SINCE JAN 1     37.31                     43.66  -6.35    49.83

SNOWFALL (IN)
  YESTERDAY        0.0
  MONTH TO DATE    T
  SINCE DEC 1      T
  SINCE JUL 1      1.7
  SNOW DEPTH       0

DEGREE DAYS
 HEATING
  YESTERDAY       31                        29      2       51
  MONTH TO DATE  268                       277     -9      343
  SINCE DEC 1    268                       277     -9      343
  SINCE JUL 1   1218                      1156     62     1280

 COOLING
  YESTERDAY        0                         0      0        0
  MONTH TO DATE    0                         0      0        0
  SINCE DEC 1      0                         0      0        0
  SINCE JAN 1   1470                      1389     81     1417
..................................................................


WIND (MPH)
  HIGHEST WIND SPEED    18   HIGHEST WIND DIRECTION    SE (150)
  HIGHEST GUST SPEED    22   HIGHEST GUST DIRECTION    SE (150)
  AVERAGE WIND SPEED     9.2


SKY COVER
  AVERAGE SKY COVER 0.6


WEATHER CONDITIONS
 THE FOLLOWING WEATHER WAS RECORDED YESTERDAY.
  RAIN


RELATIVE HUMIDITY (PERCENT)
 HIGHEST    92           900 AM
 LOWEST     70           100 PM
 AVERAGE    81

..........................................................


THE SPRINGFIELD MO CLIMATE NORMALS FOR TODAY
                         NORMAL    RECORD    YEAR
 MAXIMUM TEMPERATURE (F)   46        73      1949
 MINIMUM TEMPERATURE (F)   26         0      1962


SUNRISE AND SUNSET
DECEMBER 11 2014......SUNRISE   717 AM CST   SUNSET   456 PM CST
DECEMBER 12 2014......SUNRISE   718 AM CST   SUNSET   456 PM CST


-  INDICATES NEGATIVE NUMBERS.
R  INDICATES RECORD WAS SET OR TIED.
MM INDICATES DATA IS MISSING.
T  INDICATES TRACE AMOUNT.




$$
