000
CDUS43 KSGF 030627
CLISGF


CLIMATE REPORT
NATIONAL WEATHER SERVICE SPRINGFIELD MO
1226 AM CST WED JAN 3 2018


...................................

...THE SPRINGFIELD MO CLIMATE SUMMARY FOR JANUARY 2 2018...

CLIMATE NORMAL PERIOD 1981 TO 2010
CLIMATE RECORD PERIOD 1888 TO 2018


WEATHER ITEM   OBSERVED TIME   RECORD YEAR NORMAL DEPARTURE LAST
                VALUE   (LST)  VALUE       VALUE  FROM      YEAR
                                                  NORMAL
..................................................................
TEMPERATURE (F)
 YESTERDAY
  MAXIMUM         24    342 PM  71    1997  42    -18       53
  MINIMUM          1    647 AM  -6    2001  23    -22       43
  AVERAGE         13                        33    -20       48

PRECIPITATION (IN)
  YESTERDAY        0.00          4.64 1897   0.08  -0.08      T
  MONTH TO DATE    0.00                      0.17  -0.17      T
  SINCE DEC 1      1.52                      3.21  -1.69     0.62
  SINCE JAN 1      0.00                      0.17  -0.17      T

SNOWFALL (IN)
  YESTERDAY        0.0
  MONTH TO DATE    0.0
  SINCE DEC 1      1.8
  SINCE JUL 1      1.8
  SNOW DEPTH       0

DEGREE DAYS
 HEATING
  YESTERDAY       52                        32     20       17
  MONTH TO DATE  110                        64     46       44
  SINCE DEC 1    980                       995    -15      941
  SINCE JUL 1   1664                      1874   -210     1457

 COOLING
  YESTERDAY        0                         0      0        0
  MONTH TO DATE    0                         0      0        0
  SINCE DEC 1      0                         0      0        0
  SINCE JAN 1      0                         0      0        0
..................................................................


WIND (MPH)
  HIGHEST WIND SPEED    12   HIGHEST WIND DIRECTION    SW (240)
  HIGHEST GUST SPEED    15   HIGHEST GUST DIRECTION    SW (240)
  AVERAGE WIND SPEED     5.6


SKY COVER
  AVERAGE SKY COVER 0.0


WEATHER CONDITIONS
 THE FOLLOWING WEATHER WAS RECORDED YESTERDAY.
  NO SIGNIFICANT WEATHER WAS OBSERVED.


RELATIVE HUMIDITY (PERCENT)
 HIGHEST    75           600 AM
 LOWEST     33           100 PM
 AVERAGE    54

..........................................................


THE SPRINGFIELD MO CLIMATE NORMALS FOR TODAY
                         NORMAL    RECORD    YEAR
 MAXIMUM TEMPERATURE (F)   42        72      2009
                                             2004
 MINIMUM TEMPERATURE (F)   23        -9      1911


SUNRISE AND SUNSET
JANUARY  3 2018.......SUNRISE   728 AM CST   SUNSET   509 PM CST
JANUARY  4 2018.......SUNRISE   728 AM CST   SUNSET   510 PM CST


-  INDICATES NEGATIVE NUMBERS.
R  INDICATES RECORD WAS SET OR TIED.
MM INDICATES DATA IS MISSING.
T  INDICATES TRACE AMOUNT.




$$
