000
CDUS43 KSGF 110626
CLISGF


CLIMATE REPORT
NATIONAL WEATHER SERVICE SPRINGFIELD MO
126 AM CDT THU SEP 11 2014


...................................

...THE SPRINGFIELD MO CLIMATE SUMMARY FOR SEPTEMBER 10 2014...

CLIMATE NORMAL PERIOD 1981 TO 2010
CLIMATE RECORD PERIOD 1888 TO 2014


WEATHER ITEM   OBSERVED TIME   RECORD YEAR NORMAL DEPARTURE LAST
                VALUE   (LST)  VALUE       VALUE  FROM      YEAR
                                                  NORMAL
..................................................................
TEMPERATURE (F)
 YESTERDAY
  MAXIMUM         86    201 PM  96    1984  83      3       93
                                      1938
  MINIMUM         67   1159 PM  38    1976  60      7       68
  AVERAGE         77                        71      6       81

PRECIPITATION (IN)
  YESTERDAY        0.05          4.43 1975   0.16  -0.11     0.00
  MONTH TO DATE    1.72                      1.52   0.20     0.04
  SINCE SEP 1      1.72                      1.52   0.20     0.04
  SINCE JAN 1     23.69                     31.63  -7.94    38.19

SNOWFALL (IN)
  YESTERDAY        0.0
  MONTH TO DATE    0.0
  SINCE SEP 1      0.0
  SINCE JUL 1      0.0
  SNOW DEPTH       0

DEGREE DAYS
 HEATING
  YESTERDAY        0                         1     -1        0
  MONTH TO DATE    0                         2     -2        0
  SINCE SEP 1      0                         2     -2        0
  SINCE JUL 1      0                         4     -4        0

 COOLING
  YESTERDAY       12                         7      5       16
  MONTH TO DATE  107                        85     22      124
  SINCE SEP 1    107                        85     22      124
  SINCE JAN 1   1353                      1271     82     1267
..................................................................


WIND (MPH)
  HIGHEST WIND SPEED    25   HIGHEST WIND DIRECTION    SW (230)
  HIGHEST GUST SPEED    31   HIGHEST GUST DIRECTION    SW (220)
  AVERAGE WIND SPEED    15.5


SKY COVER
  AVERAGE SKY COVER 0.6


WEATHER CONDITIONS
 THE FOLLOWING WEATHER WAS RECORDED YESTERDAY.
  LIGHT RAIN
  FOG


RELATIVE HUMIDITY (PERCENT)
 HIGHEST    84           700 PM
 LOWEST     61          1100 AM
 AVERAGE    73

..........................................................


THE SPRINGFIELD MO CLIMATE NORMALS FOR TODAY
                         NORMAL    RECORD    YEAR
 MAXIMUM TEMPERATURE (F)   82        96      2000
                                             1936
 MINIMUM TEMPERATURE (F)   60        37      1940


SUNRISE AND SUNSET
SEPTEMBER 11 2014.....SUNRISE   652 AM CDT   SUNSET   727 PM CDT
SEPTEMBER 12 2014.....SUNRISE   653 AM CDT   SUNSET   726 PM CDT


-  INDICATES NEGATIVE NUMBERS.
R  INDICATES RECORD WAS SET OR TIED.
MM INDICATES DATA IS MISSING.
T  INDICATES TRACE AMOUNT.




$$
