249
CDUS43 KSGF 270632
CLISGF


CLIMATE REPORT
NATIONAL WEATHER SERVICE SPRINGFIELD MO
132 AM CDT TUE JUN 27 2017


...................................

...THE SPRINGFIELD MO CLIMATE SUMMARY FOR JUNE 26 2017...

CLIMATE NORMAL PERIOD 1981 TO 2010
CLIMATE RECORD PERIOD 1888 TO 2017


WEATHER ITEM   OBSERVED TIME   RECORD YEAR NORMAL DEPARTURE LAST
                VALUE   (LST)  VALUE       VALUE  FROM      YEAR
                                                  NORMAL
..................................................................
TEMPERATURE (F)
 YESTERDAY
  MAXIMUM         74    251 PM  99    1988  87    -13       92
                                      1954
  MINIMUM         61   1055 PM  46    1974  66     -5       73
  AVERAGE         68                        76     -8       83

PRECIPITATION (IN)
  YESTERDAY        0.94          5.20 1932   0.15   0.79      T
  MONTH TO DATE    4.31                      4.23   0.08     3.44
  SINCE JUN 1      4.31                      4.23   0.08     3.44
  SINCE JAN 1     33.01                     22.26  10.75    14.69

SNOWFALL (IN)
  YESTERDAY        0.0
  MONTH TO DATE    0.0
  SINCE JUN 1      0.0
  SINCE JUL 1      1.8
  SNOW DEPTH       0

DEGREE DAYS
 HEATING
  YESTERDAY        0                         0      0        0
  MONTH TO DATE    0                         7     -7        0
  SINCE JUN 1      0                         7     -7        0
  SINCE JUL 1   3355                      4576  -1221     3629

 COOLING
  YESTERDAY        3                        11     -8       18
  MONTH TO DATE  229                       218     11      342
  SINCE JUN 1    229                       218     11      342
  SINCE JAN 1    377                       333     44      462
..................................................................


WIND (MPH)
  HIGHEST WIND SPEED    21   HIGHEST WIND DIRECTION    NE (30)
  HIGHEST GUST SPEED    25   HIGHEST GUST DIRECTION     N (20)
  AVERAGE WIND SPEED     7.9


SKY COVER
  AVERAGE SKY COVER 0.9


WEATHER CONDITIONS
 THE FOLLOWING WEATHER WAS RECORDED YESTERDAY.
  THUNDERSTORM
  HEAVY RAIN
  LIGHT RAIN
  FOG


RELATIVE HUMIDITY (PERCENT)
 HIGHEST    93           400 PM
 LOWEST     63           100 AM
 AVERAGE    78

..........................................................


THE SPRINGFIELD MO CLIMATE NORMALS FOR TODAY
                         NORMAL    RECORD    YEAR
 MAXIMUM TEMPERATURE (F)   87       101      2012
                                             1954
 MINIMUM TEMPERATURE (F)   66        47      1974


SUNRISE AND SUNSET
JUNE 27 2017..........SUNRISE   555 AM CDT   SUNSET   838 PM CDT
JUNE 28 2017..........SUNRISE   556 AM CDT   SUNSET   838 PM CDT


-  INDICATES NEGATIVE NUMBERS.
R  INDICATES RECORD WAS SET OR TIED.
MM INDICATES DATA IS MISSING.
T  INDICATES TRACE AMOUNT.




$$
