000
CDUS43 KSGF 270632
CLISGF


CLIMATE REPORT
NATIONAL WEATHER SERVICE SPRINGFIELD MO
132 AM CDT FRI MAY 27 2016


...................................

...THE SPRINGFIELD MO CLIMATE SUMMARY FOR MAY 26 2016...

CLIMATE NORMAL PERIOD 1981 TO 2010
CLIMATE RECORD PERIOD 1888 TO 2016


WEATHER ITEM   OBSERVED TIME   RECORD YEAR NORMAL DEPARTURE LAST
                VALUE   (LST)  VALUE       VALUE  FROM      YEAR
                                                  NORMAL
..................................................................
TEMPERATURE (F)
 YESTERDAY
  MAXIMUM         88    152 PM  93    2012  78     10       78
  MINIMUM         68    817 PM  38    1901  58     10       62
  AVERAGE         78                        68     10       70

PRECIPITATION (IN)
  YESTERDAY        0.00          2.61 1953   0.15  -0.15      T
  MONTH TO DATE    4.50                      4.35   0.15     4.34
  SINCE MAR 1      9.94                     12.29  -2.35    10.91
  SINCE JAN 1     11.22                     17.28  -6.06    13.51

SNOWFALL (IN)
  YESTERDAY        0.0
  MONTH TO DATE    0.0
  SINCE MAR 1      T
  SINCE JUL 1      3.0
  SNOW DEPTH       0

DEGREE DAYS
 HEATING
  YESTERDAY        0                         2     -2        0
  MONTH TO DATE  129                        89     40       60
  SINCE MAR 1    716                       970   -254      825
  SINCE JUL 1   3629                      4563   -934     4532

 COOLING
  YESTERDAY       13                         4      9        5
  MONTH TO DATE   58                        65     -7       95
  SINCE MAR 1     85                        90     -5      117
  SINCE JAN 1     85                        90     -5      117
..................................................................


WIND (MPH)
  HIGHEST WIND SPEED    31   HIGHEST WIND DIRECTION     S (180)
  HIGHEST GUST SPEED    38   HIGHEST GUST DIRECTION     S (170)
  AVERAGE WIND SPEED    12.0


SKY COVER
  AVERAGE SKY COVER 0.5


WEATHER CONDITIONS
 THE FOLLOWING WEATHER WAS RECORDED YESTERDAY.
  FOG


RELATIVE HUMIDITY (PERCENT)
 HIGHEST    93           300 AM
 LOWEST     55           300 PM
 AVERAGE    74

..........................................................


THE SPRINGFIELD MO CLIMATE NORMALS FOR TODAY
                         NORMAL    RECORD    YEAR
 MAXIMUM TEMPERATURE (F)   78        91      2012
 MINIMUM TEMPERATURE (F)   58        37      1961


SUNRISE AND SUNSET
MAY 27 2016...........SUNRISE   557 AM CDT   SUNSET   825 PM CDT
MAY 28 2016...........SUNRISE   556 AM CDT   SUNSET   826 PM CDT


-  INDICATES NEGATIVE NUMBERS.
R  INDICATES RECORD WAS SET OR TIED.
MM INDICATES DATA IS MISSING.
T  INDICATES TRACE AMOUNT.




$$
