000
CDUS43 KSGF 310640
CLISGF


CLIMATE REPORT
NATIONAL WEATHER SERVICE SPRINGFIELD MO
140 AM CDT SUN AUG 31 2014


...................................

...THE SPRINGFIELD MO CLIMATE SUMMARY FOR AUGUST 30 2014...

CLIMATE NORMAL PERIOD 1981 TO 2010
CLIMATE RECORD PERIOD 1888 TO 2014


WEATHER ITEM   OBSERVED TIME   RECORD YEAR NORMAL DEPARTURE LAST
                VALUE   (LST)  VALUE       VALUE  FROM      YEAR
                                                  NORMAL
..................................................................
TEMPERATURE (F)
 YESTERDAY
  MAXIMUM         91    158 PM 101    2000  87      4       95
                                      1947
  MINIMUM         69   1147 PM  48    1946  64      5       73
  AVERAGE         80                        76      4       84

PRECIPITATION (IN)
  YESTERDAY        0.73          1.66 1888   0.13   0.60     0.00
  MONTH TO DATE    1.96                      3.41  -1.45     5.84
  SINCE JUN 1     10.49                     11.94  -1.45    14.43
  SINCE JAN 1     21.97                     29.97  -8.00    38.15

SNOWFALL (IN)
  YESTERDAY        0.0
  MONTH TO DATE    0.0
  SINCE JUN 1      0.0
  SINCE JUL 1      0.0
  SNOW DEPTH       0

DEGREE DAYS
 HEATING
  YESTERDAY        0                         0      0        0
  MONTH TO DATE    0                         0      0        0
  SINCE JUN 1      0                         9     -9       14
  SINCE JUL 1      0                         0      0        0

 COOLING
  YESTERDAY       15                        11      4       19
  MONTH TO DATE  451                       390     61      340
  SINCE JUN 1   1037                      1063    -26      997
  SINCE JAN 1   1230                      1178     52     1124
..................................................................


WIND (MPH)
  HIGHEST WIND SPEED    24   HIGHEST WIND DIRECTION    NW (320)
  HIGHEST GUST SPEED    31   HIGHEST GUST DIRECTION    NW (300)
  AVERAGE WIND SPEED    10.4


SKY COVER
  AVERAGE SKY COVER 0.4


WEATHER CONDITIONS
 THE FOLLOWING WEATHER WAS RECORDED YESTERDAY.
  THUNDERSTORM
  HEAVY RAIN
  RAIN
  LIGHT RAIN
  FOG
  HAZE


RELATIVE HUMIDITY (PERCENT)
 HIGHEST    90           900 PM
 LOWEST     44           200 PM
 AVERAGE    67

..........................................................


THE SPRINGFIELD MO CLIMATE NORMALS FOR TODAY
                         NORMAL    RECORD    YEAR
 MAXIMUM TEMPERATURE (F)   87       102      2000
                                             1947
 MINIMUM TEMPERATURE (F)   64        48      2009
                                             1967
                                             1915


SUNRISE AND SUNSET
AUGUST 31 2014........SUNRISE   643 AM CDT   SUNSET   744 PM CDT
SEPTEMBER  1 2014.....SUNRISE   644 AM CDT   SUNSET   742 PM CDT


-  INDICATES NEGATIVE NUMBERS.
R  INDICATES RECORD WAS SET OR TIED.
MM INDICATES DATA IS MISSING.
T  INDICATES TRACE AMOUNT.




$$
