000
CDUS43 KSGF 202326
CLISGF


CLIMATE REPORT
NATIONAL WEATHER SERVICE SPRINGFIELD MO
526 PM CST FRI JAN 20 2017


...................................

...THE SPRINGFIELD MO CLIMATE SUMMARY FOR JANUARY 20 2017...
VALID TODAY AS OF 0500 PM LOCAL TIME.

CLIMATE NORMAL PERIOD 1981 TO 2010
CLIMATE RECORD PERIOD 1888 TO 2017


WEATHER ITEM   OBSERVED TIME   RECORD YEAR NORMAL DEPARTURE LAST
                VALUE   (LST)  VALUE       VALUE  FROM      YEAR
                                                  NORMAL
..................................................................
TEMPERATURE (F)
 TODAY
  MAXIMUM         66    350 PM  70    1906  43     23       29
                                      1895
  MINIMUM         45   1218 AM -13    1985  22     23       24
  AVERAGE         56                        32     24       27

PRECIPITATION (IN)
  TODAY            T             1.57 1923   0.07  -0.07      T
  MONTH TO DATE    3.52                      1.65   1.87     0.81
  SINCE DEC 1      4.14                      4.69  -0.55    12.24
  SINCE JAN 1      3.52                      1.65   1.87     0.81

SNOWFALL (IN)
  TODAY            0.0
  MONTH TO DATE    1.5
  SINCE DEC 1      1.7
  SINCE JUL 1      1.7
  SNOW DEPTH       0

DEGREE DAYS
 HEATING
  TODAY            9                        32    -23       38
  MONTH TO DATE  552                       655   -103      666
  SINCE DEC 1   1449                      1586   -137     1315
  SINCE JUL 1   1965                      2465   -500     1960

 COOLING
  TODAY            0                         0      0        0
  MONTH TO DATE    0                         0      0        0
  SINCE DEC 1      0                         0      0        0
  SINCE JAN 1      0                         0      0        0
..................................................................


WIND (MPH)
  HIGHEST WIND SPEED    25   HIGHEST WIND DIRECTION     S (190)
  HIGHEST GUST SPEED    32   HIGHEST GUST DIRECTION     S (180)


SKY COVER
  AVERAGE SKY COVER 0.7


WEATHER CONDITIONS
 THE FOLLOWING WEATHER WAS RECORDED TODAY.
  LIGHT RAIN
  FOG
  FOG W/VISIBILITY <= 1/4 MILE


RELATIVE HUMIDITY (PERCENT)
 HIGHEST   100           100 AM
 LOWEST     42           300 PM
 AVERAGE    71

..........................................................


THE SPRINGFIELD MO CLIMATE NORMALS FOR TOMORROW
                         NORMAL    RECORD    YEAR
 MAXIMUM TEMPERATURE (F)   43        71      1957
 MINIMUM TEMPERATURE (F)   22        -8      1984


SUNRISE AND SUNSET
JANUARY 20 2017.......SUNRISE   724 AM CST   SUNSET   525 PM CST
JANUARY 21 2017.......SUNRISE   724 AM CST   SUNSET   527 PM CST


-  INDICATES NEGATIVE NUMBERS.
R  INDICATES RECORD WAS SET OR TIED.
MM INDICATES DATA IS MISSING.
T  INDICATES TRACE AMOUNT.




$$
