000
CDUS43 KSGF 230647
CLISGF


CLIMATE REPORT
NATIONAL WEATHER SERVICE SPRINGFIELD MO
143 AM CDT SUN APR 23 2017


...................................

...THE SPRINGFIELD MO CLIMATE SUMMARY FOR APRIL 22 2017...

CLIMATE NORMAL PERIOD 1981 TO 2010
CLIMATE RECORD PERIOD 1888 TO 2017


WEATHER ITEM   OBSERVED TIME   RECORD YEAR NORMAL DEPARTURE LAST
                VALUE   (LST)  VALUE       VALUE  FROM      YEAR
                                                  NORMAL
..................................................................
TEMPERATURE (F)
 YESTERDAY
  MAXIMUM         50    640 PM  89    1963  69    -19       75
  MINIMUM         43    706 AM  30    1986  46     -3       48
                                      1982
  AVERAGE         47                        58    -11       62

PRECIPITATION (IN)
  YESTERDAY        0.16          1.43 1962   0.16   0.00     0.00
  MONTH TO DATE    5.18                      2.99   2.19     0.83
  SINCE MAR 1      9.97                      6.61   3.36     3.77
  SINCE JAN 1     14.43                     11.60   2.83     5.05

SNOWFALL (IN)
  YESTERDAY        0.0
  MONTH TO DATE    0.0
  SINCE MAR 1      0.1
  SINCE JUL 1      1.8
  SNOW DEPTH       0

DEGREE DAYS
 HEATING
  YESTERDAY       18                         8     10        3
  MONTH TO DATE  120                       245   -125      173
  SINCE MAR 1    536                       826   -290      571
  SINCE JUL 1   3225                      4419  -1194     3484

 COOLING
  YESTERDAY        0                         1     -1        0
  MONTH TO DATE   32                        15     17        6
  SINCE MAR 1     38                        18     20        8
  SINCE JAN 1     47                        18     29        8
..................................................................


WIND (MPH)
  HIGHEST WIND SPEED    26   HIGHEST WIND DIRECTION    NE (40)
  HIGHEST GUST SPEED    32   HIGHEST GUST DIRECTION    NE (30)
  AVERAGE WIND SPEED    11.8


SKY COVER
  AVERAGE SKY COVER 1.0


WEATHER CONDITIONS
 THE FOLLOWING WEATHER WAS RECORDED YESTERDAY.
  LIGHT RAIN
  FOG
  HAZE


RELATIVE HUMIDITY (PERCENT)
 HIGHEST    93           300 AM
 LOWEST     71           500 PM
 AVERAGE    82

..........................................................


THE SPRINGFIELD MO CLIMATE NORMALS FOR TODAY
                         NORMAL    RECORD    YEAR
 MAXIMUM TEMPERATURE (F)   69        88      1989
                                             1965
 MINIMUM TEMPERATURE (F)   47        28      1956


SUNRISE AND SUNSET
APRIL 23 2017.........SUNRISE   628 AM CDT   SUNSET   756 PM CDT
APRIL 24 2017.........SUNRISE   627 AM CDT   SUNSET   757 PM CDT


-  INDICATES NEGATIVE NUMBERS.
R  INDICATES RECORD WAS SET OR TIED.
MM INDICATES DATA IS MISSING.
T  INDICATES TRACE AMOUNT.




$$
