000
CDUS43 KSGF 300626
CLISGF


CLIMATE REPORT
NATIONAL WEATHER SERVICE SPRINGFIELD MO
126 AM CDT SAT APR 30 2016


...................................

...THE SPRINGFIELD MO CLIMATE SUMMARY FOR APRIL 29 2016...

CLIMATE NORMAL PERIOD 1981 TO 2010
CLIMATE RECORD PERIOD 1888 TO 2016


WEATHER ITEM   OBSERVED TIME   RECORD YEAR NORMAL DEPARTURE LAST
                VALUE   (LST)  VALUE       VALUE  FROM      YEAR
                                                  NORMAL
..................................................................
TEMPERATURE (F)
 YESTERDAY
  MAXIMUM         64    322 PM  89    1899  71     -7       75
  MINIMUM         52    917 AM  31    2008  49      3       42
  AVERAGE         58                        60     -2       59

PRECIPITATION (IN)
  YESTERDAY        0.98          2.51 1983   0.17   0.81     0.00
  MONTH TO DATE    2.39                      4.14  -1.75     3.19
  SINCE MAR 1      5.33                      7.76  -2.43     6.57
  SINCE JAN 1      6.61                     12.75  -6.14     9.17

SNOWFALL (IN)
  YESTERDAY        0.0
  MONTH TO DATE    0.0
  SINCE MAR 1      T
  SINCE JUL 1      3.0
  SNOW DEPTH       0

DEGREE DAYS
 HEATING
  YESTERDAY        7                         6      1        6
  MONTH TO DATE  189                       294   -105      212
  SINCE MAR 1    587                       875   -288      759
  SINCE JUL 1   3500                      4468   -968     4466

 COOLING
  YESTERDAY        0                         1     -1        0
  MONTH TO DATE   25                        22      3       22
  SINCE MAR 1     27                        25      2       22
  SINCE JAN 1     27                        25      2       22
..................................................................


WIND (MPH)
  HIGHEST WIND SPEED    26   HIGHEST WIND DIRECTION    SE (120)
  HIGHEST GUST SPEED    33   HIGHEST GUST DIRECTION    SE (120)
  AVERAGE WIND SPEED    12.4


SKY COVER
  AVERAGE SKY COVER 0.7


WEATHER CONDITIONS
 THE FOLLOWING WEATHER WAS RECORDED YESTERDAY.
  THUNDERSTORM
  HEAVY RAIN
  RAIN
  LIGHT RAIN
  FOG
  HAZE


RELATIVE HUMIDITY (PERCENT)
 HIGHEST    90           600 PM
 LOWEST     67           200 PM
 AVERAGE    79

..........................................................


THE SPRINGFIELD MO CLIMATE NORMALS FOR TODAY
                         NORMAL    RECORD    YEAR
 MAXIMUM TEMPERATURE (F)   71        90      1987
                                             1952
 MINIMUM TEMPERATURE (F)   49        32      1907
                                             1903


SUNRISE AND SUNSET
APRIL 30 2016.........SUNRISE   619 AM CDT   SUNSET   803 PM CDT
MAY  1 2016...........SUNRISE   618 AM CDT   SUNSET   803 PM CDT


-  INDICATES NEGATIVE NUMBERS.
R  INDICATES RECORD WAS SET OR TIED.
MM INDICATES DATA IS MISSING.
T  INDICATES TRACE AMOUNT.




$$
