000
CDUS43 KSGF 090637
CLISGF


CLIMATE REPORT
NATIONAL WEATHER SERVICE SPRINGFIELD MO
1236 AM CST FRI DEC 9 2016


...................................

...THE SPRINGFIELD MO CLIMATE SUMMARY FOR DECEMBER 8 2016...

CLIMATE NORMAL PERIOD 1981 TO 2010
CLIMATE RECORD PERIOD 1888 TO 2016


WEATHER ITEM   OBSERVED TIME   RECORD YEAR NORMAL DEPARTURE LAST
                VALUE   (LST)  VALUE       VALUE  FROM      YEAR
                                                  NORMAL
..................................................................
TEMPERATURE (F)
 YESTERDAY
  MAXIMUM         30    247 PM  77    1991  47    -17       66
  MINIMUM         14   1128 PM  -9    1917  26    -12       39
  AVERAGE         22                        36    -14       53

PRECIPITATION (IN)
  YESTERDAY        0.00          1.33 1901   0.11  -0.11     0.00
  MONTH TO DATE    0.17                      0.92  -0.75     0.00
  SINCE DEC 1      0.17                      0.92  -0.75     0.00
  SINCE JAN 1     35.80                     43.45  -7.65    48.31

SNOWFALL (IN)
  YESTERDAY        0.0
  MONTH TO DATE    T
  SINCE DEC 1      T
  SINCE JUL 1      T
  SNOW DEPTH       0

DEGREE DAYS
 HEATING
  YESTERDAY       43                        29     14       12
  MONTH TO DATE  232                       219     13      179
  SINCE DEC 1    232                       219     13      179
  SINCE JUL 1    748                      1098   -350      824

 COOLING
  YESTERDAY        0                         0      0        0
  MONTH TO DATE    0                         0      0        0
  SINCE DEC 1      0                         0      0        0
  SINCE JAN 1   1808                      1389    419     1555
..................................................................


WIND (MPH)
  HIGHEST WIND SPEED    16   HIGHEST WIND DIRECTION    NW (320)
  HIGHEST GUST SPEED    22   HIGHEST GUST DIRECTION    NW (300)
  AVERAGE WIND SPEED     8.6


SKY COVER
  AVERAGE SKY COVER 0.0


WEATHER CONDITIONS
 THE FOLLOWING WEATHER WAS RECORDED YESTERDAY.
  NO SIGNIFICANT WEATHER WAS OBSERVED.


RELATIVE HUMIDITY (PERCENT)
 HIGHEST    84           100 AM
 LOWEST     50           100 PM
 AVERAGE    67

..........................................................


THE SPRINGFIELD MO CLIMATE NORMALS FOR TODAY
                         NORMAL    RECORD    YEAR
 MAXIMUM TEMPERATURE (F)   46        71      1940
 MINIMUM TEMPERATURE (F)   26        -8      1917


SUNRISE AND SUNSET
DECEMBER  9 2016......SUNRISE   716 AM CST   SUNSET   456 PM CST
DECEMBER 10 2016......SUNRISE   717 AM CST   SUNSET   456 PM CST


-  INDICATES NEGATIVE NUMBERS.
R  INDICATES RECORD WAS SET OR TIED.
MM INDICATES DATA IS MISSING.
T  INDICATES TRACE AMOUNT.




$$
