000
CDUS43 KSGF 010626
CLISGF


CLIMATE REPORT
NATIONAL WEATHER SERVICE SPRINGFIELD MO
126 AM CDT MON SEP 1 2014


...................................

...THE SPRINGFIELD MO CLIMATE SUMMARY FOR AUGUST 31 2014...

CLIMATE NORMAL PERIOD 1981 TO 2010
CLIMATE RECORD PERIOD 1888 TO 2014


WEATHER ITEM   OBSERVED TIME   RECORD YEAR NORMAL DEPARTURE LAST
                VALUE   (LST)  VALUE       VALUE  FROM      YEAR
                                                  NORMAL
..................................................................
TEMPERATURE (F)
 YESTERDAY
  MAXIMUM         93    401 PM 102    2000  87      6       96
                                      1947
  MINIMUM         69    627 AM  48    2009  64      5       72
                                      1967
                                      1915
  AVERAGE         81                        75      6       84

PRECIPITATION (IN)
  YESTERDAY        0.00          1.71 1965   0.14  -0.14     0.00
  MONTH TO DATE    1.96                      3.55  -1.59     5.84
  SINCE JUN 1     10.49                     12.08  -1.59    14.43
  SINCE JAN 1     21.97                     30.11  -8.14    38.15

SNOWFALL (IN)
  YESTERDAY        0.0
  MONTH TO DATE    0.0
  SINCE JUN 1      0.0
  SINCE JUL 1      0.0
  SNOW DEPTH       0

DEGREE DAYS
 HEATING
  YESTERDAY        0                         0      0        0
  MONTH TO DATE    0                         0      0        0
  SINCE JUN 1      0                        11    -11       14
  SINCE JUL 1      0                         2     -2        0

 COOLING
  YESTERDAY       16                        10      6       19
  MONTH TO DATE  467                       398     69      359
  SINCE JUN 1   1053                      1071    -18     1016
  SINCE JAN 1   1246                      1186     60     1143
..................................................................


WIND (MPH)
  HIGHEST WIND SPEED    20   HIGHEST WIND DIRECTION    SE (150)
  HIGHEST GUST SPEED    26   HIGHEST GUST DIRECTION    SE (150)
  AVERAGE WIND SPEED    11.5


SKY COVER
  AVERAGE SKY COVER 0.1


WEATHER CONDITIONS
 THE FOLLOWING WEATHER WAS RECORDED YESTERDAY.
  FOG


RELATIVE HUMIDITY (PERCENT)
 HIGHEST   100           700 AM
 LOWEST     36           400 PM
 AVERAGE    68

..........................................................


THE SPRINGFIELD MO CLIMATE NORMALS FOR TODAY
                         NORMAL    RECORD    YEAR
 MAXIMUM TEMPERATURE (F)   86       102      2000
 MINIMUM TEMPERATURE (F)   64        43      1967


SUNRISE AND SUNSET
SEPTEMBER  1 2014.....SUNRISE   644 AM CDT   SUNSET   742 PM CDT
SEPTEMBER  2 2014.....SUNRISE   645 AM CDT   SUNSET   741 PM CDT


-  INDICATES NEGATIVE NUMBERS.
R  INDICATES RECORD WAS SET OR TIED.
MM INDICATES DATA IS MISSING.
T  INDICATES TRACE AMOUNT.




$$
