000
CDUS43 KSGF 262225
CLISGF


CLIMATE REPORT
NATIONAL WEATHER SERVICE SPRINGFIELD MO
525 PM CDT SUN JUL 26 2015


...................................

...THE SPRINGFIELD MO CLIMATE SUMMARY FOR JULY 26 2015...
VALID TODAY AS OF 0500 PM LOCAL TIME.

CLIMATE NORMAL PERIOD 1981 TO 2010
CLIMATE RECORD PERIOD 1888 TO 2015


WEATHER ITEM   OBSERVED TIME   RECORD YEAR NORMAL DEPARTURE LAST
                VALUE   (LST)  VALUE       VALUE  FROM      YEAR
                                                  NORMAL
..................................................................
TEMPERATURE (F)
 TODAY
  MAXIMUM         92    346 PM 101    1952  90      2       97
  MINIMUM         76    515 AM  54    1962  68      8       73
  AVERAGE         84                        79      5       85

PRECIPITATION (IN)
  TODAY            0.00          4.66 1905   0.10  -0.10     0.00
  MONTH TO DATE    9.21                      3.19   6.02     2.25
  SINCE JUN 1     13.99                      8.04   5.95     8.48
  SINCE JAN 1     29.39                     26.07   3.32    19.96

SNOWFALL (IN)
  TODAY            0.0
  MONTH TO DATE    0.0
  SINCE JUN 1      0.0
  SINCE JUL 1      0.0
  SNOW DEPTH       0

DEGREE DAYS
 HEATING
  TODAY            0                         0      0        0
  MONTH TO DATE    0                         0      0        0
  SINCE JUN 1      1                         9     -8        0
  SINCE JUL 1      0                         0      0        0

 COOLING
  TODAY           19                        14      5       20
  MONTH TO DATE  376                       341     35      249
  SINCE JUN 1    726                       604    122      543
  SINCE JAN 1    868                       719    149      736
..................................................................


WIND (MPH)
  HIGHEST WIND SPEED    15   HIGHEST WIND DIRECTION    SW (220)
  HIGHEST GUST SPEED    21   HIGHEST GUST DIRECTION     W (250)


SKY COVER
  AVERAGE SKY COVER 0.0


WEATHER CONDITIONS
 THE FOLLOWING WEATHER WAS RECORDED TODAY.
  NO SIGNIFICANT WEATHER WAS OBSERVED.


RELATIVE HUMIDITY (PERCENT)
 HIGHEST    94           500 AM
 LOWEST     49           300 PM
 AVERAGE    72

..........................................................


THE SPRINGFIELD MO CLIMATE NORMALS FOR TOMORROW
                         NORMAL    RECORD    YEAR
 MAXIMUM TEMPERATURE (F)   90       102      2012
                                             1986
 MINIMUM TEMPERATURE (F)   68        52      2004


SUNRISE AND SUNSET
JULY 26 2015..........SUNRISE   613 AM CDT   SUNSET   826 PM CDT
JULY 27 2015..........SUNRISE   614 AM CDT   SUNSET   826 PM CDT


-  INDICATES NEGATIVE NUMBERS.
R  INDICATES RECORD WAS SET OR TIED.
MM INDICATES DATA IS MISSING.
T  INDICATES TRACE AMOUNT.




$$
