000
CDUS43 KSGF 040626
CLISGF


CLIMATE REPORT
NATIONAL WEATHER SERVICE SPRINGFIELD MO
126 AM CDT SAT JUL 4 2015


...................................

...THE SPRINGFIELD MO CLIMATE SUMMARY FOR JULY 3 2015...

CLIMATE NORMAL PERIOD 1981 TO 2010
CLIMATE RECORD PERIOD 1888 TO 2015


WEATHER ITEM   OBSERVED TIME   RECORD YEAR NORMAL DEPARTURE LAST
                VALUE   (LST)  VALUE       VALUE  FROM      YEAR
                                                  NORMAL
..................................................................
TEMPERATURE (F)
 YESTERDAY
  MAXIMUM         81    438 PM  98    2011  88     -7       79
                                      1911
  MINIMUM         69   1159 PM  52    2014  67      2       52
                                      1968
  AVERAGE         75                        77     -2       66

PRECIPITATION (IN)
  YESTERDAY        0.84          3.26 1951   0.14   0.70     0.00
  MONTH TO DATE    2.83                      0.43   2.40      T
  SINCE JUN 1      7.61                      5.28   2.33     6.23
  SINCE JAN 1     23.01                     23.31  -0.30    17.71

SNOWFALL (IN)
  YESTERDAY        0.0
  MONTH TO DATE    0.0
  SINCE JUN 1      0.0
  SINCE JUL 1      0.0
  SNOW DEPTH       0

DEGREE DAYS
 HEATING
  YESTERDAY        0                         0      0        0
  MONTH TO DATE    0                         0      0        0
  SINCE JUN 1      1                         9     -8        0
  SINCE JUL 1      0                         0      0        0

 COOLING
  YESTERDAY       10                        12     -2        1
  MONTH TO DATE   34                        36     -2       18
  SINCE JUN 1    384                       299     85      312
  SINCE JAN 1    526                       414    112      505
..................................................................


WIND (MPH)
  HIGHEST WIND SPEED    18   HIGHEST WIND DIRECTION    NE (40)
  HIGHEST GUST SPEED    22   HIGHEST GUST DIRECTION    NE (50)
  AVERAGE WIND SPEED     6.6


SKY COVER
  AVERAGE SKY COVER 0.5


WEATHER CONDITIONS
 THE FOLLOWING WEATHER WAS RECORDED YESTERDAY.
  THUNDERSTORM
  HEAVY RAIN
  RAIN
  LIGHT RAIN
  FOG
  FOG W/VISIBILITY <= 1/4 MILE


RELATIVE HUMIDITY (PERCENT)
 HIGHEST    93           300 AM
 LOWEST     67           400 PM
 AVERAGE    80

..........................................................


THE SPRINGFIELD MO CLIMATE NORMALS FOR TODAY
                         NORMAL    RECORD    YEAR
 MAXIMUM TEMPERATURE (F)   88       100      2012
 MINIMUM TEMPERATURE (F)   67        50      1968


SUNRISE AND SUNSET
JULY  4 2015..........SUNRISE   558 AM CDT   SUNSET   837 PM CDT
JULY  5 2015..........SUNRISE   559 AM CDT   SUNSET   837 PM CDT


-  INDICATES NEGATIVE NUMBERS.
R  INDICATES RECORD WAS SET OR TIED.
MM INDICATES DATA IS MISSING.
T  INDICATES TRACE AMOUNT.




$$
