000
CDUS43 KSGF 300632
CLISGF


CLIMATE REPORT
NATIONAL WEATHER SERVICE SPRINGFIELD MO
1231 AM CST FRI JAN 30 2015


...................................

...THE SPRINGFIELD MO CLIMATE SUMMARY FOR JANUARY 29 2015...

CLIMATE NORMAL PERIOD 1981 TO 2010
CLIMATE RECORD PERIOD 1888 TO 2015


WEATHER ITEM   OBSERVED TIME   RECORD YEAR NORMAL DEPARTURE LAST
                VALUE   (LST)  VALUE       VALUE  FROM      YEAR
                                                  NORMAL
..................................................................
TEMPERATURE (F)
 YESTERDAY
  MAXIMUM         61    143 AM  74    1947  44     17       40
  MINIMUM         25   1159 PM -12    1979  23      2        7
  AVERAGE         43                        33     10       24

PRECIPITATION (IN)
  YESTERDAY        0.00          2.10 1969   0.07  -0.07     0.00
  MONTH TO DATE    0.78                      2.31  -1.53     1.26
  SINCE DEC 1      2.55                      5.35  -2.80     3.82
  SINCE JAN 1      0.78                      2.31  -1.53     1.26

SNOWFALL (IN)
  YESTERDAY        0.0
  MONTH TO DATE    0.3
  SINCE DEC 1      0.8
  SINCE JUL 1      2.5
  SNOW DEPTH       0

DEGREE DAYS
 HEATING
  YESTERDAY       22                        32    -10       41
  MONTH TO DATE  884                       943    -59     1048
  SINCE DEC 1   1704                      1874   -170     2034
  SINCE JUL 1   2654                      2753    -99     2971

 COOLING
  YESTERDAY        0                         0      0        0
  MONTH TO DATE    0                         0      0        0
  SINCE DEC 1      0                         0      0        0
  SINCE JAN 1      0                         0      0        0
..................................................................


WIND (MPH)
  HIGHEST WIND SPEED    26   HIGHEST WIND DIRECTION     N (340)
  HIGHEST GUST SPEED    31   HIGHEST GUST DIRECTION     N (350)
  AVERAGE WIND SPEED    14.5


SKY COVER
  AVERAGE SKY COVER 0.5


WEATHER CONDITIONS
 THE FOLLOWING WEATHER WAS RECORDED YESTERDAY.
  HAZE


RELATIVE HUMIDITY (PERCENT)
 HIGHEST    79          1000 AM
 LOWEST     42           200 AM
 AVERAGE    61

..........................................................


THE SPRINGFIELD MO CLIMATE NORMALS FOR TODAY
                         NORMAL    RECORD    YEAR
 MAXIMUM TEMPERATURE (F)   44        74      1890
 MINIMUM TEMPERATURE (F)   23        -5      1966


SUNRISE AND SUNSET
JANUARY 30 2015.......SUNRISE   718 AM CST   SUNSET   536 PM CST
JANUARY 31 2015.......SUNRISE   717 AM CST   SUNSET   537 PM CST


-  INDICATES NEGATIVE NUMBERS.
R  INDICATES RECORD WAS SET OR TIED.
MM INDICATES DATA IS MISSING.
T  INDICATES TRACE AMOUNT.




$$
