732
CDUS43 KSGF 242327
CLISGF


CLIMATE REPORT
NATIONAL WEATHER SERVICE SPRINGFIELD MO
526 PM CST TUE JAN 24 2017


...................................

...THE SPRINGFIELD MO CLIMATE SUMMARY FOR JANUARY 24 2017...
VALID TODAY AS OF 0500 PM LOCAL TIME.

CLIMATE NORMAL PERIOD 1981 TO 2010
CLIMATE RECORD PERIOD 1888 TO 2017


WEATHER ITEM   OBSERVED TIME   RECORD YEAR NORMAL DEPARTURE LAST
                VALUE   (LST)  VALUE       VALUE  FROM      YEAR
                                                  NORMAL
..................................................................
TEMPERATURE (F)
 TODAY
  MAXIMUM         69    404 PM  76    1950  43     26       52
  MINIMUM         32   1239 AM -17    1894  22     10       28
  AVERAGE         51                        33     18       40

PRECIPITATION (IN)
  TODAY            0.00          0.80 1929   0.07  -0.07     0.00
  MONTH TO DATE    4.07                      1.95   2.12     0.92
  SINCE DEC 1      4.69                      4.99  -0.30    12.35
  SINCE JAN 1      4.07                      1.95   2.12     0.92

SNOWFALL (IN)
  TODAY            0.0
  MONTH TO DATE    1.5
  SINCE DEC 1      1.7
  SINCE JUL 1      1.7
  SNOW DEPTH       0

DEGREE DAYS
 HEATING
  TODAY           14                        32    -18       25
  MONTH TO DATE  622                       783   -161      802
  SINCE DEC 1   1519                      1714   -195     1451
  SINCE JUL 1   2035                      2593   -558     2096

 COOLING
  TODAY            0                         0      0        0
  MONTH TO DATE    0                         0      0        0
  SINCE DEC 1      0                         0      0        0
  SINCE JAN 1      0                         0      0        0
..................................................................


WIND (MPH)
  HIGHEST WIND SPEED    31   HIGHEST WIND DIRECTION     S (160)
  HIGHEST GUST SPEED    38   HIGHEST GUST DIRECTION     S (160)


SKY COVER
  AVERAGE SKY COVER 0.0


WEATHER CONDITIONS
 THE FOLLOWING WEATHER WAS RECORDED TODAY.
  NO SIGNIFICANT WEATHER WAS OBSERVED.


RELATIVE HUMIDITY (PERCENT)
 HIGHEST    82          1200 AM
 LOWEST     28           400 PM
 AVERAGE    55

..........................................................


THE SPRINGFIELD MO CLIMATE NORMALS FOR TOMORROW
                         NORMAL    RECORD    YEAR
 MAXIMUM TEMPERATURE (F)   44        75      1950
 MINIMUM TEMPERATURE (F)   22       -13      1894


SUNRISE AND SUNSET
JANUARY 24 2017.......SUNRISE   722 AM CST   SUNSET   530 PM CST
JANUARY 25 2017.......SUNRISE   721 AM CST   SUNSET   531 PM CST


-  INDICATES NEGATIVE NUMBERS.
R  INDICATES RECORD WAS SET OR TIED.
MM INDICATES DATA IS MISSING.
T  INDICATES TRACE AMOUNT.




$$
