000
CDUS43 KSGF 240629
CLISGF


CLIMATE REPORT
NATIONAL WEATHER SERVICE SPRINGFIELD MO
128 AM CDT FRI MAR 24 2017


...................................

...THE SPRINGFIELD MO CLIMATE SUMMARY FOR MARCH 23 2017...

CLIMATE NORMAL PERIOD 1981 TO 2010
CLIMATE RECORD PERIOD 1888 TO 2017


WEATHER ITEM   OBSERVED TIME   RECORD YEAR NORMAL DEPARTURE LAST
                VALUE   (LST)  VALUE       VALUE  FROM      YEAR
                                                  NORMAL
..................................................................
TEMPERATURE (F)
 YESTERDAY
  MAXIMUM         78    342 PM  85    1910  60     18       76
  MINIMUM         47    637 AM  16    1974  37     10       57
  AVERAGE         63                        48     15       67

PRECIPITATION (IN)
  YESTERDAY        0.00          2.32 1969   0.12  -0.12     0.04
  MONTH TO DATE    1.86                      2.59  -0.73     1.89
  SINCE MAR 1      1.86                      2.59  -0.73     1.89
  SINCE JAN 1      6.32                      7.58  -1.26     3.17

SNOWFALL (IN)
  YESTERDAY        0.0
  MONTH TO DATE    0.1
  SINCE MAR 1      0.1
  SINCE JUL 1      1.8
  SNOW DEPTH       0

DEGREE DAYS
 HEATING
  YESTERDAY        2                        17    -15        0
  MONTH TO DATE  351                       458   -107      285
  SINCE MAR 1    351                       458   -107      285
  SINCE JUL 1   3040                      4051  -1011     3198

 COOLING
  YESTERDAY        0                         0      0        2
  MONTH TO DATE    6                         0      6        2
  SINCE MAR 1      6                         0      6        2
  SINCE JAN 1     15                         0     15        2
..................................................................


WIND (MPH)
  HIGHEST WIND SPEED    29   HIGHEST WIND DIRECTION    SE (140)
  HIGHEST GUST SPEED    37   HIGHEST GUST DIRECTION    SE (140)
  AVERAGE WIND SPEED    20.7


SKY COVER
  AVERAGE SKY COVER 0.3


WEATHER CONDITIONS
 THE FOLLOWING WEATHER WAS RECORDED YESTERDAY.
  NO SIGNIFICANT WEATHER WAS OBSERVED.


RELATIVE HUMIDITY (PERCENT)
 HIGHEST    58          1000 PM
 LOWEST     29           600 PM
 AVERAGE    44

..........................................................


THE SPRINGFIELD MO CLIMATE NORMALS FOR TODAY
                         NORMAL    RECORD    YEAR
 MAXIMUM TEMPERATURE (F)   60        91      1929
 MINIMUM TEMPERATURE (F)   38         7      1974


SUNRISE AND SUNSET
MARCH 24 2017.........SUNRISE   711 AM CDT   SUNSET   729 PM CDT
MARCH 25 2017.........SUNRISE   709 AM CDT   SUNSET   730 PM CDT


-  INDICATES NEGATIVE NUMBERS.
R  INDICATES RECORD WAS SET OR TIED.
MM INDICATES DATA IS MISSING.
T  INDICATES TRACE AMOUNT.




$$
