000
CDUS43 KSGF 010632
CLISGF


CLIMATE REPORT
NATIONAL WEATHER SERVICE SPRINGFIELD MO
1232 AM CST SUN FEB 1 2015


...................................

...THE SPRINGFIELD MO CLIMATE SUMMARY FOR JANUARY 31 2015...

CLIMATE NORMAL PERIOD 1981 TO 2010
CLIMATE RECORD PERIOD 1888 TO 2015


WEATHER ITEM   OBSERVED TIME   RECORD YEAR NORMAL DEPARTURE LAST
                VALUE   (LST)  VALUE       VALUE  FROM      YEAR
                                                  NORMAL
..................................................................
TEMPERATURE (F)
 YESTERDAY
  MAXIMUM         45    411 PM  73    1989  45      0       39
  MINIMUM         37   1159 PM  -7    1899  23     14       30
  AVERAGE         41                        34      7       35

PRECIPITATION (IN)
  YESTERDAY        0.03          0.94 1923   0.08  -0.05     0.03
  MONTH TO DATE    0.81                      2.47  -1.66     1.29
  SINCE DEC 1      2.58                      5.51  -2.93     3.85
  SINCE JAN 1      0.81                      2.47  -1.66     1.29

SNOWFALL (IN)
  YESTERDAY        T
  MONTH TO DATE    0.3
  SINCE DEC 1      0.8
  SINCE JUL 1      2.5
  SNOW DEPTH       0

DEGREE DAYS
 HEATING
  YESTERDAY       24                        31     -7       30
  MONTH TO DATE  938                      1005    -67     1106
  SINCE DEC 1   1758                      1934   -176     2092
  SINCE JUL 1   2708                      2813   -105     3029

 COOLING
  YESTERDAY        0                         0      0        0
  MONTH TO DATE    0                         0      0        0
  SINCE DEC 1      0                         0      0        0
  SINCE JAN 1      0                         0      0        0
..................................................................


WIND (MPH)
  HIGHEST WIND SPEED    29   HIGHEST WIND DIRECTION    SE (140)
  HIGHEST GUST SPEED    35   HIGHEST GUST DIRECTION     S (160)
  AVERAGE WIND SPEED    13.7


SKY COVER
  AVERAGE SKY COVER 1.0


WEATHER CONDITIONS
 THE FOLLOWING WEATHER WAS RECORDED YESTERDAY.
  LIGHT RAIN
  SLEET
  FOG


RELATIVE HUMIDITY (PERCENT)
 HIGHEST    76          1100 PM
 LOWEST     31           100 PM
 AVERAGE    54

..........................................................


THE SPRINGFIELD MO CLIMATE NORMALS FOR TODAY
                         NORMAL    RECORD    YEAR
 MAXIMUM TEMPERATURE (F)   45        84      1911
 MINIMUM TEMPERATURE (F)   23       -14      1979


SUNRISE AND SUNSET
FEBRUARY  1 2015......SUNRISE   717 AM CST   SUNSET   538 PM CST
FEBRUARY  2 2015......SUNRISE   716 AM CST   SUNSET   539 PM CST


-  INDICATES NEGATIVE NUMBERS.
R  INDICATES RECORD WAS SET OR TIED.
MM INDICATES DATA IS MISSING.
T  INDICATES TRACE AMOUNT.




$$
