000
CDUS43 KSGF 272228
CLISGF


CLIMATE REPORT
NATIONAL WEATHER SERVICE SPRINGFIELD MO
527 PM CDT THU APR 27 2017


...................................

...THE SPRINGFIELD MO CLIMATE SUMMARY FOR APRIL 27 2017...
VALID TODAY AS OF 0500 PM LOCAL TIME.

CLIMATE NORMAL PERIOD 1981 TO 2010
CLIMATE RECORD PERIOD 1888 TO 2017


WEATHER ITEM   OBSERVED TIME   RECORD YEAR NORMAL DEPARTURE LAST
                VALUE   (LST)  VALUE       VALUE  FROM      YEAR
                                                  NORMAL
..................................................................
TEMPERATURE (F)
 TODAY
  MAXIMUM         65    337 PM  91    1989  71     -6       77
  MINIMUM         40    532 AM  33    1967  48     -8       51
  AVERAGE         53                        59     -6       64

PRECIPITATION (IN)
  TODAY            0.00          1.10 1998   0.17  -0.17     0.54
  MONTH TO DATE    6.39                      3.81   2.58     1.41
  SINCE MAR 1     11.18                      7.43   3.75     4.35
  SINCE JAN 1     15.64                     12.42   3.22     5.63

SNOWFALL (IN)
  TODAY            0.0
  MONTH TO DATE    0.0
  SINCE MAR 1      0.1
  SINCE JUL 1      1.8
  SNOW DEPTH       0

DEGREE DAYS
 HEATING
  TODAY           12                         7      5        1
  MONTH TO DATE  159                       282   -123      177
  SINCE MAR 1    575                       863   -288      575
  SINCE JUL 1   3264                      4456  -1192     3488

 COOLING
  TODAY            0                         1     -1        0
  MONTH TO DATE   35                        20     15       25
  SINCE MAR 1     41                        23     18       27
  SINCE JAN 1     50                        23     27       27
..................................................................


WIND (MPH)
  HIGHEST WIND SPEED    14   HIGHEST WIND DIRECTION     W (280)
  HIGHEST GUST SPEED    19   HIGHEST GUST DIRECTION     W (280)


SKY COVER
  AVERAGE SKY COVER 0.3


WEATHER CONDITIONS
 THE FOLLOWING WEATHER WAS RECORDED TODAY.
  NO SIGNIFICANT WEATHER WAS OBSERVED.


RELATIVE HUMIDITY (PERCENT)
 HIGHEST    96           200 AM
 LOWEST     40           400 PM
 AVERAGE    68

..........................................................


THE SPRINGFIELD MO CLIMATE NORMALS FOR TOMORROW
                         NORMAL    RECORD    YEAR
 MAXIMUM TEMPERATURE (F)   71        87      1899
                                             1894
 MINIMUM TEMPERATURE (F)   49        31      1973


SUNRISE AND SUNSET
APRIL 27 2017.........SUNRISE   623 AM CDT   SUNSET   800 PM CDT
APRIL 28 2017.........SUNRISE   622 AM CDT   SUNSET   801 PM CDT


-  INDICATES NEGATIVE NUMBERS.
R  INDICATES RECORD WAS SET OR TIED.
MM INDICATES DATA IS MISSING.
T  INDICATES TRACE AMOUNT.




$$
