656
CDUS43 KSGF 240642
CLISGF


CLIMATE REPORT
NATIONAL WEATHER SERVICE SPRINGFIELD MO
142 AM CDT THU AUG 24 2017


...................................

...THE SPRINGFIELD MO CLIMATE SUMMARY FOR AUGUST 23 2017...

CLIMATE NORMAL PERIOD 1981 TO 2010
CLIMATE RECORD PERIOD 1888 TO 2017


WEATHER ITEM   OBSERVED TIME   RECORD YEAR NORMAL DEPARTURE LAST
                VALUE   (LST)  VALUE       VALUE  FROM      YEAR
                                                  NORMAL
..................................................................
TEMPERATURE (F)
 YESTERDAY
  MAXIMUM         79    426 PM 100    2014  89    -10       86
  MINIMUM         61    602 AM  48    1891  66     -5       69
  AVERAGE         70                        77     -7       78

PRECIPITATION (IN)
  YESTERDAY        0.00          2.90 1988   0.12  -0.12     0.68
  MONTH TO DATE    7.11                      2.50   4.61     2.12
  SINCE JUN 1     13.88                     11.03   2.85    13.87
  SINCE JAN 1     42.58                     29.06  13.52    25.12

SNOWFALL (IN)
  YESTERDAY        0.0
  MONTH TO DATE    0.0
  SINCE JUN 1      0.0
  SINCE JUL 1      0.0
  SNOW DEPTH       0

DEGREE DAYS
 HEATING
  YESTERDAY        0                         0      0        0
  MONTH TO DATE    0                         0      0        0
  SINCE JUN 1      0                         9     -9        0
  SINCE JUL 1      0                         0      0        0

 COOLING
  YESTERDAY        5                        12     -7       13
  MONTH TO DATE  221                       310    -89      317
  SINCE JUN 1    956                       983    -27     1189
  SINCE JAN 1   1104                      1098      6     1309
..................................................................


WIND (MPH)
  HIGHEST WIND SPEED    14   HIGHEST WIND DIRECTION    NE (50)
  HIGHEST GUST SPEED    17   HIGHEST GUST DIRECTION    NE (50)
  AVERAGE WIND SPEED     7.5


SKY COVER
  AVERAGE SKY COVER 0.0


WEATHER CONDITIONS
 THE FOLLOWING WEATHER WAS RECORDED YESTERDAY.
  NO SIGNIFICANT WEATHER WAS OBSERVED.


RELATIVE HUMIDITY (PERCENT)
 HIGHEST    93           200 AM
 LOWEST     42           500 PM
 AVERAGE    68

..........................................................


THE SPRINGFIELD MO CLIMATE NORMALS FOR TODAY
                         NORMAL    RECORD    YEAR
 MAXIMUM TEMPERATURE (F)   88       100      2014
                                             1938
                                             1922
 MINIMUM TEMPERATURE (F)   66        44      1891


SUNRISE AND SUNSET
AUGUST 24 2017........SUNRISE   638 AM CDT   SUNSET   753 PM CDT
AUGUST 25 2017........SUNRISE   639 AM CDT   SUNSET   752 PM CDT


-  INDICATES NEGATIVE NUMBERS.
R  INDICATES RECORD WAS SET OR TIED.
MM INDICATES DATA IS MISSING.
T  INDICATES TRACE AMOUNT.




$$
