617
CDUS43 KSGF 260645
CLISGF


CLIMATE REPORT
NATIONAL WEATHER SERVICE SPRINGFIELD MO
145 AM CDT WED APR 26 2017


...................................

...THE SPRINGFIELD MO CLIMATE SUMMARY FOR APRIL 25 2017...

CLIMATE NORMAL PERIOD 1981 TO 2010
CLIMATE RECORD PERIOD 1888 TO 2017


WEATHER ITEM   OBSERVED TIME   RECORD YEAR NORMAL DEPARTURE LAST
                VALUE   (LST)  VALUE       VALUE  FROM      YEAR
                                                  NORMAL
..................................................................
TEMPERATURE (F)
 YESTERDAY
  MAXIMUM         81    352 PM  85    1984  70     11       80
  MINIMUM         54    519 AM  29    1910  48      6       60
  AVERAGE         68                        59      9       70

PRECIPITATION (IN)
  YESTERDAY        0.00          2.31 2011   0.16  -0.16     0.00
  MONTH TO DATE    5.18                      3.48   1.70     0.83
  SINCE MAR 1      9.97                      7.10   2.87     3.77
  SINCE JAN 1     14.43                     12.09   2.34     5.05

SNOWFALL (IN)
  YESTERDAY        0.0
  MONTH TO DATE    0.0
  SINCE MAR 1      0.1
  SINCE JUL 1      1.8
  SNOW DEPTH       0

DEGREE DAYS
 HEATING
  YESTERDAY        0                         7     -7        0
  MONTH TO DATE  139                       268   -129      176
  SINCE MAR 1    555                       849   -294      574
  SINCE JUL 1   3244                      4442  -1198     3487

 COOLING
  YESTERDAY        3                         1      2        5
  MONTH TO DATE   35                        18     17       15
  SINCE MAR 1     41                        21     20       17
  SINCE JAN 1     50                        21     29       17
..................................................................


WIND (MPH)
  HIGHEST WIND SPEED    26   HIGHEST WIND DIRECTION     S (170)
  HIGHEST GUST SPEED    34   HIGHEST GUST DIRECTION     S (160)
  AVERAGE WIND SPEED    13.9


SKY COVER
  AVERAGE SKY COVER 0.2


WEATHER CONDITIONS
 THE FOLLOWING WEATHER WAS RECORDED YESTERDAY.
  NO SIGNIFICANT WEATHER WAS OBSERVED.


RELATIVE HUMIDITY (PERCENT)
 HIGHEST    81          1100 PM
 LOWEST     42          1200 AM
 AVERAGE    62

..........................................................


THE SPRINGFIELD MO CLIMATE NORMALS FOR TODAY
                         NORMAL    RECORD    YEAR
 MAXIMUM TEMPERATURE (F)   70        88      1989
 MINIMUM TEMPERATURE (F)   48        30      1976


SUNRISE AND SUNSET
APRIL 26 2017.........SUNRISE   624 AM CDT   SUNSET   759 PM CDT
APRIL 27 2017.........SUNRISE   623 AM CDT   SUNSET   800 PM CDT


-  INDICATES NEGATIVE NUMBERS.
R  INDICATES RECORD WAS SET OR TIED.
MM INDICATES DATA IS MISSING.
T  INDICATES TRACE AMOUNT.




$$
