000
CDUS43 KSGF 250629
CLISGF


CLIMATE REPORT
NATIONAL WEATHER SERVICE SPRINGFIELD MO
129 AM CDT THU AUG 25 2016


...................................

...THE SPRINGFIELD MO CLIMATE SUMMARY FOR AUGUST 24 2016...

CLIMATE NORMAL PERIOD 1981 TO 2010
CLIMATE RECORD PERIOD 1888 TO 2016


WEATHER ITEM   OBSERVED TIME   RECORD YEAR NORMAL DEPARTURE LAST
                VALUE   (LST)  VALUE       VALUE  FROM      YEAR
                                                  NORMAL
..................................................................
TEMPERATURE (F)
 YESTERDAY
  MAXIMUM         92    319 PM 100    2014  88      4       77
                                      1938
                                      1922
  MINIMUM         73    425 AM  44    1891  66      7       56
  AVERAGE         83                        77      6       67

PRECIPITATION (IN)
  YESTERDAY        0.00          1.81 1914   0.12  -0.12     0.00
  MONTH TO DATE    2.12                      2.62  -0.50     6.13
  SINCE JUN 1     13.87                     11.15   2.72    20.12
  SINCE JAN 1     25.12                     29.18  -4.06    35.52

SNOWFALL (IN)
  YESTERDAY        0.0
  MONTH TO DATE    0.0
  SINCE JUN 1      0.0
  SINCE JUL 1      0.0
  SNOW DEPTH       0

DEGREE DAYS
 HEATING
  YESTERDAY        0                         0      0        0
  MONTH TO DATE    0                         0      0        3
  SINCE JUN 1      0                         9     -9        4
  SINCE JUL 1      0                         0      0        3

 COOLING
  YESTERDAY       18                        12      6        2
  MONTH TO DATE  335                       322     13      256
  SINCE JUN 1   1207                       995    212     1069
  SINCE JAN 1   1327                      1110    217     1211
..................................................................


WIND (MPH)
  HIGHEST WIND SPEED    22   HIGHEST WIND DIRECTION    SW (220)
  HIGHEST GUST SPEED    29   HIGHEST GUST DIRECTION    SW (220)
  AVERAGE WIND SPEED    13.1


SKY COVER
  AVERAGE SKY COVER 0.1


WEATHER CONDITIONS
 THE FOLLOWING WEATHER WAS RECORDED YESTERDAY.
  NO SIGNIFICANT WEATHER WAS OBSERVED.


RELATIVE HUMIDITY (PERCENT)
 HIGHEST    87           400 AM
 LOWEST     49           400 PM
 AVERAGE    68

..........................................................


THE SPRINGFIELD MO CLIMATE NORMALS FOR TODAY
                         NORMAL    RECORD    YEAR
 MAXIMUM TEMPERATURE (F)   88       101      2014
 MINIMUM TEMPERATURE (F)   66        50      1958


SUNRISE AND SUNSET
AUGUST 25 2016........SUNRISE   639 AM CDT   SUNSET   751 PM CDT
AUGUST 26 2016........SUNRISE   640 AM CDT   SUNSET   750 PM CDT


-  INDICATES NEGATIVE NUMBERS.
R  INDICATES RECORD WAS SET OR TIED.
MM INDICATES DATA IS MISSING.
T  INDICATES TRACE AMOUNT.




$$
