000
CDUS43 KSGF 220704
CLISGF


CLIMATE REPORT
NATIONAL WEATHER SERVICE SPRINGFIELD MO
204 AM CDT SUN MAY 22 2016


...................................

...THE SPRINGFIELD MO CLIMATE SUMMARY FOR MAY 21 2016...

CLIMATE NORMAL PERIOD 1981 TO 2010
CLIMATE RECORD PERIOD 1888 TO 2016


WEATHER ITEM   OBSERVED TIME   RECORD YEAR NORMAL DEPARTURE LAST
                VALUE   (LST)  VALUE       VALUE  FROM      YEAR
                                                  NORMAL
..................................................................
TEMPERATURE (F)
 YESTERDAY
  MAXIMUM         75    412 PM  91    1987  77     -2       65
  MINIMUM         48    539 AM  36    1892  56     -8       46
  AVERAGE         62                        66     -4       56

PRECIPITATION (IN)
  YESTERDAY        0.01          1.66 1939   0.16  -0.15      T
  MONTH TO DATE    3.75                      3.60   0.15     3.69
  SINCE MAR 1      9.19                     11.54  -2.35    10.26
  SINCE JAN 1     10.47                     16.53  -6.06    12.86

SNOWFALL (IN)
  YESTERDAY        0.0
  MONTH TO DATE    0.0
  SINCE MAR 1      T
  SINCE JUL 1      3.0
  SNOW DEPTH       0

DEGREE DAYS
 HEATING
  YESTERDAY        3                         2      1        9
  MONTH TO DATE  129                        79     50       50
  SINCE MAR 1    716                       960   -244      815
  SINCE JUL 1   3629                      4553   -924     4522

 COOLING
  YESTERDAY        0                         3     -3        0
  MONTH TO DATE   25                        45    -20       77
  SINCE MAR 1     52                        70    -18       99
  SINCE JAN 1     52                        70    -18       99
..................................................................


WIND (MPH)
  HIGHEST WIND SPEED    13   HIGHEST WIND DIRECTION    SE (130)
  HIGHEST GUST SPEED    16   HIGHEST GUST DIRECTION     E (90)
  AVERAGE WIND SPEED     4.6


SKY COVER
  AVERAGE SKY COVER 0.3


WEATHER CONDITIONS
 THE FOLLOWING WEATHER WAS RECORDED YESTERDAY.
  LIGHT RAIN
  FOG
  FOG W/VISIBILITY <= 1/4 MILE


RELATIVE HUMIDITY (PERCENT)
 HIGHEST    93          1200 AM
 LOWEST     41           200 PM
 AVERAGE    67

..........................................................


THE SPRINGFIELD MO CLIMATE NORMALS FOR TODAY
                         NORMAL    RECORD    YEAR
 MAXIMUM TEMPERATURE (F)   77        88      1975
                                             1964
                                             1953
 MINIMUM TEMPERATURE (F)   56        38      1892


SUNRISE AND SUNSET
MAY 22 2016...........SUNRISE   559 AM CDT   SUNSET   821 PM CDT
MAY 23 2016...........SUNRISE   559 AM CDT   SUNSET   822 PM CDT


-  INDICATES NEGATIVE NUMBERS.
R  INDICATES RECORD WAS SET OR TIED.
MM INDICATES DATA IS MISSING.
T  INDICATES TRACE AMOUNT.




$$
