000
CDUS43 KSGF 032326
CLISGF


CLIMATE REPORT
NATIONAL WEATHER SERVICE SPRINGFIELD MO
526 PM CST TUE MAR 3 2015


...................................

...THE SPRINGFIELD MO CLIMATE SUMMARY FOR MARCH 3 2015...
VALID TODAY AS OF 0500 PM LOCAL TIME.

CLIMATE NORMAL PERIOD 1981 TO 2010
CLIMATE RECORD PERIOD 1888 TO 2015


WEATHER ITEM   OBSERVED TIME   RECORD YEAR NORMAL DEPARTURE LAST
                VALUE   (LST)  VALUE       VALUE  FROM      YEAR
                                                  NORMAL
..................................................................
TEMPERATURE (F)
 TODAY
  MAXIMUM         51    233 PM  80    1983  53     -2       24
  MINIMUM         33    425 AM  -4    1943  31      2        2
  AVERAGE         42                        42      0       13

PRECIPITATION (IN)
  TODAY            T             2.64 2004   0.10  -0.10     0.07
  MONTH TO DATE    T                         0.30  -0.30     0.21
  SINCE MAR 1      T                         0.30  -0.30     0.21
  SINCE JAN 1      2.60                      5.29  -2.69     2.00

SNOWFALL (IN)
  TODAY            0.0
  MONTH TO DATE    T
  SINCE MAR 1      T
  SINCE JUL 1     14.6
  SNOW DEPTH       1

DEGREE DAYS
 HEATING
  TODAY           23                        23      0       52
  MONTH TO DATE   95                        69     26      127
  SINCE MAR 1     95                        69     26      127
  SINCE JUL 1   3802                      3662    140     4082

 COOLING
  TODAY            0                         0      0        0
  MONTH TO DATE    0                         0      0        0
  SINCE MAR 1      0                         0      0        0
  SINCE JAN 1      0                         0      0        0
..................................................................


WIND (MPH)
  HIGHEST WIND SPEED    25   HIGHEST WIND DIRECTION    SW (220)
  HIGHEST GUST SPEED    34   HIGHEST GUST DIRECTION    SW (220)


SKY COVER
  AVERAGE SKY COVER 1.0


WEATHER CONDITIONS
 THE FOLLOWING WEATHER WAS RECORDED TODAY.
  LIGHT RAIN
  LIGHT SNOW
  FOG
  FOG W/VISIBILITY <= 1/4 MILE


RELATIVE HUMIDITY (PERCENT)
 HIGHEST   100           600 AM
 LOWEST     69          1200 AM
 AVERAGE    85

..........................................................


THE SPRINGFIELD MO CLIMATE NORMALS FOR TOMORROW
                         NORMAL    RECORD    YEAR
 MAXIMUM TEMPERATURE (F)   54        79      1938
 MINIMUM TEMPERATURE (F)   32        -2      2002


SUNRISE AND SUNSET
MARCH  3 2015.........SUNRISE   642 AM CST   SUNSET   609 PM CST
MARCH  4 2015.........SUNRISE   641 AM CST   SUNSET   610 PM CST


-  INDICATES NEGATIVE NUMBERS.
R  INDICATES RECORD WAS SET OR TIED.
MM INDICATES DATA IS MISSING.
T  INDICATES TRACE AMOUNT.




$$
