000
CDUS43 KSGF 282128
CLISGF


CLIMATE REPORT
NATIONAL WEATHER SERVICE SPRINGFIELD MO
427 PM CDT SAT MAY 28 2016


...................................

...THE SPRINGFIELD MO CLIMATE SUMMARY FOR MAY 28 2016...
VALID AS OF 0400 PM LOCAL TIME.

CLIMATE NORMAL PERIOD 1981 TO 2010
CLIMATE RECORD PERIOD 1888 TO 2016


WEATHER ITEM   OBSERVED TIME   RECORD YEAR NORMAL DEPARTURE LAST
                VALUE   (LST)  VALUE       VALUE  FROM      YEAR
                                                  NORMAL
..................................................................
TEMPERATURE (F)
 TODAY
  MAXIMUM         80    238 PM  90    2012  79      1       79
  MINIMUM         62    529 AM  40    1947  58      4       66
  AVERAGE         71                        68      3       73

PRECIPITATION (IN)
  TODAY            0.00          1.62 1935   0.15  -0.15     0.23
  MONTH TO DATE    4.51                      4.66  -0.15     4.68
  SINCE MAR 1      9.95                     12.60  -2.65    11.25
  SINCE JAN 1     11.23                     17.59  -6.36    13.85

SNOWFALL (IN)
  TODAY            0.0
  MONTH TO DATE    0.0
  SINCE MAR 1      T
  SINCE JUL 1      3.0
  SNOW DEPTH       0

DEGREE DAYS
 HEATING
  TODAY            0                         1     -1        0
  MONTH TO DATE  129                        91     38       60
  SINCE MAR 1    716                       972   -256      825
  SINCE JUL 1   3629                      4565   -936     4532

 COOLING
  TODAY            6                         5      1        8
  MONTH TO DATE   70                        74     -4      112
  SINCE MAR 1     97                        99     -2      134
  SINCE JAN 1     97                        99     -2      134
..................................................................


WIND (MPH)
  HIGHEST WIND SPEED    17   HIGHEST WIND DIRECTION    SW (210)
  HIGHEST GUST SPEED    21   HIGHEST GUST DIRECTION    SW (230)


SKY COVER
  AVERAGE SKY COVER 0.2


WEATHER CONDITIONS
 THE FOLLOWING WEATHER WAS RECORDED TODAY.
  NO SIGNIFICANT WEATHER WAS OBSERVED.


RELATIVE HUMIDITY (PERCENT)
 HIGHEST    93           400 AM
 LOWEST     62           100 PM
 AVERAGE    78

..........................................................


THE SPRINGFIELD MO CLIMATE NORMALS FOR TOMORROW
                         NORMAL    RECORD    YEAR
 MAXIMUM TEMPERATURE (F)   79        90      2012
                                             1926
                                             1913
 MINIMUM TEMPERATURE (F)   58        38      1947


SUNRISE AND SUNSET
MAY 28 2016...........SUNRISE   556 AM CDT   SUNSET   826 PM CDT
MAY 29 2016...........SUNRISE   556 AM CDT   SUNSET   827 PM CDT


-  INDICATES NEGATIVE NUMBERS.
R  INDICATES RECORD WAS SET OR TIED.
MM INDICATES DATA IS MISSING.
T  INDICATES TRACE AMOUNT.




$$
