000
CDUS43 KSGF 270639
CLISGF


CLIMATE REPORT
NATIONAL WEATHER SERVICE SPRINGFIELD MO
139 AM CDT SAT AUG 27 2016


...................................

...THE SPRINGFIELD MO CLIMATE SUMMARY FOR AUGUST 26 2016...

CLIMATE NORMAL PERIOD 1981 TO 2010
CLIMATE RECORD PERIOD 1888 TO 2016


WEATHER ITEM   OBSERVED TIME   RECORD YEAR NORMAL DEPARTURE LAST
                VALUE   (LST)  VALUE       VALUE  FROM      YEAR
                                                  NORMAL
..................................................................
TEMPERATURE (F)
 YESTERDAY
  MAXIMUM         82    400 PM 100    1938  88     -6       83
  MINIMUM         71    431 AM  46    1962  65      6       59
  AVERAGE         77                        77      0       71

PRECIPITATION (IN)
  YESTERDAY        T             2.04 1941   0.14  -0.14     0.00
  MONTH TO DATE    2.12                      2.89  -0.77     6.13
  SINCE JUN 1     13.87                     11.42   2.45    20.12
  SINCE JAN 1     25.12                     29.45  -4.33    35.52

SNOWFALL (IN)
  YESTERDAY        0.0
  MONTH TO DATE    0.0
  SINCE JUN 1      0.0
  SINCE JUL 1      0.0
  SNOW DEPTH       0

DEGREE DAYS
 HEATING
  YESTERDAY        0                         0      0        0
  MONTH TO DATE    0                         0      0        3
  SINCE JUN 1      0                         9     -9        4
  SINCE JUL 1      0                         0      0        3

 COOLING
  YESTERDAY       12                        12      0        6
  MONTH TO DATE  363                       346     17      264
  SINCE JUN 1   1235                      1019    216     1077
  SINCE JAN 1   1355                      1134    221     1219
..................................................................


WIND (MPH)
  HIGHEST WIND SPEED    10   HIGHEST WIND DIRECTION    SE (150)
  HIGHEST GUST SPEED    12   HIGHEST GUST DIRECTION    SE (150)
  AVERAGE WIND SPEED     5.4


SKY COVER
  AVERAGE SKY COVER 0.1


WEATHER CONDITIONS
 THE FOLLOWING WEATHER WAS RECORDED YESTERDAY.
  LIGHT RAIN


RELATIVE HUMIDITY (PERCENT)
 HIGHEST    90           600 AM
 LOWEST     71          1000 AM
 AVERAGE    81

..........................................................


THE SPRINGFIELD MO CLIMATE NORMALS FOR TODAY
                         NORMAL    RECORD    YEAR
 MAXIMUM TEMPERATURE (F)   88       101      1954
 MINIMUM TEMPERATURE (F)   65        47      1967


SUNRISE AND SUNSET
AUGUST 27 2016........SUNRISE   640 AM CDT   SUNSET   749 PM CDT
AUGUST 28 2016........SUNRISE   641 AM CDT   SUNSET   747 PM CDT


-  INDICATES NEGATIVE NUMBERS.
R  INDICATES RECORD WAS SET OR TIED.
MM INDICATES DATA IS MISSING.
T  INDICATES TRACE AMOUNT.




$$
