000
CDUS43 KSGF 290637
CLISGF


CLIMATE REPORT
NATIONAL WEATHER SERVICE SPRINGFIELD MO
137 AM CDT SAT AUG 29 2015


...................................

...THE SPRINGFIELD MO CLIMATE SUMMARY FOR AUGUST 28 2015...

CLIMATE NORMAL PERIOD 1981 TO 2010
CLIMATE RECORD PERIOD 1888 TO 2015


WEATHER ITEM   OBSERVED TIME   RECORD YEAR NORMAL DEPARTURE LAST
                VALUE   (LST)  VALUE       VALUE  FROM      YEAR
                                                  NORMAL
..................................................................
TEMPERATURE (F)
 YESTERDAY
  MAXIMUM         80    321 PM 102    1984  87     -7       94
  MINIMUM         63    632 AM  47    1967  65     -2       73
  AVERAGE         72                        76     -4       84

PRECIPITATION (IN)
  YESTERDAY        0.00          1.36 1977   0.13  -0.13     0.00
  MONTH TO DATE    6.13                      3.15   2.98     1.18
  SINCE JUN 1     20.12                     11.68   8.44     9.71
  SINCE JAN 1     35.52                     29.71   5.81    21.19

SNOWFALL (IN)
  YESTERDAY        0.0
  MONTH TO DATE    0.0
  SINCE JUN 1      0.0
  SINCE JUL 1      0.0
  SNOW DEPTH       0

DEGREE DAYS
 HEATING
  YESTERDAY        0                         0      0        0
  MONTH TO DATE    3                         0      3        0
  SINCE JUN 1      4                         9     -5        0
  SINCE JUL 1      3                         0      3        0

 COOLING
  YESTERDAY        7                        11     -4       19
  MONTH TO DATE  277                       368    -91      421
  SINCE JUN 1   1090                      1041     49     1007
  SINCE JAN 1   1232                      1156     76     1200
..................................................................


WIND (MPH)
  HIGHEST WIND SPEED    20   HIGHEST WIND DIRECTION    SE (140)
  HIGHEST GUST SPEED    24   HIGHEST GUST DIRECTION    SE (150)
  AVERAGE WIND SPEED    11.6


SKY COVER
  AVERAGE SKY COVER 0.1


WEATHER CONDITIONS
 THE FOLLOWING WEATHER WAS RECORDED YESTERDAY.
  NO SIGNIFICANT WEATHER WAS OBSERVED.


RELATIVE HUMIDITY (PERCENT)
 HIGHEST    84           200 AM
 LOWEST     56           100 PM
 AVERAGE    70

..........................................................


THE SPRINGFIELD MO CLIMATE NORMALS FOR TODAY
                         NORMAL    RECORD    YEAR
 MAXIMUM TEMPERATURE (F)   87       106      1984
 MINIMUM TEMPERATURE (F)   65        46      1988


SUNRISE AND SUNSET
AUGUST 29 2015........SUNRISE   641 AM CDT   SUNSET   747 PM CDT
AUGUST 30 2015........SUNRISE   642 AM CDT   SUNSET   745 PM CDT


-  INDICATES NEGATIVE NUMBERS.
R  INDICATES RECORD WAS SET OR TIED.
MM INDICATES DATA IS MISSING.
T  INDICATES TRACE AMOUNT.




$$
