000
CDUS43 KSGF 200632
CLISGF


CLIMATE REPORT
NATIONAL WEATHER SERVICE SPRINGFIELD MO
131 AM CDT TUE SEP 20 2016


...................................

...THE SPRINGFIELD MO CLIMATE SUMMARY FOR SEPTEMBER 19 2016...

CLIMATE NORMAL PERIOD 1981 TO 2010
CLIMATE RECORD PERIOD 1888 TO 2016


WEATHER ITEM   OBSERVED TIME   RECORD YEAR NORMAL DEPARTURE LAST
                VALUE   (LST)  VALUE       VALUE  FROM      YEAR
                                                  NORMAL
..................................................................
TEMPERATURE (F)
 YESTERDAY
  MAXIMUM         89    411 PM  96    1954  79     10       73
  MINIMUM         64    630 AM  37    1991  56      8       57
  AVERAGE         77                        68      9       65

PRECIPITATION (IN)
  YESTERDAY        0.00          2.23 1924   0.16  -0.16     0.01
  MONTH TO DATE    3.70                      2.95   0.75     4.05
  SINCE SEP 1      3.70                      2.95   0.75     4.05
  SINCE JAN 1     29.32                     33.06  -3.74    39.57

SNOWFALL (IN)
  YESTERDAY        0.0
  MONTH TO DATE    0.0
  SINCE SEP 1      0.0
  SINCE JUL 1      0.0
  SNOW DEPTH       0

DEGREE DAYS
 HEATING
  YESTERDAY        0                         2     -2        0
  MONTH TO DATE    0                        15    -15        8
  SINCE SEP 1      0                        15    -15        8
  SINCE JUL 1      0                        17    -17       11

 COOLING
  YESTERDAY       12                         5      7        0
  MONTH TO DATE  190                       136     54      196
  SINCE SEP 1    190                       136     54      196
  SINCE JAN 1   1622                      1322    300     1465
..................................................................


WIND (MPH)
  HIGHEST WIND SPEED    12   HIGHEST WIND DIRECTION     S (160)
  HIGHEST GUST SPEED    14   HIGHEST GUST DIRECTION     S (190)
  AVERAGE WIND SPEED     6.8


SKY COVER
  AVERAGE SKY COVER 0.2


WEATHER CONDITIONS
 THE FOLLOWING WEATHER WAS RECORDED YESTERDAY.
  NO SIGNIFICANT WEATHER WAS OBSERVED.


RELATIVE HUMIDITY (PERCENT)
 HIGHEST    93           700 AM
 LOWEST     50           400 PM
 AVERAGE    72

..........................................................


THE SPRINGFIELD MO CLIMATE NORMALS FOR TODAY
                         NORMAL    RECORD    YEAR
 MAXIMUM TEMPERATURE (F)   78        97      1954
 MINIMUM TEMPERATURE (F)   56        37      1991


SUNRISE AND SUNSET
SEPTEMBER 20 2016.....SUNRISE   700 AM CDT   SUNSET   713 PM CDT
SEPTEMBER 21 2016.....SUNRISE   701 AM CDT   SUNSET   711 PM CDT


-  INDICATES NEGATIVE NUMBERS.
R  INDICATES RECORD WAS SET OR TIED.
MM INDICATES DATA IS MISSING.
T  INDICATES TRACE AMOUNT.




$$
