000
CDUS43 KSGF 170629
CLISGF


CLIMATE REPORT
NATIONAL WEATHER SERVICE SPRINGFIELD MO
1229 AM CST WED DEC 17 2014


...................................

...THE SPRINGFIELD MO CLIMATE SUMMARY FOR DECEMBER 16 2014...

CLIMATE NORMAL PERIOD 1981 TO 2010
CLIMATE RECORD PERIOD 1888 TO 2014


WEATHER ITEM   OBSERVED TIME   RECORD YEAR NORMAL DEPARTURE LAST
                VALUE   (LST)  VALUE       VALUE  FROM      YEAR
                                                  NORMAL
..................................................................
TEMPERATURE (F)
 YESTERDAY
  MAXIMUM         37    101 AM  72    1924  44     -7       57
  MINIMUM         26   1119 PM  -9    1989  25      1       37
  AVERAGE         32                        34     -2       47

PRECIPITATION (IN)
  YESTERDAY        0.00          1.50 1928   0.09  -0.09     0.00
  MONTH TO DATE    0.95                      1.72  -0.77     1.46
  SINCE DEC 1      0.95                      1.72  -0.77     1.46
  SINCE JAN 1     37.77                     44.25  -6.48    50.74

SNOWFALL (IN)
  YESTERDAY        0.0
  MONTH TO DATE    T
  SINCE DEC 1      T
  SINCE JUL 1      1.7
  SNOW DEPTH       0

DEGREE DAYS
 HEATING
  YESTERDAY       33                        31      2       18
  MONTH TO DATE  388                       457    -69      557
  SINCE DEC 1    388                       457    -69      557
  SINCE JUL 1   1338                      1336      2     1494

 COOLING
  YESTERDAY        0                         0      0        0
  MONTH TO DATE    0                         0      0        0
  SINCE DEC 1      0                         0      0        0
  SINCE JAN 1   1470                      1389     81     1417
..................................................................


WIND (MPH)
  HIGHEST WIND SPEED    25   HIGHEST WIND DIRECTION     W (270)
  HIGHEST GUST SPEED    33   HIGHEST GUST DIRECTION     W (290)
  AVERAGE WIND SPEED    10.3


SKY COVER
  AVERAGE SKY COVER 0.8


WEATHER CONDITIONS
 THE FOLLOWING WEATHER WAS RECORDED YESTERDAY.
  NO SIGNIFICANT WEATHER WAS OBSERVED.


RELATIVE HUMIDITY (PERCENT)
 HIGHEST    84           800 PM
 LOWEST     69           300 PM
 AVERAGE    77

..........................................................


THE SPRINGFIELD MO CLIMATE NORMALS FOR TODAY
                         NORMAL    RECORD    YEAR
 MAXIMUM TEMPERATURE (F)   44        68      2006
                                             1976
                                             1962
 MINIMUM TEMPERATURE (F)   24        -1      1901


SUNRISE AND SUNSET
DECEMBER 17 2014......SUNRISE   721 AM CST   SUNSET   458 PM CST
DECEMBER 18 2014......SUNRISE   722 AM CST   SUNSET   458 PM CST


-  INDICATES NEGATIVE NUMBERS.
R  INDICATES RECORD WAS SET OR TIED.
MM INDICATES DATA IS MISSING.
T  INDICATES TRACE AMOUNT.




$$
