096
CDUS43 KSGF 192225
CLISGF


CLIMATE REPORT
NATIONAL WEATHER SERVICE SPRINGFIELD MO
425 PM CST SUN NOV 19 2017


...................................

...THE SPRINGFIELD MO CLIMATE SUMMARY FOR NOVEMBER 19 2017...
VALID AS OF 0400 PM LOCAL TIME.

CLIMATE NORMAL PERIOD 1981 TO 2010
CLIMATE RECORD PERIOD 1888 TO 2017


WEATHER ITEM   OBSERVED TIME   RECORD YEAR NORMAL DEPARTURE LAST
                VALUE   (LST)  VALUE       VALUE  FROM      YEAR
                                                  NORMAL
..................................................................
TEMPERATURE (F)
 TODAY
  MAXIMUM         50    347 PM  76    1979  55     -5       46
  MINIMUM         30    454 AM  13    1914  34     -4       28
  AVERAGE         40                        44     -4       37

PRECIPITATION (IN)
  TODAY            0.00          1.19 1934   0.14  -0.14     0.00
  MONTH TO DATE    0.37                      2.70  -2.33     2.21
  SINCE SEP 1      3.45                     10.90  -7.45     9.90
  SINCE JAN 1     46.03                     41.01   5.02    35.52

SNOWFALL (IN)
  TODAY            0.0
  MONTH TO DATE    0.0
  SINCE SEP 1      0.0
  SINCE JUL 1      0.0
  SNOW DEPTH       0

DEGREE DAYS
 HEATING
  TODAY           25                        21      4       28
  MONTH TO DATE  276                       314    -38      188
  SINCE SEP 1    515                       620   -105      290
  SINCE JUL 1    515                       622   -107      290

 COOLING
  TODAY            0                         0      0        0
  MONTH TO DATE    4                         0      4       17
  SINCE SEP 1    309                       201    108      376
  SINCE JAN 1   1467                      1387     80     1808
..................................................................


WIND (MPH)
  HIGHEST WIND SPEED    15   HIGHEST WIND DIRECTION     N (350)
  HIGHEST GUST SPEED    19   HIGHEST GUST DIRECTION     N (350)


SKY COVER
  AVERAGE SKY COVER 0.0


WEATHER CONDITIONS
 THE FOLLOWING WEATHER WAS RECORDED TODAY.
  NO SIGNIFICANT WEATHER WAS OBSERVED.


RELATIVE HUMIDITY (PERCENT)
 HIGHEST    85           500 AM
 LOWEST     39           300 PM
 AVERAGE    62

..........................................................


THE SPRINGFIELD MO CLIMATE NORMALS FOR TOMORROW
                         NORMAL    RECORD    YEAR
 MAXIMUM TEMPERATURE (F)   55        77      1897
 MINIMUM TEMPERATURE (F)   33        13      1937
                                             1914


SUNRISE AND SUNSET
NOVEMBER 19 2017......SUNRISE   657 AM CST   SUNSET   501 PM CST
NOVEMBER 20 2017......SUNRISE   658 AM CST   SUNSET   500 PM CST


-  INDICATES NEGATIVE NUMBERS.
R  INDICATES RECORD WAS SET OR TIED.
MM INDICATES DATA IS MISSING.
T  INDICATES TRACE AMOUNT.




$$
