000
CDUS43 KSGF 250627
CLISGF


CLIMATE REPORT
NATIONAL WEATHER SERVICE SPRINGFIELD MO
127 AM CDT WED MAY 25 2016


...................................

...THE SPRINGFIELD MO CLIMATE SUMMARY FOR MAY 24 2016...

CLIMATE NORMAL PERIOD 1981 TO 2010
CLIMATE RECORD PERIOD 1888 TO 2016


WEATHER ITEM   OBSERVED TIME   RECORD YEAR NORMAL DEPARTURE LAST
                VALUE   (LST)  VALUE       VALUE  FROM      YEAR
                                                  NORMAL
..................................................................
TEMPERATURE (F)
 YESTERDAY
  MAXIMUM         76    942 AM  90    1939  77     -1       76
  MINIMUM         61   1208 AM  40    1925  57      4       62
  AVERAGE         69                        67      2       69

PRECIPITATION (IN)
  YESTERDAY        0.12          2.52 1888   0.15  -0.03     0.57
  MONTH TO DATE    4.10                      4.06   0.04     4.27
  SINCE MAR 1      9.54                     12.00  -2.46    10.84
  SINCE JAN 1     10.82                     16.99  -6.17    13.44

SNOWFALL (IN)
  YESTERDAY        0.0
  MONTH TO DATE    0.0
  SINCE MAR 1      T
  SINCE JUL 1      3.0
  SNOW DEPTH       0

DEGREE DAYS
 HEATING
  YESTERDAY        0                         2     -2        0
  MONTH TO DATE  129                        85     44       60
  SINCE MAR 1    716                       966   -250      825
  SINCE JUL 1   3629                      4559   -930     4532

 COOLING
  YESTERDAY        4                         4      0        4
  MONTH TO DATE   36                        57    -21       83
  SINCE MAR 1     63                        82    -19      105
  SINCE JAN 1     63                        82    -19      105
..................................................................


WIND (MPH)
  HIGHEST WIND SPEED    28   HIGHEST WIND DIRECTION    NW (330)
  HIGHEST GUST SPEED    33   HIGHEST GUST DIRECTION    NW (330)
  AVERAGE WIND SPEED    12.5


SKY COVER
  AVERAGE SKY COVER 0.4


WEATHER CONDITIONS
 THE FOLLOWING WEATHER WAS RECORDED YESTERDAY.
  THUNDERSTORM
  HEAVY RAIN
  LIGHT RAIN
  FOG


RELATIVE HUMIDITY (PERCENT)
 HIGHEST    97          1200 AM
 LOWEST     73          1100 AM
 AVERAGE    85

..........................................................


THE SPRINGFIELD MO CLIMATE NORMALS FOR TODAY
                         NORMAL    RECORD    YEAR
 MAXIMUM TEMPERATURE (F)   78        90      2012
                                             2006
                                             1962
 MINIMUM TEMPERATURE (F)   57        35      1925


SUNRISE AND SUNSET
MAY 25 2016...........SUNRISE   558 AM CDT   SUNSET   824 PM CDT
MAY 26 2016...........SUNRISE   557 AM CDT   SUNSET   824 PM CDT


-  INDICATES NEGATIVE NUMBERS.
R  INDICATES RECORD WAS SET OR TIED.
MM INDICATES DATA IS MISSING.
T  INDICATES TRACE AMOUNT.




$$
