000
CDUS43 KSGF 172128
CLISGF


CLIMATE REPORT
NATIONAL WEATHER SERVICE SPRINGFIELD MO
428 PM CDT MON JUL 17 2017


...................................

...THE SPRINGFIELD MO CLIMATE SUMMARY FOR JULY 17 2017...
VALID AS OF 0400 PM LOCAL TIME.

CLIMATE NORMAL PERIOD 1981 TO 2010
CLIMATE RECORD PERIOD 1888 TO 2017


WEATHER ITEM   OBSERVED TIME   RECORD YEAR NORMAL DEPARTURE LAST
                VALUE   (LST)  VALUE       VALUE  FROM      YEAR
                                                  NORMAL
..................................................................
TEMPERATURE (F)
 TODAY
  MAXIMUM         93    239 PM 107    1954  89      4       92
  MINIMUM         68    517 AM  52    1976  68      0       75
                                      1967
  AVERAGE         81                        78      3       84

PRECIPITATION (IN)
  TODAY            0.00          1.79 1960   0.12  -0.12     0.00
  MONTH TO DATE    0.63                      2.21  -1.58     3.17
  SINCE JUN 1      5.62                      7.06  -1.44     7.59
  SINCE JAN 1     34.32                     25.09   9.23    18.84

SNOWFALL (IN)
  TODAY            0.0
  MONTH TO DATE    0.0
  SINCE JUN 1      0.0
  SINCE JUL 1      0.0
  SNOW DEPTH       0

DEGREE DAYS
 HEATING
  TODAY            0                         0      0        0
  MONTH TO DATE    0                         0      0        0
  SINCE JUN 1      0                         9     -9        0
  SINCE JUL 1      0                         0      0        0

 COOLING
  TODAY           16                        13      3       19
  MONTH TO DATE  239                       216     23      231
  SINCE JUN 1    509                       479     30      627
  SINCE JAN 1    657                       594     63      747
..................................................................


WIND (MPH)
  HIGHEST WIND SPEED    10   HIGHEST WIND DIRECTION     W (290)
  HIGHEST GUST SPEED    13   HIGHEST GUST DIRECTION     W (280)


SKY COVER
  AVERAGE SKY COVER 0.1


WEATHER CONDITIONS
 THE FOLLOWING WEATHER WAS RECORDED TODAY.
  NO SIGNIFICANT WEATHER WAS OBSERVED.


RELATIVE HUMIDITY (PERCENT)
 HIGHEST    97           600 AM
 LOWEST     44           100 PM
 AVERAGE    71

..........................................................


THE SPRINGFIELD MO CLIMATE NORMALS FOR TOMORROW
                         NORMAL    RECORD    YEAR
 MAXIMUM TEMPERATURE (F)   89       108      1954
 MINIMUM TEMPERATURE (F)   68        53      1984


SUNRISE AND SUNSET
JULY 17 2017..........SUNRISE   607 AM CDT   SUNSET   832 PM CDT
JULY 18 2017..........SUNRISE   607 AM CDT   SUNSET   832 PM CDT


-  INDICATES NEGATIVE NUMBERS.
R  INDICATES RECORD WAS SET OR TIED.
MM INDICATES DATA IS MISSING.
T  INDICATES TRACE AMOUNT.




$$
