000
CDUS43 KSGF 190627
CLISGF


CLIMATE REPORT
NATIONAL WEATHER SERVICE SPRINGFIELD MO
1226 AM CST MON FEB 19 2018


...................................

...THE SPRINGFIELD MO CLIMATE SUMMARY FOR FEBRUARY 18 2018...

CLIMATE NORMAL PERIOD 1981 TO 2010
CLIMATE RECORD PERIOD 1888 TO 2018


WEATHER ITEM   OBSERVED TIME   RECORD YEAR NORMAL DEPARTURE LAST
                VALUE   (LST)  VALUE       VALUE  FROM      YEAR
                                                  NORMAL
..................................................................
TEMPERATURE (F)
 YESTERDAY
  MAXIMUM         55    205 PM  74    2016  49      6       67
                                      1948
  MINIMUM         29    355 AM  -8    1936  27      2       43
  AVERAGE         42                        38      4       55

PRECIPITATION (IN)
  YESTERDAY        0.00          1.16 1911   0.10  -0.10     0.00
  MONTH TO DATE    0.92                      1.52  -0.60     0.15
  SINCE DEC 1      4.40                      7.03  -2.63     4.84
  SINCE JAN 1      2.88                      3.99  -1.11     4.22

SNOWFALL (IN)
  YESTERDAY        0.0
  MONTH TO DATE    0.9
  SINCE DEC 1      5.4
  SINCE JUL 1      5.4
  SNOW DEPTH       0

DEGREE DAYS
 HEATING
  YESTERDAY       23                        27     -4       10
  MONTH TO DATE  530                       527      3      366
  SINCE DEC 1   2422                      2461    -39     2060
  SINCE JUL 1   3106                      3340   -234     2576

 COOLING
  YESTERDAY        0                         0      0        0
  MONTH TO DATE    1                         0      1        3
  SINCE DEC 1      1                         0      1        3
  SINCE JAN 1      1                         0      1        3
..................................................................


WIND (MPH)
  HIGHEST WIND SPEED    35   HIGHEST WIND DIRECTION    SE (150)
  HIGHEST GUST SPEED    42   HIGHEST GUST DIRECTION    SE (150)
  AVERAGE WIND SPEED    17.2


SKY COVER
  AVERAGE SKY COVER 0.2


WEATHER CONDITIONS
 THE FOLLOWING WEATHER WAS RECORDED YESTERDAY.
  FOG


RELATIVE HUMIDITY (PERCENT)
 HIGHEST   100          1200 AM
 LOWEST     41           300 PM
 AVERAGE    71

..........................................................


THE SPRINGFIELD MO CLIMATE NORMALS FOR TODAY
                         NORMAL    RECORD    YEAR
 MAXIMUM TEMPERATURE (F)   49        75      2017
 MINIMUM TEMPERATURE (F)   27        -5      2015


SUNRISE AND SUNSET
FEBRUARY 19 2018......SUNRISE   658 AM CST   SUNSET   558 PM CST
FEBRUARY 20 2018......SUNRISE   656 AM CST   SUNSET   559 PM CST


-  INDICATES NEGATIVE NUMBERS.
R  INDICATES RECORD WAS SET OR TIED.
MM INDICATES DATA IS MISSING.
T  INDICATES TRACE AMOUNT.




$$
