000
CDUS43 KSGF 240639
CLISGF


CLIMATE REPORT
NATIONAL WEATHER SERVICE SPRINGFIELD MO
137 AM CDT MON APR 24 2017


...................................

...THE SPRINGFIELD MO CLIMATE SUMMARY FOR APRIL 23 2017...

CLIMATE NORMAL PERIOD 1981 TO 2010
CLIMATE RECORD PERIOD 1888 TO 2017


WEATHER ITEM   OBSERVED TIME   RECORD YEAR NORMAL DEPARTURE LAST
                VALUE   (LST)  VALUE       VALUE  FROM      YEAR
                                                  NORMAL
..................................................................
TEMPERATURE (F)
 YESTERDAY
  MAXIMUM         69    426 PM  88    1989  69      0       79
                                      1965
  MINIMUM         38    531 AM  28    1956  47     -9       45
  AVERAGE         54                        58     -4       62

PRECIPITATION (IN)
  YESTERDAY        0.00          1.75 1953   0.16  -0.16     0.00
  MONTH TO DATE    5.18                      3.15   2.03     0.83
  SINCE MAR 1      9.97                      6.77   3.20     3.77
  SINCE JAN 1     14.43                     11.76   2.67     5.05

SNOWFALL (IN)
  YESTERDAY        0.0
  MONTH TO DATE    0.0
  SINCE MAR 1      0.1
  SINCE JUL 1      1.8
  SNOW DEPTH       0

DEGREE DAYS
 HEATING
  YESTERDAY       11                         8      3        3
  MONTH TO DATE  131                       253   -122      176
  SINCE MAR 1    547                       834   -287      574
  SINCE JUL 1   3236                      4427  -1191     3487

 COOLING
  YESTERDAY        0                         1     -1        0
  MONTH TO DATE   32                        16     16        6
  SINCE MAR 1     38                        19     19        8
  SINCE JAN 1     47                        19     28        8
..................................................................


WIND (MPH)
  HIGHEST WIND SPEED    18   HIGHEST WIND DIRECTION    NE (40)
  HIGHEST GUST SPEED    22   HIGHEST GUST DIRECTION     N (20)
  AVERAGE WIND SPEED     7.0


SKY COVER
  AVERAGE SKY COVER 0.0


WEATHER CONDITIONS
 THE FOLLOWING WEATHER WAS RECORDED YESTERDAY.
  NO SIGNIFICANT WEATHER WAS OBSERVED.


RELATIVE HUMIDITY (PERCENT)
 HIGHEST    92           100 AM
 LOWEST     27           300 PM
 AVERAGE    60

..........................................................


THE SPRINGFIELD MO CLIMATE NORMALS FOR TODAY
                         NORMAL    RECORD    YEAR
 MAXIMUM TEMPERATURE (F)   70        86      1989
 MINIMUM TEMPERATURE (F)   47        28      1910


SUNRISE AND SUNSET
APRIL 24 2017.........SUNRISE   627 AM CDT   SUNSET   757 PM CDT
APRIL 25 2017.........SUNRISE   626 AM CDT   SUNSET   758 PM CDT


-  INDICATES NEGATIVE NUMBERS.
R  INDICATES RECORD WAS SET OR TIED.
MM INDICATES DATA IS MISSING.
T  INDICATES TRACE AMOUNT.




$$
