000
CDUS43 KSGF 270629
CLISGF


CLIMATE REPORT
NATIONAL WEATHER SERVICE SPRINGFIELD MO
129 AM CDT TUE SEP 27 2016


...................................

...THE SPRINGFIELD MO CLIMATE SUMMARY FOR SEPTEMBER 26 2016...

CLIMATE NORMAL PERIOD 1981 TO 2010
CLIMATE RECORD PERIOD 1888 TO 2016


WEATHER ITEM   OBSERVED TIME   RECORD YEAR NORMAL DEPARTURE LAST
                VALUE   (LST)  VALUE       VALUE  FROM      YEAR
                                                  NORMAL
..................................................................
TEMPERATURE (F)
 YESTERDAY
  MAXIMUM         73    330 PM  92    1953  76     -3       82
                                      1938
  MINIMUM         50   1159 PM  34    1975  53     -3       56
  AVERAGE         62                        64     -2       69

PRECIPITATION (IN)
  YESTERDAY        0.07          3.90 1996   0.15  -0.08     0.00
  MONTH TO DATE    3.89                      4.02  -0.13     4.05
  SINCE SEP 1      3.89                      4.02  -0.13     4.05
  SINCE JAN 1     29.51                     34.13  -4.62    39.57

SNOWFALL (IN)
  YESTERDAY        0.0
  MONTH TO DATE    0.0
  SINCE SEP 1      0.0
  SINCE JUL 1      0.0
  SNOW DEPTH       0

DEGREE DAYS
 HEATING
  YESTERDAY        3                         4     -1        0
  MONTH TO DATE    3                        36    -33        9
  SINCE SEP 1      3                        36    -33        9
  SINCE JUL 1      3                        38    -35       12

 COOLING
  YESTERDAY        0                         3     -3        4
  MONTH TO DATE  266                       161    105      237
  SINCE SEP 1    266                       161    105      237
  SINCE JAN 1   1698                      1347    351     1506
..................................................................


WIND (MPH)
  HIGHEST WIND SPEED    17   HIGHEST WIND DIRECTION     N (340)
  HIGHEST GUST SPEED    23   HIGHEST GUST DIRECTION     N (360)
  AVERAGE WIND SPEED     6.9


SKY COVER
  AVERAGE SKY COVER 0.2


WEATHER CONDITIONS
 THE FOLLOWING WEATHER WAS RECORDED YESTERDAY.
  LIGHT RAIN
  FOG


RELATIVE HUMIDITY (PERCENT)
 HIGHEST    93           500 AM
 LOWEST     29           100 PM
 AVERAGE    61

..........................................................


THE SPRINGFIELD MO CLIMATE NORMALS FOR TODAY
                         NORMAL    RECORD    YEAR
 MAXIMUM TEMPERATURE (F)   75        91      1953
                                             1897
 MINIMUM TEMPERATURE (F)   53        30      1942


SUNRISE AND SUNSET
SEPTEMBER 27 2016.....SUNRISE   706 AM CDT   SUNSET   702 PM CDT
SEPTEMBER 28 2016.....SUNRISE   707 AM CDT   SUNSET   700 PM CDT


-  INDICATES NEGATIVE NUMBERS.
R  INDICATES RECORD WAS SET OR TIED.
MM INDICATES DATA IS MISSING.
T  INDICATES TRACE AMOUNT.




$$
