000
CDUS43 KSGF 140633
CLISGF


CLIMATE REPORT
NATIONAL WEATHER SERVICE SPRINGFIELD MO
1232 AM CST THU DEC 14 2017


...................................

...THE SPRINGFIELD MO CLIMATE SUMMARY FOR DECEMBER 13 2017...

CLIMATE NORMAL PERIOD 1981 TO 2010
CLIMATE RECORD PERIOD 1888 TO 2017


WEATHER ITEM   OBSERVED TIME   RECORD YEAR NORMAL DEPARTURE LAST
                VALUE   (LST)  VALUE       VALUE  FROM      YEAR
                                                  NORMAL
..................................................................
TEMPERATURE (F)
 YESTERDAY
  MAXIMUM         58    359 PM  77    1948  45     13       42
  MINIMUM         28    129 AM  -4    1917  25      3       28
  AVERAGE         43                        35      8       35

PRECIPITATION (IN)
  YESTERDAY        0.00          2.39 1901   0.10  -0.10      T
  MONTH TO DATE    0.05                      1.43  -1.38     0.26
  SINCE DEC 1      0.05                      1.43  -1.38     0.26
  SINCE JAN 1     46.08                     43.96   2.12    35.89

SNOWFALL (IN)
  YESTERDAY        0.0
  MONTH TO DATE    0.0
  SINCE DEC 1      0.0
  SINCE JUL 1      0.0
  SNOW DEPTH       0

DEGREE DAYS
 HEATING
  YESTERDAY       22                        30     -8       30
  MONTH TO DATE  303                       366    -63      389
  SINCE DEC 1    303                       366    -63      389
  SINCE JUL 1    987                      1245   -258      905

 COOLING
  YESTERDAY        0                         0      0        0
  MONTH TO DATE    0                         0      0        0
  SINCE DEC 1      0                         0      0        0
  SINCE JAN 1   1467                      1389     78     1808
..................................................................


WIND (MPH)
  HIGHEST WIND SPEED    23   HIGHEST WIND DIRECTION     W (260)
  HIGHEST GUST SPEED    31   HIGHEST GUST DIRECTION     W (270)
  AVERAGE WIND SPEED    11.7


SKY COVER
  AVERAGE SKY COVER 0.0


WEATHER CONDITIONS
 THE FOLLOWING WEATHER WAS RECORDED YESTERDAY.
  NO SIGNIFICANT WEATHER WAS OBSERVED.


RELATIVE HUMIDITY (PERCENT)
 HIGHEST    66           700 AM
 LOWEST     28           200 PM
 AVERAGE    47

..........................................................


THE SPRINGFIELD MO CLIMATE NORMALS FOR TODAY
                         NORMAL    RECORD    YEAR
 MAXIMUM TEMPERATURE (F)   45        69      1975
 MINIMUM TEMPERATURE (F)   25        -6      1901


SUNRISE AND SUNSET
DECEMBER 14 2017......SUNRISE   720 AM CST   SUNSET   457 PM CST
DECEMBER 15 2017......SUNRISE   720 AM CST   SUNSET   457 PM CST


-  INDICATES NEGATIVE NUMBERS.
R  INDICATES RECORD WAS SET OR TIED.
MM INDICATES DATA IS MISSING.
T  INDICATES TRACE AMOUNT.




$$
