000
CDUS43 KSGF 170630
CLISGF


CLIMATE REPORT
NATIONAL WEATHER SERVICE SPRINGFIELD MO
129 AM CDT SUN SEP 17 2017


...................................

...THE SPRINGFIELD MO CLIMATE SUMMARY FOR SEPTEMBER 16 2017...

CLIMATE NORMAL PERIOD 1981 TO 2010
CLIMATE RECORD PERIOD 1888 TO 2017


WEATHER ITEM   OBSERVED TIME   RECORD YEAR NORMAL DEPARTURE LAST
                VALUE   (LST)  VALUE       VALUE  FROM      YEAR
                                                  NORMAL
..................................................................
TEMPERATURE (F)
 YESTERDAY
  MAXIMUM         90    249 PM  95    1980  80     10       77
                                      1956
                                      1954
  MINIMUM         65    537 AM  41    1961  58      7       66
  AVERAGE         78                        69      9       72

PRECIPITATION (IN)
  YESTERDAY        T             2.22 2016   0.16  -0.16     2.22
  MONTH TO DATE    T                         2.48  -2.48     3.70
  SINCE SEP 1      T                         2.48  -2.48     3.70
  SINCE JAN 1     42.58                     32.59   9.99    29.32

SNOWFALL (IN)
  YESTERDAY        0.0
  MONTH TO DATE    0.0
  SINCE SEP 1      0.0
  SINCE JUL 1      0.0
  SNOW DEPTH       0

DEGREE DAYS
 HEATING
  YESTERDAY        0                         2     -2        0
  MONTH TO DATE    6                         9     -3        0
  SINCE SEP 1      6                         9     -3        0
  SINCE JUL 1      6                        11     -5        0

 COOLING
  YESTERDAY       13                         5      8        7
  MONTH TO DATE   86                       121    -35      160
  SINCE SEP 1     86                       121    -35      160
  SINCE JAN 1   1244                      1307    -63     1592
..................................................................


WIND (MPH)
  HIGHEST WIND SPEED    25   HIGHEST WIND DIRECTION    NW (310)
  HIGHEST GUST SPEED    36   HIGHEST GUST DIRECTION    NW (320)
  AVERAGE WIND SPEED    10.2


SKY COVER
  AVERAGE SKY COVER 0.1


WEATHER CONDITIONS
 THE FOLLOWING WEATHER WAS RECORDED YESTERDAY.
  FOG


RELATIVE HUMIDITY (PERCENT)
 HIGHEST   100           500 AM
 LOWEST     41           300 PM
 AVERAGE    71

..........................................................


THE SPRINGFIELD MO CLIMATE NORMALS FOR TODAY
                         NORMAL    RECORD    YEAR
 MAXIMUM TEMPERATURE (F)   80        96      1953
 MINIMUM TEMPERATURE (F)   57        39      1903


SUNRISE AND SUNSET
SEPTEMBER 17 2017.....SUNRISE   657 AM CDT   SUNSET   718 PM CDT
SEPTEMBER 18 2017.....SUNRISE   658 AM CDT   SUNSET   716 PM CDT


-  INDICATES NEGATIVE NUMBERS.
R  INDICATES RECORD WAS SET OR TIED.
MM INDICATES DATA IS MISSING.
T  INDICATES TRACE AMOUNT.




$$
