000
CDUS43 KSGF 220636
CLISGF


CLIMATE REPORT
NATIONAL WEATHER SERVICE SPRINGFIELD MO
136 AM CDT FRI MAY 22 2015


...................................

...THE SPRINGFIELD MO CLIMATE SUMMARY FOR MAY 21 2015...

CLIMATE NORMAL PERIOD 1981 TO 2010
CLIMATE RECORD PERIOD 1888 TO 2015


WEATHER ITEM   OBSERVED TIME   RECORD YEAR NORMAL DEPARTURE LAST
                VALUE   (LST)  VALUE       VALUE  FROM      YEAR
                                                  NORMAL
..................................................................
TEMPERATURE (F)
 YESTERDAY
  MAXIMUM         65    413 PM  91    1987  77    -12       84
  MINIMUM         46    603 AM  36    1892  56    -10       65
  AVERAGE         56                        66    -10       75

PRECIPITATION (IN)
  YESTERDAY        T             1.66 1939   0.16  -0.16     0.00
  MONTH TO DATE    3.69                      3.60   0.09     2.40
  SINCE MAR 1     10.26                     11.54  -1.28     6.81
  SINCE JAN 1     12.86                     16.53  -3.67     8.60

SNOWFALL (IN)
  YESTERDAY        0.0
  MONTH TO DATE    0.0
  SINCE MAR 1      1.2
  SINCE JUL 1     15.8
  SNOW DEPTH       0

DEGREE DAYS
 HEATING
  YESTERDAY        9                         2      7        0
  MONTH TO DATE   50                        79    -29      112
  SINCE MAR 1    815                       960   -145     1065
  SINCE JUL 1   4522                      4553    -31     5020

 COOLING
  YESTERDAY        0                         3     -3       10
  MONTH TO DATE   77                        45     32       98
  SINCE MAR 1     99                        70     29      112
  SINCE JAN 1     99                        70     29      112
..................................................................


WIND (MPH)
  HIGHEST WIND SPEED    16   HIGHEST WIND DIRECTION     N (20)
  HIGHEST GUST SPEED    20   HIGHEST GUST DIRECTION     N (20)
  AVERAGE WIND SPEED     6.3


SKY COVER
  AVERAGE SKY COVER 0.6


WEATHER CONDITIONS
 THE FOLLOWING WEATHER WAS RECORDED YESTERDAY.
  LIGHT RAIN
  FOG


RELATIVE HUMIDITY (PERCENT)
 HIGHEST    93          1200 AM
 LOWEST     44           400 PM
 AVERAGE    69

..........................................................


THE SPRINGFIELD MO CLIMATE NORMALS FOR TODAY
                         NORMAL    RECORD    YEAR
 MAXIMUM TEMPERATURE (F)   77        88      1975
                                             1964
                                             1953
 MINIMUM TEMPERATURE (F)   56        38      1892


SUNRISE AND SUNSET
MAY 22 2015...........SUNRISE   600 AM CDT   SUNSET   821 PM CDT
MAY 23 2015...........SUNRISE   559 AM CDT   SUNSET   822 PM CDT


-  INDICATES NEGATIVE NUMBERS.
R  INDICATES RECORD WAS SET OR TIED.
MM INDICATES DATA IS MISSING.
T  INDICATES TRACE AMOUNT.




$$
