000
CDUS43 KSGF 052225
CLISGF


CLIMATE REPORT
NATIONAL WEATHER SERVICE SPRINGFIELD MO
525 PM CDT SUN JUL 5 2015


...................................

...THE SPRINGFIELD MO CLIMATE SUMMARY FOR JULY 5 2015...
VALID TODAY AS OF 0500 PM LOCAL TIME.

CLIMATE NORMAL PERIOD 1981 TO 2010
CLIMATE RECORD PERIOD 1888 TO 2015


WEATHER ITEM   OBSERVED TIME   RECORD YEAR NORMAL DEPARTURE LAST
                VALUE   (LST)  VALUE       VALUE  FROM      YEAR
                                                  NORMAL
..................................................................
TEMPERATURE (F)
 TODAY
  MAXIMUM         88    326 PM 101    2012  88      0       82
                                      1954
  MINIMUM         70    511 AM  46    1972  67      3       66
  AVERAGE         79                        78      1       74

PRECIPITATION (IN)
  TODAY            T             2.05 1932   0.14  -0.14     0.00
  MONTH TO DATE    2.83                      0.70   2.13      T
  SINCE JUN 1      7.61                      5.55   2.06     6.23
  SINCE JAN 1     23.01                     23.58  -0.57    17.71

SNOWFALL (IN)
  TODAY            0.0
  MONTH TO DATE    0.0
  SINCE JUN 1      0.0
  SINCE JUL 1      0.0
  SNOW DEPTH       0

DEGREE DAYS
 HEATING
  TODAY            0                         0      0        0
  MONTH TO DATE    0                         0      0        0
  SINCE JUN 1      1                         9     -8        0
  SINCE JUL 1      0                         0      0        0

 COOLING
  TODAY           14                        12      2        9
  MONTH TO DATE   59                        60     -1       32
  SINCE JUN 1    409                       323     86      326
  SINCE JAN 1    551                       438    113      519
..................................................................


WIND (MPH)
  HIGHEST WIND SPEED    30   HIGHEST WIND DIRECTION    SE (120)
  HIGHEST GUST SPEED    37   HIGHEST GUST DIRECTION    SE (130)


SKY COVER
  AVERAGE SKY COVER 0.5


WEATHER CONDITIONS
 THE FOLLOWING WEATHER WAS RECORDED TODAY.
  THUNDERSTORM
  FOG


RELATIVE HUMIDITY (PERCENT)
 HIGHEST   100           500 AM
 LOWEST     63           200 PM
 AVERAGE    82

..........................................................


THE SPRINGFIELD MO CLIMATE NORMALS FOR TOMORROW
                         NORMAL    RECORD    YEAR
 MAXIMUM TEMPERATURE (F)   88       103      2012
 MINIMUM TEMPERATURE (F)   67        44      1972


SUNRISE AND SUNSET
JULY  5 2015..........SUNRISE   559 AM CDT   SUNSET   837 PM CDT
JULY  6 2015..........SUNRISE   559 AM CDT   SUNSET   837 PM CDT


-  INDICATES NEGATIVE NUMBERS.
R  INDICATES RECORD WAS SET OR TIED.
MM INDICATES DATA IS MISSING.
T  INDICATES TRACE AMOUNT.




$$
