000
CDUS43 KSGF 160636
CLISGF


CLIMATE REPORT
NATIONAL WEATHER SERVICE SPRINGFIELD MO
1234 AM CST TUE DEC 16 2014


...................................

...THE SPRINGFIELD MO CLIMATE SUMMARY FOR DECEMBER 15 2014...

CLIMATE NORMAL PERIOD 1981 TO 2010
CLIMATE RECORD PERIOD 1888 TO 2014


WEATHER ITEM   OBSERVED TIME   RECORD YEAR NORMAL DEPARTURE LAST
                VALUE   (LST)  VALUE       VALUE  FROM      YEAR
                                                  NORMAL
..................................................................
TEMPERATURE (F)
 YESTERDAY
  MAXIMUM         57   1129 AM  73    1948  45     12       42
  MINIMUM         37   1159 PM  -7    1989  25     12       17
  AVERAGE         47                        35     12       30

PRECIPITATION (IN)
  YESTERDAY        0.19          1.79 1992   0.10   0.09     0.00
  MONTH TO DATE    0.95                      1.63  -0.68     1.46
  SINCE DEC 1      0.95                      1.63  -0.68     1.46
  SINCE JAN 1     37.77                     44.16  -6.39    50.74

SNOWFALL (IN)
  YESTERDAY        0.0
  MONTH TO DATE    T
  SINCE DEC 1      T
  SINCE JUL 1      1.7
  SNOW DEPTH       0

DEGREE DAYS
 HEATING
  YESTERDAY       18                        30    -12       35
  MONTH TO DATE  355                       426    -71      539
  SINCE DEC 1    355                       426    -71      539
  SINCE JUL 1   1305                      1305      0     1476

 COOLING
  YESTERDAY        0                         0      0        0
  MONTH TO DATE    0                         0      0        0
  SINCE DEC 1      0                         0      0        0
  SINCE JAN 1   1470                      1389     81     1417
..................................................................


WIND (MPH)
  HIGHEST WIND SPEED    28   HIGHEST WIND DIRECTION     W (270)
  HIGHEST GUST SPEED    36   HIGHEST GUST DIRECTION     W (270)
  AVERAGE WIND SPEED    19.0


SKY COVER
  AVERAGE SKY COVER 0.8


WEATHER CONDITIONS
 THE FOLLOWING WEATHER WAS RECORDED YESTERDAY.
  RAIN
  LIGHT RAIN
  FOG


RELATIVE HUMIDITY (PERCENT)
 HIGHEST    96          1200 AM
 LOWEST     61          1200 PM
 AVERAGE    79

..........................................................


THE SPRINGFIELD MO CLIMATE NORMALS FOR TODAY
                         NORMAL    RECORD    YEAR
 MAXIMUM TEMPERATURE (F)   44        72      1924
 MINIMUM TEMPERATURE (F)   25        -9      1989


SUNRISE AND SUNSET
DECEMBER 16 2014......SUNRISE   721 AM CST   SUNSET   458 PM CST
DECEMBER 17 2014......SUNRISE   721 AM CST   SUNSET   458 PM CST


-  INDICATES NEGATIVE NUMBERS.
R  INDICATES RECORD WAS SET OR TIED.
MM INDICATES DATA IS MISSING.
T  INDICATES TRACE AMOUNT.




$$
