000
CDUS43 KSGF 152231
CLISGF


CLIMATE REPORT
NATIONAL WEATHER SERVICE SPRINGFIELD MO
531 PM CDT FRI SEP 15 2017


...................................

...THE SPRINGFIELD MO CLIMATE SUMMARY FOR SEPTEMBER 15 2017...
VALID TODAY AS OF 0500 PM LOCAL TIME.

CLIMATE NORMAL PERIOD 1981 TO 2010
CLIMATE RECORD PERIOD 1888 TO 2017


WEATHER ITEM   OBSERVED TIME   RECORD YEAR NORMAL DEPARTURE LAST
                VALUE   (LST)  VALUE       VALUE  FROM      YEAR
                                                  NORMAL
..................................................................
TEMPERATURE (F)
 TODAY
  MAXIMUM         88    355 PM  98    1893  81      7       87
  MINIMUM         63    611 AM  38    1961  58      5       68
  AVERAGE         76                        69      7       78

PRECIPITATION (IN)
  TODAY            0.00          3.08 1894   0.16  -0.16     0.09
  MONTH TO DATE    T                         2.32  -2.32     1.48
  SINCE SEP 1      T                         2.32  -2.32     1.48
  SINCE JAN 1     42.58                     32.43  10.15    27.10

SNOWFALL (IN)
  TODAY            0.0
  MONTH TO DATE    0.0
  SINCE SEP 1      0.0
  SINCE JUL 1      0.0
  SNOW DEPTH       0

DEGREE DAYS
 HEATING
  TODAY            0                         1     -1        0
  MONTH TO DATE    6                         7     -1        0
  SINCE SEP 1      6                         7     -1        0
  SINCE JUL 1      6                         9     -3        0

 COOLING
  TODAY           11                         6      5       13
  MONTH TO DATE   73                       116    -43      153
  SINCE SEP 1     73                       116    -43      153
  SINCE JAN 1   1231                      1302    -71     1585
..................................................................


WIND (MPH)
  HIGHEST WIND SPEED    16   HIGHEST WIND DIRECTION    SE (150)
  HIGHEST GUST SPEED    22   HIGHEST GUST DIRECTION    SE (130)


SKY COVER
  AVERAGE SKY COVER 0.1


WEATHER CONDITIONS
 THE FOLLOWING WEATHER WAS RECORDED TODAY.
  NO SIGNIFICANT WEATHER WAS OBSERVED.


RELATIVE HUMIDITY (PERCENT)
 HIGHEST    87           400 AM
 LOWEST     43           200 PM
 AVERAGE    65

..........................................................


THE SPRINGFIELD MO CLIMATE NORMALS FOR TOMORROW
                         NORMAL    RECORD    YEAR
 MAXIMUM TEMPERATURE (F)   80        95      1980
                                             1956
                                             1954
 MINIMUM TEMPERATURE (F)   58        41      1961


SUNRISE AND SUNSET
SEPTEMBER 15 2017.....SUNRISE   656 AM CDT   SUNSET   721 PM CDT
SEPTEMBER 16 2017.....SUNRISE   657 AM CDT   SUNSET   719 PM CDT


-  INDICATES NEGATIVE NUMBERS.
R  INDICATES RECORD WAS SET OR TIED.
MM INDICATES DATA IS MISSING.
T  INDICATES TRACE AMOUNT.




$$
