000
CDUS43 KSGF 202126
CLISGF


CLIMATE REPORT
NATIONAL WEATHER SERVICE SPRINGFIELD MO
426 PM CDT TUE SEP 20 2016


...................................

...THE SPRINGFIELD MO CLIMATE SUMMARY FOR SEPTEMBER 20 2016...
VALID AS OF 0400 PM LOCAL TIME.

CLIMATE NORMAL PERIOD 1981 TO 2010
CLIMATE RECORD PERIOD 1888 TO 2016


WEATHER ITEM   OBSERVED TIME   RECORD YEAR NORMAL DEPARTURE LAST
                VALUE   (LST)  VALUE       VALUE  FROM      YEAR
                                                  NORMAL
..................................................................
TEMPERATURE (F)
 TODAY
  MAXIMUM         92   1257 PM  97    1954  78     14       71
  MINIMUM         69    534 AM  37    1991  56     13       57
  AVERAGE         81                        67     14       64

PRECIPITATION (IN)
  TODAY            0.00          2.49 1992   0.15  -0.15      T
  MONTH TO DATE    3.70                      3.10   0.60     4.05
  SINCE SEP 1      3.70                      3.10   0.60     4.05
  SINCE JAN 1     29.32                     33.21  -3.89    39.57

SNOWFALL (IN)
  TODAY            0.0
  MONTH TO DATE    0.0
  SINCE SEP 1      0.0
  SINCE JUL 1      0.0
  SNOW DEPTH       0

DEGREE DAYS
 HEATING
  TODAY            0                         2     -2        1
  MONTH TO DATE    0                        17    -17        9
  SINCE SEP 1      0                        17    -17        9
  SINCE JUL 1      0                        19    -19       12

 COOLING
  TODAY           16                         4     12        0
  MONTH TO DATE  206                       140     66      196
  SINCE SEP 1    206                       140     66      196
  SINCE JAN 1   1638                      1326    312     1465
..................................................................


WIND (MPH)
  HIGHEST WIND SPEED    10   HIGHEST WIND DIRECTION     S (160)
  HIGHEST GUST SPEED    13   HIGHEST GUST DIRECTION    SE (150)


SKY COVER
  AVERAGE SKY COVER 0.2


WEATHER CONDITIONS
 THE FOLLOWING WEATHER WAS RECORDED TODAY.
  NO SIGNIFICANT WEATHER WAS OBSERVED.


RELATIVE HUMIDITY (PERCENT)
 HIGHEST    90           400 AM
 LOWEST     52           100 PM
 AVERAGE    71

..........................................................


THE SPRINGFIELD MO CLIMATE NORMALS FOR TOMORROW
                         NORMAL    RECORD    YEAR
 MAXIMUM TEMPERATURE (F)   78        93      1955
                                             1893
 MINIMUM TEMPERATURE (F)   55        37      1995
                                             1983


SUNRISE AND SUNSET
SEPTEMBER 20 2016.....SUNRISE   700 AM CDT   SUNSET   713 PM CDT
SEPTEMBER 21 2016.....SUNRISE   701 AM CDT   SUNSET   711 PM CDT


-  INDICATES NEGATIVE NUMBERS.
R  INDICATES RECORD WAS SET OR TIED.
MM INDICATES DATA IS MISSING.
T  INDICATES TRACE AMOUNT.




$$
