000
CDUS43 KSGF 280630
CLISGF


CLIMATE REPORT
NATIONAL WEATHER SERVICE SPRINGFIELD MO
130 AM CDT SUN SEP 28 2014


...................................

...THE SPRINGFIELD MO CLIMATE SUMMARY FOR SEPTEMBER 27 2014...

CLIMATE NORMAL PERIOD 1981 TO 2010
CLIMATE RECORD PERIOD 1888 TO 2014


WEATHER ITEM   OBSERVED TIME   RECORD YEAR NORMAL DEPARTURE LAST
                VALUE   (LST)  VALUE       VALUE  FROM      YEAR
                                                  NORMAL
..................................................................
TEMPERATURE (F)
 YESTERDAY
  MAXIMUM         82    221 PM  91    1953  75      7       84
                                      1897
  MINIMUM         58    545 AM  30    1942  53      5       65
  AVERAGE         70                        64      6       75

PRECIPITATION (IN)
  YESTERDAY        0.00          1.78 1936   0.16  -0.16     0.00
  MONTH TO DATE    5.00                      4.18   0.82     1.85
  SINCE SEP 1      5.00                      4.18   0.82     1.85
  SINCE JAN 1     26.97                     34.29  -7.32    40.00

SNOWFALL (IN)
  YESTERDAY        0.0
  MONTH TO DATE    0.0
  SINCE SEP 1      0.0
  SINCE JUL 1      0.0
  SNOW DEPTH       0

DEGREE DAYS
 HEATING
  YESTERDAY        0                         4     -4        0
  MONTH TO DATE   31                        40     -9       13
  SINCE SEP 1     31                        40     -9       13
  SINCE JUL 1     31                        42    -11       13

 COOLING
  YESTERDAY        5                         3      2       10
  MONTH TO DATE  158                       164     -6      226
  SINCE SEP 1    158                       164     -6      226
  SINCE JAN 1   1404                      1350     54     1369
..................................................................


WIND (MPH)
  HIGHEST WIND SPEED    12   HIGHEST WIND DIRECTION     E (100)
  HIGHEST GUST SPEED    16   HIGHEST GUST DIRECTION    SE (120)
  AVERAGE WIND SPEED     5.2


SKY COVER
  AVERAGE SKY COVER 0.0


WEATHER CONDITIONS
 THE FOLLOWING WEATHER WAS RECORDED YESTERDAY.
  NO SIGNIFICANT WEATHER WAS OBSERVED.


RELATIVE HUMIDITY (PERCENT)
 HIGHEST    87           300 AM
 LOWEST     39           300 PM
 AVERAGE    63

..........................................................


THE SPRINGFIELD MO CLIMATE NORMALS FOR TODAY
                         NORMAL    RECORD    YEAR
 MAXIMUM TEMPERATURE (F)   75       101      1953
 MINIMUM TEMPERATURE (F)   52        35      1967


SUNRISE AND SUNSET
SEPTEMBER 28 2014.....SUNRISE   706 AM CDT   SUNSET   701 PM CDT
SEPTEMBER 29 2014.....SUNRISE   707 AM CDT   SUNSET   700 PM CDT


-  INDICATES NEGATIVE NUMBERS.
R  INDICATES RECORD WAS SET OR TIED.
MM INDICATES DATA IS MISSING.
T  INDICATES TRACE AMOUNT.




$$
