000
CDUS43 KSGF 300630
CLISGF


CLIMATE REPORT
NATIONAL WEATHER SERVICE SPRINGFIELD MO
130 AM CDT THU JUL 30 2015


...................................

...THE SPRINGFIELD MO CLIMATE SUMMARY FOR JULY 29 2015...

CLIMATE NORMAL PERIOD 1981 TO 2010
CLIMATE RECORD PERIOD 1888 TO 2015


WEATHER ITEM   OBSERVED TIME   RECORD YEAR NORMAL DEPARTURE LAST
                VALUE   (LST)  VALUE       VALUE  FROM      YEAR
                                                  NORMAL
..................................................................
TEMPERATURE (F)
 YESTERDAY
  MAXIMUM         94    152 PM 106    2012  90      4       86
                                      1986
  MINIMUM         74    507 AM  52    1965  68      6       58
  AVERAGE         84                        79      5       72

PRECIPITATION (IN)
  YESTERDAY        0.00          1.78 1911   0.10  -0.10     0.00
  MONTH TO DATE    9.21                      3.48   5.73     2.25
  SINCE JUN 1     13.99                      8.33   5.66     8.48
  SINCE JAN 1     29.39                     26.36   3.03    19.96

SNOWFALL (IN)
  YESTERDAY        0.0
  MONTH TO DATE    0.0
  SINCE JUN 1      0.0
  SINCE JUL 1      0.0
  SNOW DEPTH       0

DEGREE DAYS
 HEATING
  YESTERDAY        0                         0      0        0
  MONTH TO DATE    0                         0      0        0
  SINCE JUN 1      1                         9     -8        0
  SINCE JUL 1      0                         0      0        0

 COOLING
  YESTERDAY       19                        14      5        7
  MONTH TO DATE  435                       383     52      279
  SINCE JUN 1    785                       646    139      573
  SINCE JAN 1    927                       761    166      766
..................................................................


WIND (MPH)
  HIGHEST WIND SPEED    22   HIGHEST WIND DIRECTION     N (20)
  HIGHEST GUST SPEED    26   HIGHEST GUST DIRECTION     N (10)
  AVERAGE WIND SPEED     6.5


SKY COVER
  AVERAGE SKY COVER 0.2


WEATHER CONDITIONS
 THE FOLLOWING WEATHER WAS RECORDED YESTERDAY.
  NO SIGNIFICANT WEATHER WAS OBSERVED.


RELATIVE HUMIDITY (PERCENT)
 HIGHEST    88           600 AM
 LOWEST     46           200 PM
 AVERAGE    67

..........................................................


THE SPRINGFIELD MO CLIMATE NORMALS FOR TODAY
                         NORMAL    RECORD    YEAR
 MAXIMUM TEMPERATURE (F)   90       108      1986
 MINIMUM TEMPERATURE (F)   68        50      1971


SUNRISE AND SUNSET
JULY 30 2015..........SUNRISE   616 AM CDT   SUNSET   823 PM CDT
JULY 31 2015..........SUNRISE   617 AM CDT   SUNSET   822 PM CDT


-  INDICATES NEGATIVE NUMBERS.
R  INDICATES RECORD WAS SET OR TIED.
MM INDICATES DATA IS MISSING.
T  INDICATES TRACE AMOUNT.




$$
