000
CDUS43 KSGF 200637
CLISGF


CLIMATE REPORT
NATIONAL WEATHER SERVICE SPRINGFIELD MO
137 AM CDT FRI MAY 20 2016


...................................

...THE SPRINGFIELD MO CLIMATE SUMMARY FOR MAY 19 2016...

CLIMATE NORMAL PERIOD 1981 TO 2010
CLIMATE RECORD PERIOD 1888 TO 2016


WEATHER ITEM   OBSERVED TIME   RECORD YEAR NORMAL DEPARTURE LAST
                VALUE   (LST)  VALUE       VALUE  FROM      YEAR
                                                  NORMAL
..................................................................
TEMPERATURE (F)
 YESTERDAY
  MAXIMUM         67    309 PM  91    1987  76     -9       72
  MINIMUM         46    221 AM  38    1968  55     -9       51
                                      1894
  AVERAGE         57                        66     -9       62

PRECIPITATION (IN)
  YESTERDAY        0.11          2.70 1943   0.15  -0.04     0.04
  MONTH TO DATE    3.74                      3.28   0.46     3.18
  SINCE MAR 1      9.18                     11.22  -2.04     9.75
  SINCE JAN 1     10.46                     16.21  -5.75    12.35

SNOWFALL (IN)
  YESTERDAY        0.0
  MONTH TO DATE    0.0
  SINCE MAR 1      T
  SINCE JUL 1      3.0
  SNOW DEPTH       0

DEGREE DAYS
 HEATING
  YESTERDAY        8                         2      6        3
  MONTH TO DATE  121                        75     46       32
  SINCE MAR 1    708                       956   -248      797
  SINCE JUL 1   3621                      4549   -928     4504

 COOLING
  YESTERDAY        0                         3     -3        0
  MONTH TO DATE   25                        39    -14       77
  SINCE MAR 1     52                        64    -12       99
  SINCE JAN 1     52                        64    -12       99
..................................................................


WIND (MPH)
  HIGHEST WIND SPEED    14   HIGHEST WIND DIRECTION     E (100)
  HIGHEST GUST SPEED    19   HIGHEST GUST DIRECTION    SE (140)
  AVERAGE WIND SPEED     6.1


SKY COVER
  AVERAGE SKY COVER 0.5


WEATHER CONDITIONS
 THE FOLLOWING WEATHER WAS RECORDED YESTERDAY.
  LIGHT RAIN


RELATIVE HUMIDITY (PERCENT)
 HIGHEST    86          1000 PM
 LOWEST     45          1200 PM
 AVERAGE    66

..........................................................


THE SPRINGFIELD MO CLIMATE NORMALS FOR TODAY
                         NORMAL    RECORD    YEAR
 MAXIMUM TEMPERATURE (F)   76        90      1964
 MINIMUM TEMPERATURE (F)   56        38      1981


SUNRISE AND SUNSET
MAY 20 2016...........SUNRISE   601 AM CDT   SUNSET   820 PM CDT
MAY 21 2016...........SUNRISE   600 AM CDT   SUNSET   821 PM CDT


-  INDICATES NEGATIVE NUMBERS.
R  INDICATES RECORD WAS SET OR TIED.
MM INDICATES DATA IS MISSING.
T  INDICATES TRACE AMOUNT.




$$
