531
CDUS43 KSGF 152126
CLISGF


CLIMATE REPORT
NATIONAL WEATHER SERVICE SPRINGFIELD MO
425 PM CDT SUN OCT 15 2017


...................................

...THE SPRINGFIELD MO CLIMATE SUMMARY FOR OCTOBER 15 2017...
VALID AS OF 0400 PM LOCAL TIME.

CLIMATE NORMAL PERIOD 1981 TO 2010
CLIMATE RECORD PERIOD 1888 TO 2017


WEATHER ITEM   OBSERVED TIME   RECORD YEAR NORMAL DEPARTURE LAST
                VALUE   (LST)  VALUE       VALUE  FROM      YEAR
                                                  NORMAL
..................................................................
TEMPERATURE (F)
 TODAY
  MAXIMUM         68   1210 AM  86    1963  69     -1       82
                                      1938
  MINIMUM         50    710 AM  31    1986  47      3       62
  AVERAGE         59                        58      1       72

PRECIPITATION (IN)
  TODAY            0.57          1.68 1967   0.11   0.46      T
  MONTH TO DATE    1.04                      1.72  -0.68     2.60
  SINCE SEP 1      1.63                      6.33  -4.70     6.49
  SINCE JAN 1     44.21                     36.44   7.77    32.11

SNOWFALL (IN)
  TODAY            0.0
  MONTH TO DATE    0.0
  SINCE SEP 1      0.0
  SINCE JUL 1      0.0
  SNOW DEPTH       0

DEGREE DAYS
 HEATING
  TODAY            6                         8     -2        0
  MONTH TO DATE   34                        92    -58       53
  SINCE SEP 1     42                       145   -103       67
  SINCE JUL 1     42                       147   -105       67

 COOLING
  TODAY            0                         1     -1        7
  MONTH TO DATE   82                        21     61       37
  SINCE SEP 1    300                       194    106      303
  SINCE JAN 1   1458                      1380     78     1735
..................................................................


WIND (MPH)
  HIGHEST WIND SPEED    26   HIGHEST WIND DIRECTION     N (340)
  HIGHEST GUST SPEED    38   HIGHEST GUST DIRECTION    NW (310)


SKY COVER
  AVERAGE SKY COVER 0.5


WEATHER CONDITIONS
 THE FOLLOWING WEATHER WAS RECORDED TODAY.
  THUNDERSTORM
  HEAVY RAIN
  RAIN
  LIGHT RAIN
  FOG


RELATIVE HUMIDITY (PERCENT)
 HIGHEST   100           100 AM
 LOWEST     48           100 PM
 AVERAGE    74

..........................................................


THE SPRINGFIELD MO CLIMATE NORMALS FOR TOMORROW
                         NORMAL    RECORD    YEAR
 MAXIMUM TEMPERATURE (F)   69        87      2016
 MINIMUM TEMPERATURE (F)   47        28      1966
                                             1943


SUNRISE AND SUNSET
OCTOBER 15 2017.......SUNRISE   722 AM CDT   SUNSET   636 PM CDT
OCTOBER 16 2017.......SUNRISE   723 AM CDT   SUNSET   635 PM CDT


-  INDICATES NEGATIVE NUMBERS.
R  INDICATES RECORD WAS SET OR TIED.
MM INDICATES DATA IS MISSING.
T  INDICATES TRACE AMOUNT.




$$
