000
CDUS43 KSGF 240649
CLISGF


CLIMATE REPORT
NATIONAL WEATHER SERVICE SPRINGFIELD MO
1249 AM CST TUE FEB 24 2015


...................................

...THE SPRINGFIELD MO CLIMATE SUMMARY FOR FEBRUARY 23 2015...

CLIMATE NORMAL PERIOD 1981 TO 2010
CLIMATE RECORD PERIOD 1888 TO 2015


WEATHER ITEM   OBSERVED TIME   RECORD YEAR NORMAL DEPARTURE LAST
                VALUE   (LST)  VALUE       VALUE  FROM      YEAR
                                                  NORMAL
..................................................................
TEMPERATURE (F)
 YESTERDAY
  MAXIMUM         21    819 PM  79    1982  51    -30       48
  MINIMUM         12    816 AM   3    1899  29    -17       29
                                      1889
  AVERAGE         17                        40    -23       39

PRECIPITATION (IN)
  YESTERDAY        0.00          2.17 1985   0.11  -0.11     0.00
  MONTH TO DATE    1.44                      2.02  -0.58     0.50
  SINCE DEC 1      4.02                      7.53  -3.51     4.35
  SINCE JAN 1      2.25                      4.49  -2.24     1.79

SNOWFALL (IN)
  YESTERDAY        0.0
  MONTH TO DATE    7.9
  SINCE DEC 1      8.7
  SINCE JUL 1     10.4
  SNOW DEPTH       2

DEGREE DAYS
 HEATING
  YESTERDAY       48                        25     23       26
  MONTH TO DATE  799                       657    142      758
  SINCE DEC 1   2557                      2591    -34     2850
  SINCE JUL 1   3507                      3470     37     3787

 COOLING
  YESTERDAY        0                         0      0        0
  MONTH TO DATE    0                         0      0        0
  SINCE DEC 1      0                         0      0        0
  SINCE JAN 1      0                         0      0        0
..................................................................


WIND (MPH)
  HIGHEST WIND SPEED    21   HIGHEST WIND DIRECTION     N (10)
  HIGHEST GUST SPEED    25   HIGHEST GUST DIRECTION     N (20)
  AVERAGE WIND SPEED     8.9


SKY COVER
  AVERAGE SKY COVER 0.9


WEATHER CONDITIONS
 THE FOLLOWING WEATHER WAS RECORDED YESTERDAY.
  NO SIGNIFICANT WEATHER WAS OBSERVED.


RELATIVE HUMIDITY (PERCENT)
 HIGHEST    61           700 AM
 LOWEST     36           500 PM
 AVERAGE    49

..........................................................


THE SPRINGFIELD MO CLIMATE NORMALS FOR TODAY
                         NORMAL    RECORD    YEAR
 MAXIMUM TEMPERATURE (F)   51        79      1956
 MINIMUM TEMPERATURE (F)   29         4      1910


SUNRISE AND SUNSET
FEBRUARY 24 2015......SUNRISE   652 AM CST   SUNSET   602 PM CST
FEBRUARY 25 2015......SUNRISE   650 AM CST   SUNSET   603 PM CST


-  INDICATES NEGATIVE NUMBERS.
R  INDICATES RECORD WAS SET OR TIED.
MM INDICATES DATA IS MISSING.
T  INDICATES TRACE AMOUNT.




$$
