000
CDUS43 KSGF 300636
CLISGF


CLIMATE REPORT
NATIONAL WEATHER SERVICE SPRINGFIELD MO
136 AM CDT SUN AUG 30 2015


...................................

...THE SPRINGFIELD MO CLIMATE SUMMARY FOR AUGUST 29 2015...

CLIMATE NORMAL PERIOD 1981 TO 2010
CLIMATE RECORD PERIOD 1888 TO 2015


WEATHER ITEM   OBSERVED TIME   RECORD YEAR NORMAL DEPARTURE LAST
                VALUE   (LST)  VALUE       VALUE  FROM      YEAR
                                                  NORMAL
..................................................................
TEMPERATURE (F)
 YESTERDAY
  MAXIMUM         83    341 PM 106    1984  87     -4       89
  MINIMUM         67    657 AM  46    1988  65      2       71
  AVERAGE         75                        76     -1       80

PRECIPITATION (IN)
  YESTERDAY        T             0.83 1975   0.13  -0.13     0.05
  MONTH TO DATE    6.13                      3.28   2.85     1.23
  SINCE JUN 1     20.12                     11.81   8.31     9.76
  SINCE JAN 1     35.52                     29.84   5.68    21.24

SNOWFALL (IN)
  YESTERDAY        0.0
  MONTH TO DATE    0.0
  SINCE JUN 1      0.0
  SINCE JUL 1      0.0
  SNOW DEPTH       0

DEGREE DAYS
 HEATING
  YESTERDAY        0                         0      0        0
  MONTH TO DATE    3                         0      3        0
  SINCE JUN 1      4                         9     -5        0
  SINCE JUL 1      3                         0      3        0

 COOLING
  YESTERDAY       10                        11     -1       15
  MONTH TO DATE  287                       379    -92      436
  SINCE JUN 1   1100                      1052     48     1022
  SINCE JAN 1   1242                      1167     75     1215
..................................................................


WIND (MPH)
  HIGHEST WIND SPEED    17   HIGHEST WIND DIRECTION     S (170)
  HIGHEST GUST SPEED    21   HIGHEST GUST DIRECTION     S (170)
  AVERAGE WIND SPEED     8.8


SKY COVER
  AVERAGE SKY COVER 0.7


WEATHER CONDITIONS
 THE FOLLOWING WEATHER WAS RECORDED YESTERDAY.
  THUNDERSTORM
  LIGHT RAIN


RELATIVE HUMIDITY (PERCENT)
 HIGHEST    90          1100 PM
 LOWEST     62          1100 AM
 AVERAGE    76

..........................................................


THE SPRINGFIELD MO CLIMATE NORMALS FOR TODAY
                         NORMAL    RECORD    YEAR
 MAXIMUM TEMPERATURE (F)   87       101      2000
                                             1947
 MINIMUM TEMPERATURE (F)   64        48      1946


SUNRISE AND SUNSET
AUGUST 30 2015........SUNRISE   642 AM CDT   SUNSET   745 PM CDT
AUGUST 31 2015........SUNRISE   643 AM CDT   SUNSET   744 PM CDT


-  INDICATES NEGATIVE NUMBERS.
R  INDICATES RECORD WAS SET OR TIED.
MM INDICATES DATA IS MISSING.
T  INDICATES TRACE AMOUNT.




$$
