258
CDUS43 KSGF 130627
CLISGF


CLIMATE REPORT
NATIONAL WEATHER SERVICE SPRINGFIELD MO
126 AM CDT SUN AUG 13 2017


...................................

...THE SPRINGFIELD MO CLIMATE SUMMARY FOR AUGUST 12 2017...

CLIMATE NORMAL PERIOD 1981 TO 2010
CLIMATE RECORD PERIOD 1888 TO 2017


WEATHER ITEM   OBSERVED TIME   RECORD YEAR NORMAL DEPARTURE LAST
                VALUE   (LST)  VALUE       VALUE  FROM      YEAR
                                                  NORMAL
..................................................................
TEMPERATURE (F)
 YESTERDAY
  MAXIMUM         78    138 PM 104    1999  90    -12       90
                                      1934
  MINIMUM         66    535 AM  44    1967  67     -1       75
  AVERAGE         72                        79     -7       83

PRECIPITATION (IN)
  YESTERDAY        0.00          1.82 1935   0.12  -0.12     0.08
  MONTH TO DATE    4.82                      1.25   3.57     1.36
  SINCE JUN 1     11.59                      9.78   1.81    13.11
  SINCE JAN 1     40.29                     27.81  12.48    24.36

SNOWFALL (IN)
  YESTERDAY        0.0
  MONTH TO DATE    0.0
  SINCE JUN 1      0.0
  SINCE JUL 1      0.0
  SNOW DEPTH       0

DEGREE DAYS
 HEATING
  YESTERDAY        0                         0      0        0
  MONTH TO DATE    0                         0      0        0
  SINCE JUN 1      0                         9     -9        0
  SINCE JUL 1      0                         0      0        0

 COOLING
  YESTERDAY        7                        14     -7       18
  MONTH TO DATE  106                       168    -62      213
  SINCE JUN 1    841                       841      0     1085
  SINCE JAN 1    989                       956     33     1205
..................................................................


WIND (MPH)
  HIGHEST WIND SPEED    13   HIGHEST WIND DIRECTION     E (90)
  HIGHEST GUST SPEED    17   HIGHEST GUST DIRECTION     E (90)
  AVERAGE WIND SPEED     5.5


SKY COVER
  AVERAGE SKY COVER 0.4


WEATHER CONDITIONS
 THE FOLLOWING WEATHER WAS RECORDED YESTERDAY.
  FOG


RELATIVE HUMIDITY (PERCENT)
 HIGHEST   100           100 AM
 LOWEST     60          1200 PM
 AVERAGE    80

..........................................................


THE SPRINGFIELD MO CLIMATE NORMALS FOR TODAY
                         NORMAL    RECORD    YEAR
 MAXIMUM TEMPERATURE (F)   90       101      2010
 MINIMUM TEMPERATURE (F)   67        47      2004
                                             1967


SUNRISE AND SUNSET
AUGUST 13 2017........SUNRISE   629 AM CDT   SUNSET   807 PM CDT
AUGUST 14 2017........SUNRISE   629 AM CDT   SUNSET   806 PM CDT


-  INDICATES NEGATIVE NUMBERS.
R  INDICATES RECORD WAS SET OR TIED.
MM INDICATES DATA IS MISSING.
T  INDICATES TRACE AMOUNT.




$$
