000
CDUS43 KSGF 302226
CLISGF


CLIMATE REPORT
NATIONAL WEATHER SERVICE SPRINGFIELD MO
526 PM CDT TUE JUN 30 2015


...................................

...THE SPRINGFIELD MO CLIMATE SUMMARY FOR JUNE 30 2015...
VALID TODAY AS OF 0500 PM LOCAL TIME.

CLIMATE NORMAL PERIOD 1981 TO 2010
CLIMATE RECORD PERIOD 1888 TO 2015


WEATHER ITEM   OBSERVED TIME   RECORD YEAR NORMAL DEPARTURE LAST
                VALUE   (LST)  VALUE       VALUE  FROM      YEAR
                                                  NORMAL
..................................................................
TEMPERATURE (F)
 TODAY
  MAXIMUM         88    326 PM  99    2012  87      1       91
  MINIMUM         67    434 AM  50    1943  66      1       74
  AVERAGE         78                        77      1       83

PRECIPITATION (IN)
  TODAY            0.00          2.21 1987   0.15  -0.15     0.00
  MONTH TO DATE    4.78                      4.85  -0.07     6.23
  SINCE JUN 1      4.78                      4.85  -0.07     6.23
  SINCE JAN 1     20.18                     22.88  -2.70    17.71

SNOWFALL (IN)
  TODAY            0.0
  MONTH TO DATE    0.0
  SINCE JUN 1      0.0
  SINCE JUL 1     15.8
  SNOW DEPTH       0

DEGREE DAYS
 HEATING
  TODAY            0                         0      0        0
  MONTH TO DATE    1                         7     -6        0
  SINCE JUN 1      1                         9     -8        0
  SINCE JUL 1   4536                      4578    -42     5020

 COOLING
  TODAY           13                        12      1       18
  MONTH TO DATE  350                       263     87      294
  SINCE JUN 1    350                       263     87      294
  SINCE JAN 1    492                       378    114      487
..................................................................


WIND (MPH)
  HIGHEST WIND SPEED    14   HIGHEST WIND DIRECTION     W (260)
  HIGHEST GUST SPEED    17   HIGHEST GUST DIRECTION     W (280)


SKY COVER
  AVERAGE SKY COVER 0.0


WEATHER CONDITIONS
 THE FOLLOWING WEATHER WAS RECORDED TODAY.
  NO SIGNIFICANT WEATHER WAS OBSERVED.


RELATIVE HUMIDITY (PERCENT)
 HIGHEST    84          1200 AM
 LOWEST     50           400 PM
 AVERAGE    67

..........................................................


THE SPRINGFIELD MO CLIMATE NORMALS FOR TOMORROW
                         NORMAL    RECORD    YEAR
 MAXIMUM TEMPERATURE (F)   87        99      2012
 MINIMUM TEMPERATURE (F)   67        52      1976


SUNRISE AND SUNSET
JUNE 30 2015..........SUNRISE   556 AM CDT   SUNSET   838 PM CDT
JULY  1 2015..........SUNRISE   557 AM CDT   SUNSET   838 PM CDT


-  INDICATES NEGATIVE NUMBERS.
R  INDICATES RECORD WAS SET OR TIED.
MM INDICATES DATA IS MISSING.
T  INDICATES TRACE AMOUNT.




$$
