000
CDUS43 KSGF 060640
CLISGF


CLIMATE REPORT
NATIONAL WEATHER SERVICE SPRINGFIELD MO
1240 AM CST WED DEC 6 2017


...................................

...THE SPRINGFIELD MO CLIMATE SUMMARY FOR DECEMBER 5 2017...

CLIMATE NORMAL PERIOD 1981 TO 2010
CLIMATE RECORD PERIOD 1888 TO 2017


WEATHER ITEM   OBSERVED TIME   RECORD YEAR NORMAL DEPARTURE LAST
                VALUE   (LST)  VALUE       VALUE  FROM      YEAR
                                                  NORMAL
..................................................................
TEMPERATURE (F)
 YESTERDAY
  MAXIMUM         44    327 PM  74    1998  48     -4       45
  MINIMUM         30   1122 PM   9    2002  27      3       29
                                      1950
  AVERAGE         37                        38     -1       37

PRECIPITATION (IN)
  YESTERDAY        0.00          1.40 1913   0.11  -0.11     0.00
  MONTH TO DATE    0.05                      0.58  -0.53     0.17
  SINCE DEC 1      0.05                      0.58  -0.53     0.17
  SINCE JAN 1     46.08                     43.11   2.97    35.80

SNOWFALL (IN)
  YESTERDAY        0.0
  MONTH TO DATE    0.0
  SINCE DEC 1      0.0
  SINCE JUL 1      0.0
  SNOW DEPTH       0

DEGREE DAYS
 HEATING
  YESTERDAY       28                        28      0       28
  MONTH TO DATE   70                       134    -64      125
  SINCE DEC 1     70                       134    -64      125
  SINCE JUL 1    754                      1013   -259      641

 COOLING
  YESTERDAY        0                         0      0        0
  MONTH TO DATE    0                         0      0        0
  SINCE DEC 1      0                         0      0        0
  SINCE JAN 1   1467                      1389     78     1808
..................................................................


WIND (MPH)
  HIGHEST WIND SPEED    17   HIGHEST WIND DIRECTION     W (280)
  HIGHEST GUST SPEED    25   HIGHEST GUST DIRECTION     W (280)
  AVERAGE WIND SPEED    10.5


SKY COVER
  AVERAGE SKY COVER 0.2


WEATHER CONDITIONS
 THE FOLLOWING WEATHER WAS RECORDED YESTERDAY.
  NO SIGNIFICANT WEATHER WAS OBSERVED.


RELATIVE HUMIDITY (PERCENT)
 HIGHEST    75           400 AM
 LOWEST     29           400 PM
 AVERAGE    52

..........................................................


THE SPRINGFIELD MO CLIMATE NORMALS FOR TODAY
                         NORMAL    RECORD    YEAR
 MAXIMUM TEMPERATURE (F)   47        72      1946
                                             1939
 MINIMUM TEMPERATURE (F)   27        -1      1950


SUNRISE AND SUNSET
DECEMBER  6 2017......SUNRISE   713 AM CST   SUNSET   456 PM CST
DECEMBER  7 2017......SUNRISE   714 AM CST   SUNSET   456 PM CST


-  INDICATES NEGATIVE NUMBERS.
R  INDICATES RECORD WAS SET OR TIED.
MM INDICATES DATA IS MISSING.
T  INDICATES TRACE AMOUNT.




$$
