000
CDUS43 KSGF 172228
CLISGF


CLIMATE REPORT
NATIONAL WEATHER SERVICE SPRINGFIELD MO
527 PM CDT WED AUG 17 2016


...................................

...THE SPRINGFIELD MO CLIMATE SUMMARY FOR AUGUST 17 2016...
VALID TODAY AS OF 0500 PM LOCAL TIME.

CLIMATE NORMAL PERIOD 1981 TO 2010
CLIMATE RECORD PERIOD 1888 TO 2016


WEATHER ITEM   OBSERVED TIME   RECORD YEAR NORMAL DEPARTURE LAST
                VALUE   (LST)  VALUE       VALUE  FROM      YEAR
                                                  NORMAL
..................................................................
TEMPERATURE (F)
 TODAY
  MAXIMUM         86    303 PM 103    1956  89     -3       89
  MINIMUM         66    424 AM  50    1992  67     -1       71
  AVERAGE         76                        78     -2       80

PRECIPITATION (IN)
  TODAY            0.00          1.97 1915   0.11  -0.11      T
  MONTH TO DATE    1.42                      1.80  -0.38     4.70
  SINCE JUN 1     13.17                     10.33   2.84    18.69
  SINCE JAN 1     24.42                     28.36  -3.94    34.09

SNOWFALL (IN)
  TODAY            0.0
  MONTH TO DATE    0.0
  SINCE JUN 1      0.0
  SINCE JUL 1      0.0
  SNOW DEPTH       0

DEGREE DAYS
 HEATING
  TODAY            0                         0      0        0
  MONTH TO DATE    0                         0      0        0
  SINCE JUN 1      0                         9     -9        1
  SINCE JUL 1      0                         0      0        0

 COOLING
  TODAY           11                        13     -2       15
  MONTH TO DATE  261                       234     27      227
  SINCE JUN 1   1133                       907    226     1040
  SINCE JAN 1   1253                      1022    231     1182
..................................................................


WIND (MPH)
  HIGHEST WIND SPEED    13   HIGHEST WIND DIRECTION     S (190)
  HIGHEST GUST SPEED    18   HIGHEST GUST DIRECTION     S (180)


SKY COVER
  AVERAGE SKY COVER 0.2


WEATHER CONDITIONS
 THE FOLLOWING WEATHER WAS RECORDED TODAY.
  FOG
  FOG W/VISIBILITY <= 1/4 MILE


RELATIVE HUMIDITY (PERCENT)
 HIGHEST    93           300 AM
 LOWEST     51           200 PM
 AVERAGE    72

..........................................................


THE SPRINGFIELD MO CLIMATE NORMALS FOR TOMORROW
                         NORMAL    RECORD    YEAR
 MAXIMUM TEMPERATURE (F)   89       103      1984
 MINIMUM TEMPERATURE (F)   67        50      1943


SUNRISE AND SUNSET
AUGUST 17 2016........SUNRISE   632 AM CDT   SUNSET   802 PM CDT
AUGUST 18 2016........SUNRISE   633 AM CDT   SUNSET   801 PM CDT


-  INDICATES NEGATIVE NUMBERS.
R  INDICATES RECORD WAS SET OR TIED.
MM INDICATES DATA IS MISSING.
T  INDICATES TRACE AMOUNT.




$$
