000
CDUS43 KSGF 182127
CLISGF


CLIMATE REPORT
NATIONAL WEATHER SERVICE SPRINGFIELD MO
427 PM CDT SUN SEP 18 2016


...................................

...THE SPRINGFIELD MO CLIMATE SUMMARY FOR SEPTEMBER 18 2016...
VALID AS OF 0400 PM LOCAL TIME.

CLIMATE NORMAL PERIOD 1981 TO 2010
CLIMATE RECORD PERIOD 1888 TO 2016


WEATHER ITEM   OBSERVED TIME   RECORD YEAR NORMAL DEPARTURE LAST
                VALUE   (LST)  VALUE       VALUE  FROM      YEAR
                                                  NORMAL
..................................................................
TEMPERATURE (F)
 TODAY
  MAXIMUM         85    259 PM  94    1960  79      6       89
  MINIMUM         62    428 AM  37    1981  57      5       70
                                      1973
  AVERAGE         74                        68      6       80

PRECIPITATION (IN)
  TODAY            0.00          2.16 1949   0.15  -0.15      T
  MONTH TO DATE    3.70                      2.79   0.91     4.04
  SINCE SEP 1      3.70                      2.79   0.91     4.04
  SINCE JAN 1     29.32                     32.90  -3.58    39.56

SNOWFALL (IN)
  TODAY            0.0
  MONTH TO DATE    0.0
  SINCE SEP 1      0.0
  SINCE JUL 1      0.0
  SNOW DEPTH       0

DEGREE DAYS
 HEATING
  TODAY            0                         2     -2        0
  MONTH TO DATE    0                        13    -13        8
  SINCE SEP 1      0                        13    -13        8
  SINCE JUL 1      0                        15    -15       11

 COOLING
  TODAY            9                         5      4       15
  MONTH TO DATE  178                       131     47      196
  SINCE SEP 1    178                       131     47      196
  SINCE JAN 1   1610                      1317    293     1465
..................................................................


WIND (MPH)
  HIGHEST WIND SPEED    10   HIGHEST WIND DIRECTION    SW (240)
  HIGHEST GUST SPEED    14   HIGHEST GUST DIRECTION     S (190)


SKY COVER
  AVERAGE SKY COVER 0.2


WEATHER CONDITIONS
 THE FOLLOWING WEATHER WAS RECORDED TODAY.
  NO SIGNIFICANT WEATHER WAS OBSERVED.


RELATIVE HUMIDITY (PERCENT)
 HIGHEST    87          1200 AM
 LOWEST     48           300 PM
 AVERAGE    68

..........................................................


THE SPRINGFIELD MO CLIMATE NORMALS FOR TOMORROW
                         NORMAL    RECORD    YEAR
 MAXIMUM TEMPERATURE (F)   79        96      1954
 MINIMUM TEMPERATURE (F)   56        37      1991


SUNRISE AND SUNSET
SEPTEMBER 18 2016.....SUNRISE   658 AM CDT   SUNSET   716 PM CDT
SEPTEMBER 19 2016.....SUNRISE   659 AM CDT   SUNSET   714 PM CDT


-  INDICATES NEGATIVE NUMBERS.
R  INDICATES RECORD WAS SET OR TIED.
MM INDICATES DATA IS MISSING.
T  INDICATES TRACE AMOUNT.




$$
