201
CDUS43 KSGF 250632
CLISGF


CLIMATE REPORT
NATIONAL WEATHER SERVICE SPRINGFIELD MO
131 AM CDT SUN JUN 25 2017


...................................

...THE SPRINGFIELD MO CLIMATE SUMMARY FOR JUNE 24 2017...

CLIMATE NORMAL PERIOD 1981 TO 2010
CLIMATE RECORD PERIOD 1888 TO 2017


WEATHER ITEM   OBSERVED TIME   RECORD YEAR NORMAL DEPARTURE LAST
                VALUE   (LST)  VALUE       VALUE  FROM      YEAR
                                                  NORMAL
..................................................................
TEMPERATURE (F)
 YESTERDAY
  MAXIMUM         78    413 PM  99    1988  86     -8       85
  MINIMUM         57    521 AM  45    1961  65     -8       71
  AVERAGE         68                        76     -8       78

PRECIPITATION (IN)
  YESTERDAY        0.00          2.16 1906   0.17  -0.17     0.21
  MONTH TO DATE    3.37                      3.93  -0.56     3.44
  SINCE JUN 1      3.37                      3.93  -0.56     3.44
  SINCE JAN 1     32.07                     21.96  10.11    14.69

SNOWFALL (IN)
  YESTERDAY        0.0
  MONTH TO DATE    0.0
  SINCE JUN 1      0.0
  SINCE JUL 1      1.8
  SNOW DEPTH       0

DEGREE DAYS
 HEATING
  YESTERDAY        0                         0      0        0
  MONTH TO DATE    0                         7     -7        0
  SINCE JUN 1      0                         7     -7        0
  SINCE JUL 1   3355                      4576  -1221     3629

 COOLING
  YESTERDAY        3                        11     -8       13
  MONTH TO DATE  220                       196     24      306
  SINCE JUN 1    220                       196     24      306
  SINCE JAN 1    368                       311     57      426
..................................................................


WIND (MPH)
  HIGHEST WIND SPEED    18   HIGHEST WIND DIRECTION    NW (330)
  HIGHEST GUST SPEED    22   HIGHEST GUST DIRECTION    NW (320)
  AVERAGE WIND SPEED     6.0


SKY COVER
  AVERAGE SKY COVER 0.0


WEATHER CONDITIONS
 THE FOLLOWING WEATHER WAS RECORDED YESTERDAY.
  NO SIGNIFICANT WEATHER WAS OBSERVED.


RELATIVE HUMIDITY (PERCENT)
 HIGHEST    90           600 AM
 LOWEST     38           600 PM
 AVERAGE    64

..........................................................


THE SPRINGFIELD MO CLIMATE NORMALS FOR TODAY
                         NORMAL    RECORD    YEAR
 MAXIMUM TEMPERATURE (F)   86        99      2012
                                             1971
                                             1954
 MINIMUM TEMPERATURE (F)   66        44      1974


SUNRISE AND SUNSET
JUNE 25 2017..........SUNRISE   555 AM CDT   SUNSET   838 PM CDT
JUNE 26 2017..........SUNRISE   555 AM CDT   SUNSET   838 PM CDT


-  INDICATES NEGATIVE NUMBERS.
R  INDICATES RECORD WAS SET OR TIED.
MM INDICATES DATA IS MISSING.
T  INDICATES TRACE AMOUNT.




$$
